{"id":87944,"date":"2021-02-02T15:17:41","date_gmt":"2021-02-02T15:17:41","guid":{"rendered":"https:\/\/www.stellenanzeigen.de\/careeasy\/?page_id=87944"},"modified":"2023-10-06T10:59:07","modified_gmt":"2023-10-06T08:59:07","slug":"vorlage-student-in","status":"publish","type":"page","link":"https:\/\/www.stellenanzeigen.de\/careeasy\/lebenslauf-vorlagen\/vorlage-student-in\/","title":{"rendered":"Lebenslauf-Vorlage f\u00fcr Studenten und Studentinnen"},"content":{"rendered":"<figure id=\"attachment_87949\" aria-describedby=\"caption-attachment-87949\" style=\"width: 724px\" class=\"wp-caption alignnone\"><img loading=\"lazy\" decoding=\"async\" class=\"size-full wp-image-87949\" src=\"https:\/\/www.stellenanzeigen.de\/careeasy\/wp-content\/uploads\/2021\/02\/Lebenslauf-Vorlagen-Student.jpg\" alt=\"Lebenslauf-Muster Student\" width=\"724\" height=\"483\" srcset=\"https:\/\/www.stellenanzeigen.de\/careeasy\/wp-content\/uploads\/2021\/02\/Lebenslauf-Vorlagen-Student.jpg 724w, https:\/\/www.stellenanzeigen.de\/careeasy\/wp-content\/uploads\/2021\/02\/Lebenslauf-Vorlagen-Student-272x182.jpg 272w\" sizes=\"auto, (max-width: 724px) 100vw, 724px\" \/><figcaption id=\"caption-attachment-87949\" class=\"wp-caption-text\">Muster-Lebenslauf f\u00fcr Studenten und Studentinnen &#8211; Copyright: demaerre<\/figcaption><\/figure>\r\n<p>Studenten und Studentinnen haben es nach dem erfolgreichen Abschluss nicht immer leicht, den perfekten Arbeitgeber zu finden. H\u00e4ufig werden <a href=\"https:\/\/www.stellenanzeigen.de\/jobs\/praktikum\/\">Praktikumsstellen<\/a> angeboten und bis man in einer festen Stelle Fu\u00df fasst, kann es eine Weile dauern. Deine <a href=\"https:\/\/www.stellenanzeigen.de\/careeasy\/bewerbung\/\">Bewerbung<\/a> und dein Lebenslauf m\u00fcssen daher etwas Besonderes sein. Nur wenn du gleich \u00fcberzeugen kannst, hast du gute Chancen auf einen sicheren Job. Mit Tipps und Tricks und mit einer professionellen Lebenslauf-Vorlage von stellenanzeigen.de gelingt es dir, eine perfekte Bewerbung f\u00fcr deinen Traumjob zu erstellen. Nutze unsere kostenlosen Muster f\u00fcr Lebensl\u00e4ufe und \u00fcberzeuge deine zuk\u00fcnftigen Chef\/innen.<\/p>\r\n\r\n<div class=\"wp-block-columns alignwide pdf-teaser is-layout-flex wp-container-core-columns-is-layout-9d6595d7 wp-block-columns-is-layout-flex\">\r\n<div class=\"wp-block-column pdf-thumbnail is-layout-flow wp-block-column-is-layout-flow\" style=\"flex-basis: 35%;\">\r\n<div class=\"wp-block-image\">\r\n<figure class=\"aligncenter size-large\">\r\n<figure id=\"attachment_87501\" aria-describedby=\"caption-attachment-87501\" style=\"width: 300px\" class=\"wp-caption alignnone\"><img loading=\"lazy\" decoding=\"async\" class=\"wp-image-87501 size-full\" src=\"https:\/\/www.stellenanzeigen.de\/careeasy\/wp-content\/uploads\/2021\/01\/Lebenslauf-Vorlage-Student-Berufseinsteiger-pdf-image.jpg\" alt=\"Lebenslauf Muster f\u00fcr Studenten\" width=\"300\" height=\"424\" \/><figcaption id=\"caption-attachment-87501\" class=\"wp-caption-text\">Lebenslauf-Vorlage f\u00fcr Studenten<\/figcaption><\/figure>\r\n<\/figure>\r\n<\/div>\r\n\r\n\r\n<\/div>\r\n\r\n\r\n\r\n<div class=\"wp-block-column teaser-box is-layout-flow wp-block-column-is-layout-flow\" style=\"flex-basis: 65%;\">\r\n<p>Du bist endlich Studien-Absolvent oder Studien-Absolventin? Dann brauchst du nur noch eine Bewerbung, die deinen zuk\u00fcnftigen Arbeitgeber \u00fcberzeugt. Hier bist du nur ein paar Klicks von einer professionellen Lebenslauf-Vorlage entfernt: Einfach kostenlos herunterladen und deine Angaben anpassen.<\/p>\r\n\r\n\r\n\r\n<div class=\"wp-block-buttons is-layout-flex wp-block-buttons-is-layout-flex\">\r\n<div class=\"wp-block-button\"><a class=\"wp-block-button__link has-background no-border-radius\" style=\"background-color: #2b85b9;\" href=\"https:\/\/www.stellenanzeigen.de\/careeasy\/wp-content\/uploads\/2021\/01\/Lebenslauf-Vorlage-Student-Berufseinsteiger.pdf\">Vorlage Anfordern<\/a><\/div>\r\n<\/div>\r\n<\/div>\r\n<\/div>\r\n<!-- \/wp:post-content -->\r\n<h3><strong>Der Lebenslauf f\u00fcr Studierende \u2013 gute Bewerbung, gute Karrierechancen<\/strong><\/h3>\r\n<p>Zeige deinem potenziellen Arbeitgeber, dass du flei\u00dfig und zielstrebig bist. Dies erreichst du am besten mit dem \u00fcbersichtlichen Studenten-Lebenslauf. Wenn du die Zeit des Studiums nutzen konntest und <strong>Praktika oder weitere <a href=\"https:\/\/www.stellenanzeigen.de\/jobs\/nebenjob\/\">Nebenjobs<\/a><\/strong> aus\u00fcben konntes, dann gebe diese Arbeitsstellen und den Bereich unbedingt an, auch die zugeh\u00f6rigen Zeitr\u00e4ume. Somit kannst du gleich mit der Bewerbung punkten und zeigen, dass du bereits \u00fcber zahlreiche Kenntnisse und Fertigkeiten verf\u00fcgst und zum Bachelor- oder Masterabschluss, auch praktisch einiges auf dem Kasten hast. Theoretiker und Theoretikerinnen gibt es viele, Tausende verlassen die Universit\u00e4t und Fachhochschule jedes Jahr. Auch durch <strong>Auslandssemester<\/strong> kannst du dich abheben und erworbene Sprachkenntnisse angeben. Zeige, dass du innovativ, offen, ehrgeizig und motiviert bist und bereits \u00fcber viel Fachwissen verf\u00fcgst. Somit kannst du deine Praktikumszeit verk\u00fcrzen, die viele Betriebe nach dem Studium fordern und schneller in ein sicheres Arbeitsverh\u00e4ltnis eintreten.<\/p>\r\n<h3><strong>Ob Studienerfolg oder Studienabbruch \u2013 der Lebenslauf f\u00fcr Studenten und Studentinnen ist l\u00fcckenlos<\/strong><\/h3>\r\n<p>Der <strong>l\u00fcckenlose <a class=\"wpil_keyword_link\" href=\"https:\/\/www.stellenanzeigen.de\/careeasy\/lebenslauf-vorlagen-sde106864\/\"   title=\"Lebenslauf\" data-wpil-keyword-link=\"linked\">Lebenslauf<\/a><\/strong> ist das A und O, denn wer Zeitr\u00e4ume einfach wegl\u00e4sst, der zeigt Desinteresse und Fehlerhaftigkeit. Diese sind in einem Betrieb nicht gerne gesehen, weshalb du unbedingt darauf achten solltest. Dies gilt auch f\u00fcr Studienabbr\u00fcche, den Wechsel in einen anderen Studiengang oder \u00e4hnliches. <strong>Ehrlichkeit<\/strong> ist hier das beste Mittel zum Zweck. Schildere in kurzen S\u00e4tzen, warum du gewechselt oder abgebrochen hast und lasse keine offenen Fragen. Wenn du dein Studium erfolgreich abgeschlossen hast, vergiss auch nicht die Wartezeit vor dem Studium mit anzugeben. Denn alle Fort- und <a href=\"https:\/\/www.stellenanzeigen.de\/jobs\/weiterbildung\/\">Weiterbildungsma\u00dfnahmen<\/a>, die w\u00e4hrend der Warte- oder Studienzeit absolviert wurden, geh\u00f6ren in den Lebenslauf f\u00fcr Studenten und Studentinnen. Hast du die freie Zeit, wie die Semesterferien, sinnvoll genutzt und dich weitergebildet oder praktische Erfahrungen gesammelt? Bleibe immer bei der Wahrheit, denn nicht selten wollen die Betriebe Nachweise, die Immatrikulation oder Exmatrikulation sehen.<\/p>\r\n<h3><strong>Perfekter Aufbau f\u00fcr den Studenten-Lebenslauf<\/strong><\/h3>\r\n<p>Der Studentenlebenslauf sollte in <strong>tabellarischer und strukturierter Form<\/strong> vorgelegt werden. Neben deinen pers\u00f6nlichen Kontaktdaten gibst du den letzten und h\u00f6chsten Bildungsabschluss an, also deinen Studienabschluss und ggf. deinen Schulabschluss. Besondere Interessen solltest du an den ausgesuchten Berufswunsch kn\u00fcpfen und soziale <strong>Kompetenzen und Engagement<\/strong> in der Gemeinschaft besonders hervorheben. Die Interessen haben mehr Gewicht, als Bewerber\/innen zu glauben meinen. Die F\u00e4higkeiten aus den Interessen, wie z. B. Teamgeist und Einf\u00fchlungsverm\u00f6gen, lassen sich gut auf den Berufswunsch \u00fcbertragen und gegen\u00fcberstellen. Der perfekte Lebenslauf f\u00fcr Studenten und Studentinnen sollte eine gewisse Geradlinigkeit zeigen. Durch Fettmarkierung der \u00dcberschriften und eine <strong>gut leserliche Schriftart<\/strong> lassen sich Fehler in der Gestaltung vermeiden. Wechsle nicht zwischen den Schriftgr\u00f6\u00dfen hin und her, sondern entscheide dich f\u00fcr eine auff\u00e4lligere Schriftgr\u00f6\u00dfe bei den \u00dcberschriften und eine kleinere von etwa 12 Punkten f\u00fcr die Inhalte. In der linken Spalte gibst du die Zeitr\u00e4ume an und rechts kannst du die \u00dcberschriften und Inhalte platzieren. Ein Foto ist zwar heutzutage nicht zwingend erforderlich, dennoch ist es bei HR-Mitarbeitenden sehr beliebt. Hol dir einfach unser modernes Lebenslauf-Muster f\u00fcr Studierende und erg\u00e4nze deine Angaben!<\/p>\r\n<h3><strong>Besonderheiten hervorheben und Pluspunkte sammeln<\/strong><\/h3>\r\n<p>Dein Lebenslauf hebt sich von anderen hervor, wenn du in und w\u00e4hrend der Studienzeit <strong>besonderen T\u00e4tigkeiten<\/strong> nachgegangen bist. Egal, in welchem Fachbereich du studiert hast, du hast nahezu in jedem Studiengang die M\u00f6glichkeit, <a href=\"https:\/\/www.stellenanzeigen.de\/jobs\/ausland\/\">Auslandsaufenthalte<\/a> oder Praktika zu absolvieren. Diese kannst du sinnvoll in der Bewerbung einbringen und mit Hilfe einer extra Spalte zum Ausdruck bringen. Erkl\u00e4re kurz und b\u00fcndig, welche Besonderheiten du mit auf den Weg nehmen konntest und ob du <strong>Sprachkenntnisse<\/strong> aus den Aufenthalten mitnehmen konntest. Zeige Offenheit, Reisebereitschaft und Motivation, neue Dinge anzugehen. Mit einer <a href=\"https:\/\/www.stellenanzeigen.de\/careeasy\/lebenslauf\/\">Mustervorlage von www.stellenanzeigen.de<\/a>, hast du einen gutgegliederten Lebenslauf zur Hand, der deine besonderen F\u00e4higkeiten herauskristallisiert.<\/p>","protected":false},"excerpt":{"rendered":"<p>Studenten und Studentinnen haben es nach dem erfolgreichen Abschluss nicht immer leicht, den perfekten Arbeitgeber zu finden. H\u00e4ufig werden Praktikumsstellen angeboten und bis man&#8230;<\/p>\n","protected":false},"author":111,"featured_media":0,"parent":87154,"menu_order":0,"comment_status":"closed","ping_status":"closed","template":"","meta":{"_uag_custom_page_level_css":"","footnotes":""},"categories":[],"tags":[],"class_list":["post-87944","page","type-page","status-publish","hentry","entry","post-no-thumbnail"],"yoast_head":"<!-- This site is optimized with the Yoast SEO plugin v27.5 - https:\/\/yoast.com\/product\/yoast-seo-wordpress\/ -->\n<title>Lebenslauf-Vorlage f\u00fcr Studenten und Absolventen | careeasy<\/title>\n<meta name=\"description\" content=\"Das lange Studium hat sich gelohnt - ab in den gut bezahlten Job! Bei deiner Bewerbung helfen wir dir mit unseren \u270e kostenlosen Lebenslauf-Vorlagen.\" \/>\n<meta name=\"robots\" content=\"index, follow, max-snippet:-1, max-image-preview:large, max-video-preview:-1\" \/>\n<link rel=\"canonical\" href=\"https:\/\/www.stellenanzeigen.de\/careeasy\/lebenslauf-vorlagen\/vorlage-student-in\/\" \/>\n<meta property=\"og:locale\" content=\"de_DE\" \/>\n<meta property=\"og:type\" content=\"article\" \/>\n<meta property=\"og:title\" content=\"Lebenslauf-Vorlage f\u00fcr Studenten und Absolventen | careeasy\" \/>\n<meta property=\"og:description\" content=\"Das lange Studium hat sich gelohnt - ab in den gut bezahlten Job! Bei deiner Bewerbung helfen wir dir mit unseren \u270e kostenlosen Lebenslauf-Vorlagen.\" \/>\n<meta property=\"og:url\" content=\"https:\/\/www.stellenanzeigen.de\/careeasy\/lebenslauf-vorlagen\/vorlage-student-in\/\" \/>\n<meta property=\"og:site_name\" content=\"careeasy - Dein Karrieremagazin\" \/>\n<meta property=\"article:publisher\" content=\"https:\/\/www.facebook.com\/stellenanzeigen.de\/\" \/>\n<meta property=\"article:modified_time\" content=\"2023-10-06T08:59:07+00:00\" \/>\n<meta property=\"og:image\" content=\"https:\/\/www.stellenanzeigen.de\/careeasy\/wp-content\/uploads\/2021\/02\/Lebenslauf-Vorlagen-Student.jpg\" \/>\n<meta name=\"twitter:label1\" content=\"Gesch\u00e4tzte Lesezeit\" \/>\n\t<meta name=\"twitter:data1\" content=\"4\u00a0Minuten\" \/>\n<script type=\"application\/ld+json\" class=\"yoast-schema-graph\">{\"@context\":\"https:\\\/\\\/schema.org\",\"@graph\":[{\"@type\":\"WebPage\",\"@id\":\"https:\\\/\\\/www.stellenanzeigen.de\\\/careeasy\\\/lebenslauf-vorlagen\\\/vorlage-student-in\\\/\",\"url\":\"https:\\\/\\\/www.stellenanzeigen.de\\\/careeasy\\\/lebenslauf-vorlagen\\\/vorlage-student-in\\\/\",\"name\":\"Lebenslauf-Vorlage f\u00fcr Studenten und Absolventen | careeasy\",\"isPartOf\":{\"@id\":\"https:\\\/\\\/www.stellenanzeigen.de\\\/careeasy\\\/#website\"},\"primaryImageOfPage\":{\"@id\":\"https:\\\/\\\/www.stellenanzeigen.de\\\/careeasy\\\/lebenslauf-vorlagen\\\/vorlage-student-in\\\/#primaryimage\"},\"image\":{\"@id\":\"https:\\\/\\\/www.stellenanzeigen.de\\\/careeasy\\\/lebenslauf-vorlagen\\\/vorlage-student-in\\\/#primaryimage\"},\"thumbnailUrl\":\"https:\\\/\\\/www.stellenanzeigen.de\\\/careeasy\\\/wp-content\\\/uploads\\\/2021\\\/02\\\/Lebenslauf-Vorlagen-Student.jpg\",\"datePublished\":\"2021-02-02T15:17:41+00:00\",\"dateModified\":\"2023-10-06T08:59:07+00:00\",\"description\":\"Das lange Studium hat sich gelohnt - ab in den gut bezahlten Job! Bei deiner Bewerbung helfen wir dir mit unseren \u270e kostenlosen Lebenslauf-Vorlagen.\",\"breadcrumb\":{\"@id\":\"https:\\\/\\\/www.stellenanzeigen.de\\\/careeasy\\\/lebenslauf-vorlagen\\\/vorlage-student-in\\\/#breadcrumb\"},\"inLanguage\":\"de\",\"potentialAction\":[{\"@type\":\"ReadAction\",\"target\":[\"https:\\\/\\\/www.stellenanzeigen.de\\\/careeasy\\\/lebenslauf-vorlagen\\\/vorlage-student-in\\\/\"]}]},{\"@type\":\"ImageObject\",\"inLanguage\":\"de\",\"@id\":\"https:\\\/\\\/www.stellenanzeigen.de\\\/careeasy\\\/lebenslauf-vorlagen\\\/vorlage-student-in\\\/#primaryimage\",\"url\":\"https:\\\/\\\/www.stellenanzeigen.de\\\/careeasy\\\/wp-content\\\/uploads\\\/2021\\\/02\\\/Lebenslauf-Vorlagen-Student.jpg\",\"contentUrl\":\"https:\\\/\\\/www.stellenanzeigen.de\\\/careeasy\\\/wp-content\\\/uploads\\\/2021\\\/02\\\/Lebenslauf-Vorlagen-Student.jpg\",\"width\":724,\"height\":483,\"caption\":\"Muster-Lebenslauf f\u00fcr Studenten und Studentinnen - Copyright: demaerre\"},{\"@type\":\"BreadcrumbList\",\"@id\":\"https:\\\/\\\/www.stellenanzeigen.de\\\/careeasy\\\/lebenslauf-vorlagen\\\/vorlage-student-in\\\/#breadcrumb\",\"itemListElement\":[{\"@type\":\"ListItem\",\"position\":1,\"name\":\"Careeasy\",\"item\":\"https:\\\/\\\/www.stellenanzeigen.de\\\/careeasy\\\/\"},{\"@type\":\"ListItem\",\"position\":2,\"name\":\"Lebenslauf: Muster &#038; Vorlagen\",\"item\":\"https:\\\/\\\/www.stellenanzeigen.de\\\/careeasy\\\/lebenslauf-vorlagen\\\/\"},{\"@type\":\"ListItem\",\"position\":3,\"name\":\"Lebenslauf-Vorlage f\u00fcr Studenten und Studentinnen\"}]},{\"@type\":\"WebSite\",\"@id\":\"https:\\\/\\\/www.stellenanzeigen.de\\\/careeasy\\\/#website\",\"url\":\"https:\\\/\\\/www.stellenanzeigen.de\\\/careeasy\\\/\",\"name\":\"careeasy - Dein Karrieremagazin\",\"description\":\"\",\"publisher\":{\"@id\":\"https:\\\/\\\/www.stellenanzeigen.de\\\/careeasy\\\/#organization\"},\"potentialAction\":[{\"@type\":\"SearchAction\",\"target\":{\"@type\":\"EntryPoint\",\"urlTemplate\":\"https:\\\/\\\/www.stellenanzeigen.de\\\/careeasy\\\/?s={search_term_string}\"},\"query-input\":{\"@type\":\"PropertyValueSpecification\",\"valueRequired\":true,\"valueName\":\"search_term_string\"}}],\"inLanguage\":\"de\"},{\"@type\":\"Organization\",\"@id\":\"https:\\\/\\\/www.stellenanzeigen.de\\\/careeasy\\\/#organization\",\"name\":\"careeasy - Dein Karrieremagazin\",\"url\":\"https:\\\/\\\/www.stellenanzeigen.de\\\/careeasy\\\/\",\"logo\":{\"@type\":\"ImageObject\",\"inLanguage\":\"de\",\"@id\":\"https:\\\/\\\/www.stellenanzeigen.de\\\/careeasy\\\/#\\\/schema\\\/logo\\\/image\\\/\",\"url\":\"https:\\\/\\\/www.stellenanzeigen.de\\\/careeasy\\\/wp-content\\\/uploads\\\/2024\\\/03\\\/careeasy_logo.jpg\",\"contentUrl\":\"https:\\\/\\\/www.stellenanzeigen.de\\\/careeasy\\\/wp-content\\\/uploads\\\/2024\\\/03\\\/careeasy_logo.jpg\",\"width\":701,\"height\":223,\"caption\":\"careeasy - Dein Karrieremagazin\"},\"image\":{\"@id\":\"https:\\\/\\\/www.stellenanzeigen.de\\\/careeasy\\\/#\\\/schema\\\/logo\\\/image\\\/\"},\"sameAs\":[\"https:\\\/\\\/www.facebook.com\\\/stellenanzeigen.de\\\/\"]}]}<\/script>\n<!-- \/ Yoast SEO plugin. -->","yoast_head_json":{"title":"Lebenslauf-Vorlage f\u00fcr Studenten und Absolventen | careeasy","description":"Das lange Studium hat sich gelohnt - ab in den gut bezahlten Job! Bei deiner Bewerbung helfen wir dir mit unseren \u270e kostenlosen Lebenslauf-Vorlagen.","robots":{"index":"index","follow":"follow","max-snippet":"max-snippet:-1","max-image-preview":"max-image-preview:large","max-video-preview":"max-video-preview:-1"},"canonical":"https:\/\/www.stellenanzeigen.de\/careeasy\/lebenslauf-vorlagen\/vorlage-student-in\/","og_locale":"de_DE","og_type":"article","og_title":"Lebenslauf-Vorlage f\u00fcr Studenten und Absolventen | careeasy","og_description":"Das lange Studium hat sich gelohnt - ab in den gut bezahlten Job! Bei deiner Bewerbung helfen wir dir mit unseren \u270e kostenlosen Lebenslauf-Vorlagen.","og_url":"https:\/\/www.stellenanzeigen.de\/careeasy\/lebenslauf-vorlagen\/vorlage-student-in\/","og_site_name":"careeasy - Dein Karrieremagazin","article_publisher":"https:\/\/www.facebook.com\/stellenanzeigen.de\/","article_modified_time":"2023-10-06T08:59:07+00:00","og_image":[{"url":"https:\/\/www.stellenanzeigen.de\/careeasy\/wp-content\/uploads\/2021\/02\/Lebenslauf-Vorlagen-Student.jpg","type":"","width":"","height":""}],"twitter_misc":{"Gesch\u00e4tzte Lesezeit":"4\u00a0Minuten"},"schema":{"@context":"https:\/\/schema.org","@graph":[{"@type":"WebPage","@id":"https:\/\/www.stellenanzeigen.de\/careeasy\/lebenslauf-vorlagen\/vorlage-student-in\/","url":"https:\/\/www.stellenanzeigen.de\/careeasy\/lebenslauf-vorlagen\/vorlage-student-in\/","name":"Lebenslauf-Vorlage f\u00fcr Studenten und Absolventen | careeasy","isPartOf":{"@id":"https:\/\/www.stellenanzeigen.de\/careeasy\/#website"},"primaryImageOfPage":{"@id":"https:\/\/www.stellenanzeigen.de\/careeasy\/lebenslauf-vorlagen\/vorlage-student-in\/#primaryimage"},"image":{"@id":"https:\/\/www.stellenanzeigen.de\/careeasy\/lebenslauf-vorlagen\/vorlage-student-in\/#primaryimage"},"thumbnailUrl":"https:\/\/www.stellenanzeigen.de\/careeasy\/wp-content\/uploads\/2021\/02\/Lebenslauf-Vorlagen-Student.jpg","datePublished":"2021-02-02T15:17:41+00:00","dateModified":"2023-10-06T08:59:07+00:00","description":"Das lange Studium hat sich gelohnt - ab in den gut bezahlten Job! Bei deiner Bewerbung helfen wir dir mit unseren \u270e kostenlosen Lebenslauf-Vorlagen.","breadcrumb":{"@id":"https:\/\/www.stellenanzeigen.de\/careeasy\/lebenslauf-vorlagen\/vorlage-student-in\/#breadcrumb"},"inLanguage":"de","potentialAction":[{"@type":"ReadAction","target":["https:\/\/www.stellenanzeigen.de\/careeasy\/lebenslauf-vorlagen\/vorlage-student-in\/"]}]},{"@type":"ImageObject","inLanguage":"de","@id":"https:\/\/www.stellenanzeigen.de\/careeasy\/lebenslauf-vorlagen\/vorlage-student-in\/#primaryimage","url":"https:\/\/www.stellenanzeigen.de\/careeasy\/wp-content\/uploads\/2021\/02\/Lebenslauf-Vorlagen-Student.jpg","contentUrl":"https:\/\/www.stellenanzeigen.de\/careeasy\/wp-content\/uploads\/2021\/02\/Lebenslauf-Vorlagen-Student.jpg","width":724,"height":483,"caption":"Muster-Lebenslauf f\u00fcr Studenten und Studentinnen - Copyright: demaerre"},{"@type":"BreadcrumbList","@id":"https:\/\/www.stellenanzeigen.de\/careeasy\/lebenslauf-vorlagen\/vorlage-student-in\/#breadcrumb","itemListElement":[{"@type":"ListItem","position":1,"name":"Careeasy","item":"https:\/\/www.stellenanzeigen.de\/careeasy\/"},{"@type":"ListItem","position":2,"name":"Lebenslauf: Muster &#038; Vorlagen","item":"https:\/\/www.stellenanzeigen.de\/careeasy\/lebenslauf-vorlagen\/"},{"@type":"ListItem","position":3,"name":"Lebenslauf-Vorlage f\u00fcr Studenten und Studentinnen"}]},{"@type":"WebSite","@id":"https:\/\/www.stellenanzeigen.de\/careeasy\/#website","url":"https:\/\/www.stellenanzeigen.de\/careeasy\/","name":"careeasy - Dein Karrieremagazin","description":"","publisher":{"@id":"https:\/\/www.stellenanzeigen.de\/careeasy\/#organization"},"potentialAction":[{"@type":"SearchAction","target":{"@type":"EntryPoint","urlTemplate":"https:\/\/www.stellenanzeigen.de\/careeasy\/?s={search_term_string}"},"query-input":{"@type":"PropertyValueSpecification","valueRequired":true,"valueName":"search_term_string"}}],"inLanguage":"de"},{"@type":"Organization","@id":"https:\/\/www.stellenanzeigen.de\/careeasy\/#organization","name":"careeasy - Dein Karrieremagazin","url":"https:\/\/www.stellenanzeigen.de\/careeasy\/","logo":{"@type":"ImageObject","inLanguage":"de","@id":"https:\/\/www.stellenanzeigen.de\/careeasy\/#\/schema\/logo\/image\/","url":"https:\/\/www.stellenanzeigen.de\/careeasy\/wp-content\/uploads\/2024\/03\/careeasy_logo.jpg","contentUrl":"https:\/\/www.stellenanzeigen.de\/careeasy\/wp-content\/uploads\/2024\/03\/careeasy_logo.jpg","width":701,"height":223,"caption":"careeasy - Dein Karrieremagazin"},"image":{"@id":"https:\/\/www.stellenanzeigen.de\/careeasy\/#\/schema\/logo\/image\/"},"sameAs":["https:\/\/www.facebook.com\/stellenanzeigen.de\/"]}]}},"uagb_featured_image_src":{"full":false,"thumbnail":false,"medium":false,"medium_large":false,"large":false,"1536x1536":false,"2048x2048":false,"neomag-medium":false,"neomag-big":false,"neomag-large":false,"neomag-huge":false},"uagb_author_info":{"display_name":"Anna Bauder","author_link":"https:\/\/www.stellenanzeigen.de\/careeasy\/author\/annabauder\/"},"uagb_comment_info":0,"uagb_excerpt":"Studenten und Studentinnen haben es nach dem erfolgreichen Abschluss nicht immer leicht, den perfekten Arbeitgeber zu finden. H\u00e4ufig werden Praktikumsstellen angeboten und bis man...","_links":{"self":[{"href":"https:\/\/www.stellenanzeigen.de\/careeasy\/wp-json\/wp\/v2\/pages\/87944","targetHints":{"allow":["GET"]}}],"collection":[{"href":"https:\/\/www.stellenanzeigen.de\/careeasy\/wp-json\/wp\/v2\/pages"}],"about":[{"href":"https:\/\/www.stellenanzeigen.de\/careeasy\/wp-json\/wp\/v2\/types\/page"}],"author":[{"embeddable":true,"href":"https:\/\/www.stellenanzeigen.de\/careeasy\/wp-json\/wp\/v2\/users\/111"}],"replies":[{"embeddable":true,"href":"https:\/\/www.stellenanzeigen.de\/careeasy\/wp-json\/wp\/v2\/comments?post=87944"}],"version-history":[{"count":10,"href":"https:\/\/www.stellenanzeigen.de\/careeasy\/wp-json\/wp\/v2\/pages\/87944\/revisions"}],"predecessor-version":[{"id":112975,"href":"https:\/\/www.stellenanzeigen.de\/careeasy\/wp-json\/wp\/v2\/pages\/87944\/revisions\/112975"}],"up":[{"embeddable":true,"href":"https:\/\/www.stellenanzeigen.de\/careeasy\/wp-json\/wp\/v2\/pages\/87154"}],"wp:attachment":[{"href":"https:\/\/www.stellenanzeigen.de\/careeasy\/wp-json\/wp\/v2\/media?parent=87944"}],"wp:term":[{"taxonomy":"category","embeddable":true,"href":"https:\/\/www.stellenanzeigen.de\/careeasy\/wp-json\/wp\/v2\/categories?post=87944"},{"taxonomy":"post_tag","embeddable":true,"href":"https:\/\/www.stellenanzeigen.de\/careeasy\/wp-json\/wp\/v2\/tags?post=87944"}],"curies":[{"name":"wp","href":"https:\/\/api.w.org\/{rel}","templated":true}]}}