{"id":87400,"date":"2020-11-26T14:39:33","date_gmt":"2020-11-26T14:39:33","guid":{"rendered":"https:\/\/www.stellenanzeigen.de\/careeasy\/?page_id=87400"},"modified":"2023-10-06T10:59:04","modified_gmt":"2023-10-06T08:59:04","slug":"nachhilfelehrer-in","status":"publish","type":"page","link":"https:\/\/www.stellenanzeigen.de\/careeasy\/bewerbung\/nachhilfelehrer-in\/","title":{"rendered":"Bewerbungsvorlage Nachhilfelehrer\/in"},"content":{"rendered":"\n<figure class=\"wp-block-image alignwide size-medium wp-image-85847\"><img decoding=\"async\" src=\"https:\/\/www.stellenanzeigen.de\/careeasy\/wp-content\/uploads\/2020\/11\/Bewerbungsvorlage-Nachhilfelehrerin.jpg\" alt=\"Bewerbungsvorlage Nachhilfelehrerin\" class=\"wp-image-85847\"\/><figcaption>Bewerbungsvorlage Nachhilfelehrer\/in &#8211; Copyright: KatarzynaBialasiewicz<\/figcaption><\/figure>\n\n\n\n<p>Du willst dich als Nachhilfelehrer\/in bewerben, weist aber nicht ganz, wo du anfangen sollst? Auf <strong>Stellenanzeigen.de<\/strong> findest du deine Musterbewerbung und kannst sie kostenlos herunterladen.<\/p><div id=\"ez-toc-container\" class=\"ez-toc-v2_0_62 counter-hierarchy ez-toc-counter ez-toc-grey ez-toc-container-direction\">\n<div class=\"ez-toc-title-container\">\n<p class=\"ez-toc-title \" >Inhaltsverzeichnis<\/p>\n<span class=\"ez-toc-title-toggle\"><\/span><\/div>\n<nav><ul class='ez-toc-list ez-toc-list-level-1 ' ><li class='ez-toc-page-1 ez-toc-heading-level-2'><a class=\"ez-toc-link ez-toc-heading-1\" href=\"https:\/\/www.stellenanzeigen.de\/careeasy\/bewerbung\/nachhilfelehrer-in\/#Bestandteile_der_Bewerbung_als_%E2%80%9ENachhilfelehrerin%E2%80%9C\" title=\"Bestandteile der Bewerbung als \u201eNachhilfelehrer\/in&#8220;\">Bestandteile der Bewerbung als \u201eNachhilfelehrer\/in&#8220;<\/a><\/li><li class='ez-toc-page-1 ez-toc-heading-level-2'><a class=\"ez-toc-link ez-toc-heading-2\" href=\"https:\/\/www.stellenanzeigen.de\/careeasy\/bewerbung\/nachhilfelehrer-in\/#Aktuelle_Stellenangebote_fuer_Lehrerin\" title=\"Aktuelle Stellenangebote f\u00fcr Lehrer\/in\">Aktuelle Stellenangebote f\u00fcr Lehrer\/in<\/a><\/li><li class='ez-toc-page-1 ez-toc-heading-level-2'><a class=\"ez-toc-link ez-toc-heading-3\" href=\"https:\/\/www.stellenanzeigen.de\/careeasy\/bewerbung\/nachhilfelehrer-in\/#Vorbereitung_auf_das_Vorstellungsgespraech\" title=\"Vorbereitung auf das Vorstellungsgespr\u00e4ch\">Vorbereitung auf das Vorstellungsgespr\u00e4ch<\/a><\/li><li class='ez-toc-page-1 ez-toc-heading-level-2'><a class=\"ez-toc-link ez-toc-heading-4\" href=\"https:\/\/www.stellenanzeigen.de\/careeasy\/bewerbung\/nachhilfelehrer-in\/#Fragen_und_Antwortmoeglichkeiten_im_Vorstellungsgespraech\" title=\"Fragen und Antwortm\u00f6glichkeiten im Vorstellungsgespr\u00e4ch\">Fragen und Antwortm\u00f6glichkeiten im Vorstellungsgespr\u00e4ch<\/a><\/li><\/ul><\/nav><\/div>\n\n\n\n\n<div class=\"wp-block-columns alignwide pdf-teaser is-layout-flex wp-container-5\">\n<div class=\"wp-block-column pdf-thumbnail is-layout-flow\" style=\"flex-basis:35%\">\n<div class=\"wp-block-image\"><figure class=\"aligncenter size-large\"><img decoding=\"async\" loading=\"lazy\" width=\"300\" height=\"424\" src=\"https:\/\/www.stellenanzeigen.de\/careeasy\/wp-content\/uploads\/2020\/11\/Bewerbungsvorlage-Nachhilfelehrer-pdf-image.jpg\" alt=\"Bewerbungsvorlage Nachhilfelehrer\/in-thumbnail\" class=\"wp-image-87399\"\/><\/figure><\/div>\n\n\n\n<p><\/p>\n<\/div>\n\n\n\n<div class=\"wp-block-column teaser-box is-layout-flow\" style=\"flex-basis:65%\">\n<p>Egal, wie du sie dann gestalten m\u00f6chtest \u2013 ob modern, klassisch oder elegant \u2013 dieses Bewerbungsmuster dient dir als Vorlage. Somit hast du weniger Arbeit und kannst dich auf den Gesamteindruck deiner Bewerbung konzentrieren.<\/p>\n\n\n\n<div class=\"wp-block-buttons is-layout-flex\">\n<div class=\"wp-block-button\"><a class=\"wp-block-button__link has-background no-border-radius\" href=\"https:\/\/www.stellenanzeigen.de\/careeasy\/bewerbung\/nachhilfelehrer-in\/#pdf-download\" style=\"background-color:#2b85b9\">Vorlage Anfordern<\/a><\/div>\n<\/div>\n<\/div>\n<\/div>\n\n\n<h2><span class=\"ez-toc-section\" id=\"Bestandteile_der_Bewerbung_als_%E2%80%9ENachhilfelehrerin%E2%80%9C\"><\/span>Bestandteile der Bewerbung als \u201eNachhilfelehrer\/in&#8220;<span class=\"ez-toc-section-end\"><\/span><\/h2>\n<p>Die wichtigsten Bestandteile jeder Bewerbung sind die Folgenden:<\/p>\n<ul>\n<li>Das Anschreiben<\/li>\n<li>Dein <a class=\"wpil_keyword_link\" href=\"https:\/\/www.stellenanzeigen.de\/careeasy\/lebenslauf-vorlagen-sde106864\/\"   title=\"Lebenslauf\" data-wpil-keyword-link=\"linked\">Lebenslauf<\/a><\/li>\n<li>Zeugnisse, meistens Maturazeugnis oder Unizeugnisse<\/li>\n<li>Kursbest\u00e4tigungen, Auszeichnungen, eventuelle Referenzen<\/li>\n<\/ul>\n<p>Das Anschreiben solltest du auf jeden Fall immer neu schreiben und nicht f\u00fcr zuk\u00fcnftige Bewerbungen wiederverwenden. Jeder Arbeitgeber ist anders und es wird auffallen, wenn du ein 0815-Anschreiben verschickst. Im Gegensatz dazu kannst du deinen Lebenslauf immer wiederverwenden, es sei denn du m\u00f6chtest f\u00fcr einen bestimmten Arbeitgeber bestimmte Erfahrungen besonders hervorheben.<\/p>\n<p>Als Nachhilfelehrer\/in sind neben dem Anschreiben und dem Lebenslauf <strong>Referenzen<\/strong> wichtig. Wo hast du schon in einer \u00e4hnlichen Stelle gearbeitet? Wer kann das best\u00e4tigen? Es ist hilfreich, wenn du vom alten Arbeitgeber zum Beispiel ein Arbeitszeugnis ausgestellt bekommst. Dieses kann dir helfen, einen neuen Job zu bekommen, vor allem dann, wenn dein alter Arbeitgeber auf dem Markt etabliert ist.<\/p>\n<h2><span class=\"ez-toc-section\" id=\"Aktuelle_Stellenangebote_fuer_Lehrerin\"><\/span><a href=\"https:\/\/www.stellenanzeigen.de\/jobs\/lehrer-in\/\" target=\"_blank\" rel=\"noopener noreferrer\">Aktuelle Stellenangebote f\u00fcr Lehrer\/in<\/a><span class=\"ez-toc-section-end\"><\/span><\/h2>\n<hr>\n<div id=\"suchwidgetErgebnisliste\">&nbsp;<\/div>\n<div id=\"StellenanzeigenSuchwidget\" tabindex=\"-1\">&nbsp;<\/div>\n<p><script><br \/>\n  var config = {<br \/>\n    apiKey : 'FBEB08FBC7BB75349E26C51C530F79BF',<br \/>\n    resultsPerPage : 3,<br \/>\n    searchRadius : 60,<br \/>\n    fulltext : 'Lehrerin',<br \/>\n    city : null,<br \/>\n    category : null,<br \/>\n    subCategories : null<br \/>\n  };<br \/>\n<\/script><script type=\"text\/javascript\" src=\"https:\/\/app.stellenanzeigen.de\/widget\/init.js\"><\/script><\/p>\n<hr>\n<h2><span class=\"ez-toc-section\" id=\"Vorbereitung_auf_das_Vorstellungsgespraech\"><\/span>Vorbereitung auf das Vorstellungsgespr\u00e4ch<span class=\"ez-toc-section-end\"><\/span><\/h2>\n<p>Du bist vor dem Vorstellungsgespr\u00e4ch nerv\u00f6s und m\u00f6chtest es eigentlich nur schnell hinter dich bringen? Das wird deinem Gespr\u00e4chspartner auf jeden Fall auffallen. Versuche, <strong>dich zu entspannen<\/strong>, indem du dich richtig auf das Gespr\u00e4ch vorbereitest.<\/p>\n<p>Daf\u00fcr kann es hilfreich sein, den m\u00f6glichen Verlauf des Gespr\u00e4chs mit einem Freund oder einer Freundin zu \u00fcben. Schreibe dir auf, was du sagen m\u00f6chtest und gehe das Gespr\u00e4ch im Gedanken durch. Danach k\u00f6nnt ihr es \u00fcben, indem ihr die beiden Rollen annehmt und euch danach abwechselt. So kommst du vielleicht auf Fragen, die dir gestellt werden k\u00f6nnen.<\/p>\n<p>Gehe auch deinen Lebenslauf noch einmal durch. Gibt es darin L\u00fccken? Wenn ja, dann \u00fcberlege dir, was du dar\u00fcber sagen m\u00f6chtest. \u00dcberlege au\u00dferdem,<strong> welche vergangenen Jobs du besonders hervorheben m\u00f6chtest und welche deiner Erfahrungen f\u00fcr den zuk\u00fcnftigen Job infrage kommen<\/strong>.<\/p>\n<p>Auch dein Aussehen spielt eine wichtige Rolle, denn es ist der erste Eindruck, der z\u00e4hlt. Ziehe dich etwas an, was elegant ist und worin du dich trotzdem wohlf\u00fchlst. Wenn du etwas tr\u00e4gst, worin du dich nicht selbstsicher f\u00fchlst, beeinflusst das den Verlauf des Gespr\u00e4chs. Du k\u00f6nntest dich auch dar\u00fcber informieren, was andere Nachhilfelehrer\/innen tragen.<\/p>\n<h2><span class=\"ez-toc-section\" id=\"Fragen_und_Antwortmoeglichkeiten_im_Vorstellungsgespraech\"><\/span>Fragen und Antwortm\u00f6glichkeiten im Vorstellungsgespr\u00e4ch<span class=\"ez-toc-section-end\"><\/span><\/h2>\n<p>Abgesehen von den klassischen Fragen wie \u201eWas sind Ihre St\u00e4rken und Schw\u00e4chen?\u201c oder \u201eWo sehen Sie sich in f\u00fcnf Jahren?\u201c gibt es einige Fragen, die besonders f\u00fcr die Bewerbung als Nachhilfelehrer\/in interessant sein k\u00f6nnten. Wir haben sie f\u00fcr dich aufgelistet und beantwortet.<\/p>\n<p><strong>1. \u201eWie gehst du damit um, wenn ein Sch\u00fcler oder eine Sch\u00fclerin es nach dreimal erkl\u00e4ren immer noch nicht versteht?\u201c<br><\/strong><\/p>\n<p>Auf diese Frage solltest du <strong>vorsichtig antworten<\/strong>. Du k\u00f6nntest zum Beispiel sagen: \u201eNun, jeder lernt anders. Manche brauchen einfach ein bisschen l\u00e4nger, um etwas zu verstehen. Ich w\u00fcrde versuchen herauszufinden, woran es scheitert.\u201c<\/p>\n<p><strong>2. \u201eK\u00f6nntest du dir vorstellen, auch mehrere Sch\u00fclerInnen gleichzeitig zu unterrichten?\u201c<\/strong><\/p>\n<p>Hier k\u00f6nntest du mit einem einfachem \u201eJa\u201c antworten. Wenn du noch nicht genug Erfahrung hast, sag einfach: \u201eJa, aber ich m\u00f6chte mit einem anfangen.\u201c<\/p>\n<p><strong>3. \u201eWas macht eine\/n gute\/n Nachhilfelehrer\/in aus?\u201c<\/strong><\/p>\n<p>Auf diese Frage gibt es viele m\u00f6gliche Antworten. Ein Beispiel w\u00e4re: \u201eIch denke, dass Geduld die wichtigste Eigenschaft ist.\u201c<\/p>\n<div id=\"pdf-download\" class=\"wp-block-group alignwide\">\n<div class=\"wp-block-group__inner-container\">\n<div class=\"wp-block-columns pdf-download\">&nbsp;<\/div>\n<\/div>\n<\/div>\n\n\n<div class=\"wp-block-group alignwide\" id=\"pdf-download\"><div class=\"wp-block-group__inner-container is-layout-flow\">\n<div class=\"wp-block-columns pdf-download is-layout-flex wp-container-8\">\n<div class=\"wp-block-column pdf-thumbnail is-layout-flow\" style=\"flex-basis:35%\">\n<figure class=\"wp-block-image size-large\"><img decoding=\"async\" loading=\"lazy\" width=\"300\" height=\"424\" src=\"https:\/\/www.stellenanzeigen.de\/careeasy\/wp-content\/uploads\/2020\/11\/Bewerbungsvorlage-Nachhilfelehrer-pdf-image.jpg\" alt=\"Bewerbungsvorlage Nachhilfelehrer\/in\" class=\"wp-image-87399\"\/><\/figure>\n<\/div>\n\n\n\n<div class=\"wp-block-column subscribe-box is-layout-flow\" style=\"flex-basis:65%\">\n\t\t\t\n\t\t\t<form id=\"sib_signup_form_42\" method=\"post\" class=\"sib_signup_form\">\n\t\t\t\t<div class=\"sib_loader\" style=\"display:none;\"><img\n\t\t\t\t\t\t\tsrc=\"https:\/\/www.stellenanzeigen.de\/careeasy\/wp-includes\/images\/spinner.gif\" alt=\"loader\"><\/div>\n\t\t\t\t<input type=\"hidden\" name=\"sib_form_action\" value=\"subscribe_form_submit\">\n\t\t\t\t<input type=\"hidden\" name=\"sib_form_id\" value=\"42\">\n                <input type=\"hidden\" name=\"sib_form_alert_notice\" value=\"Bitte f\u00fclle das Feld aus\">\n                <input type=\"hidden\" name=\"sib_form_invalid_email_notice\" value=\"Deine E-Mail Adresse ist ung\u00fcltig\">\n                <input type=\"hidden\" name=\"sib_security\" value=\"d016a770ac\">\n\t\t\t\t<div class=\"sib_signup_box_inside_42\">\n\t\t\t\t\t<div style=\"\/*display:none*\/\" class=\"sib_msg_disp\">\n\t\t\t\t\t<\/div>\n                    \t\t\t\t\t<p style=\"font-size:21px;text-align:left;font-family: 'Helvetica',sans-serif;color:#2b85b9;background-color:transparent\"><strong>Jetzt Bewerbungsvorlage als Nachhilfelehrer\/in anfordern und f\u00fcr den Newsletter anmelden<\/strong><\/p>\r\n<p class=\"sib-email-area\">\r\n    <label>E-Mail-Adresse <span style=\"color: red\">*<\/span><\/label>\r\n    <input type=\"email\" class=\"sib-email-area\" name=\"email\" required=\"required\" placeholder=\"E-Mail-Adresse\">\r\n<\/p>\r\n<p class=\"sib-terms\"><input type=\"checkbox\" name=\"terms\" required=\"required\"><label>Ich bin damit einverstanden, dass meine E-Mailadresse f\u00fcr Werbezwecke per Newsletter genutzt wird und akzeptiere die <a href=\"https:\/\/www.stellenanzeigen.de\/arbeitgeber\/datenschutzerklaerung\/\">Datenschutzerkl\u00e4rung <span style=\"color: red\">*<\/span><\/a><\/label><\/p>\r\n<p style=\"font-size:12px;text-align:left;font-family: 'Helvetica',sans-serif;color:#8390A4\">Du kannst den Newsletter jederzeit \u00fcber den Abmeldelink in der Fu\u00dfzeile unserer E-Mails abbestellen.<\/p>\r\n<input type=\"submit\" class=\"sib-default-btn\" value=\"Bewerbungsvorlage anfordern\">\t\t\t\t<\/div>\n\t\t\t<\/form>\n\t\t\t<style>\n\t\t\t\tform#sib_signup_form_42 p.sib-alert-message {\n    padding: 6px 12px;\n    margin-bottom: 20px;\n    border: 1px solid transparent;\n    border-radius: 4px;\n    -webkit-box-sizing: border-box;\n    -moz-box-sizing: border-box;\n    box-sizing: border-box;\n}\nform#sib_signup_form_42 p.sib-alert-message-error {\n    background-color: #f2dede;\n    border-color: #ebccd1;\n    color: #a94442;\n}\nform#sib_signup_form_42 p.sib-alert-message-success {\n    background-color: #dff0d8;\n    border-color: #d6e9c6;\n    color: #3c763d;\n}\nform#sib_signup_form_42 p.sib-alert-message-warning {\n    background-color: #fcf8e3;\n    border-color: #faebcc;\n    color: #8a6d3b;\n}\n\t\t\t<\/style>\n\t\t\t\n<\/div>\n<\/div>\n<\/div><\/div>\n","protected":false},"excerpt":{"rendered":"<p>Du willst dich als Nachhilfelehrer\/in bewerben, weist aber nicht ganz, wo du anfangen sollst? Auf Stellenanzeigen.de findest du deine Musterbewerbung und kannst sie kostenlos&#8230;<\/p>\n","protected":false},"author":1,"featured_media":0,"parent":14008,"menu_order":0,"comment_status":"closed","ping_status":"closed","template":"","meta":{"_uag_custom_page_level_css":""},"categories":[],"tags":[],"yoast_head":"<!-- This site is optimized with the Yoast SEO plugin v20.7 - https:\/\/yoast.com\/wordpress\/plugins\/seo\/ -->\n<title>Bewerbungsvorlage Nachhilfelehrer\/in | careeasy - Dein Karrieremagazin<\/title>\n<meta name=\"description\" content=\"Bewerbungsvorlage Nachhilfelehrer\/in - Copyright: KatarzynaBialasiewicz Du willst dich als Nachhilfelehrer\/in bewerben, weist aber nicht ganz, wo du\" \/>\n<meta name=\"robots\" content=\"index, follow, max-snippet:-1, max-image-preview:large, max-video-preview:-1\" \/>\n<link rel=\"canonical\" href=\"https:\/\/www.stellenanzeigen.de\/careeasy\/bewerbung\/nachhilfelehrer-in\/\" \/>\n<meta property=\"og:locale\" content=\"de_DE\" \/>\n<meta property=\"og:type\" content=\"article\" \/>\n<meta property=\"og:title\" content=\"Bewerbungsvorlage Nachhilfelehrer\/in | careeasy - Dein Karrieremagazin\" \/>\n<meta property=\"og:description\" content=\"Bewerbungsvorlage Nachhilfelehrer\/in - Copyright: KatarzynaBialasiewicz Du willst dich als Nachhilfelehrer\/in bewerben, weist aber nicht ganz, wo du\" \/>\n<meta property=\"og:url\" content=\"https:\/\/www.stellenanzeigen.de\/careeasy\/bewerbung\/nachhilfelehrer-in\/\" \/>\n<meta property=\"og:site_name\" content=\"careeasy - Dein Karrieremagazin\" \/>\n<meta property=\"article:publisher\" content=\"https:\/\/www.facebook.com\/stellenanzeigen.de\/\" \/>\n<meta property=\"article:modified_time\" content=\"2023-10-06T08:59:04+00:00\" \/>\n<meta property=\"og:image\" content=\"https:\/\/www.stellenanzeigen.de\/careeasy\/wp-content\/uploads\/2020\/11\/Bewerbungsvorlage-Nachhilfelehrerin.jpg\" \/>\n<meta name=\"twitter:label1\" content=\"Gesch\u00e4tzte Lesezeit\" \/>\n\t<meta name=\"twitter:data1\" content=\"3 Minuten\" \/>\n<script type=\"application\/ld+json\" class=\"yoast-schema-graph\">{\"@context\":\"https:\/\/schema.org\",\"@graph\":[{\"@type\":\"WebPage\",\"@id\":\"https:\/\/www.stellenanzeigen.de\/careeasy\/bewerbung\/nachhilfelehrer-in\/\",\"url\":\"https:\/\/www.stellenanzeigen.de\/careeasy\/bewerbung\/nachhilfelehrer-in\/\",\"name\":\"Bewerbungsvorlage Nachhilfelehrer\/in | careeasy - Dein Karrieremagazin\",\"isPartOf\":{\"@id\":\"https:\/\/www.stellenanzeigen.de\/careeasy\/#website\"},\"datePublished\":\"2020-11-26T14:39:33+00:00\",\"dateModified\":\"2023-10-06T08:59:04+00:00\",\"description\":\"Bewerbungsvorlage Nachhilfelehrer\/in - Copyright: KatarzynaBialasiewicz Du willst dich als Nachhilfelehrer\/in bewerben, weist aber nicht ganz, wo du\",\"breadcrumb\":{\"@id\":\"https:\/\/www.stellenanzeigen.de\/careeasy\/bewerbung\/nachhilfelehrer-in\/#breadcrumb\"},\"inLanguage\":\"de-DE\",\"potentialAction\":[{\"@type\":\"ReadAction\",\"target\":[\"https:\/\/www.stellenanzeigen.de\/careeasy\/bewerbung\/nachhilfelehrer-in\/\"]}]},{\"@type\":\"BreadcrumbList\",\"@id\":\"https:\/\/www.stellenanzeigen.de\/careeasy\/bewerbung\/nachhilfelehrer-in\/#breadcrumb\",\"itemListElement\":[{\"@type\":\"ListItem\",\"position\":1,\"name\":\"Careeasy\",\"item\":\"https:\/\/www.stellenanzeigen.de\/careeasy\/\"},{\"@type\":\"ListItem\",\"position\":2,\"name\":\"Bewerbungsvorlagen &#038; Bewerbungsmuster\",\"item\":\"https:\/\/www.stellenanzeigen.de\/careeasy\/bewerbung\/\"},{\"@type\":\"ListItem\",\"position\":3,\"name\":\"Bewerbungsvorlage Nachhilfelehrer\/in\"}]},{\"@type\":\"WebSite\",\"@id\":\"https:\/\/www.stellenanzeigen.de\/careeasy\/#website\",\"url\":\"https:\/\/www.stellenanzeigen.de\/careeasy\/\",\"name\":\"careeasy - Dein Karrieremagazin\",\"description\":\"\",\"publisher\":{\"@id\":\"https:\/\/www.stellenanzeigen.de\/careeasy\/#organization\"},\"potentialAction\":[{\"@type\":\"SearchAction\",\"target\":{\"@type\":\"EntryPoint\",\"urlTemplate\":\"https:\/\/www.stellenanzeigen.de\/careeasy\/?s={search_term_string}\"},\"query-input\":\"required name=search_term_string\"}],\"inLanguage\":\"de-DE\"},{\"@type\":\"Organization\",\"@id\":\"https:\/\/www.stellenanzeigen.de\/careeasy\/#organization\",\"name\":\"careeasy - Dein Karrieremagazin\",\"url\":\"https:\/\/www.stellenanzeigen.de\/careeasy\/\",\"logo\":{\"@type\":\"ImageObject\",\"inLanguage\":\"de-DE\",\"@id\":\"https:\/\/www.stellenanzeigen.de\/careeasy\/#\/schema\/logo\/image\/\",\"url\":\"https:\/\/www.stellenanzeigen.de\/careeasy\/wp-content\/uploads\/2024\/03\/careeasy_logo.jpg\",\"contentUrl\":\"https:\/\/www.stellenanzeigen.de\/careeasy\/wp-content\/uploads\/2024\/03\/careeasy_logo.jpg\",\"width\":701,\"height\":223,\"caption\":\"careeasy - Dein Karrieremagazin\"},\"image\":{\"@id\":\"https:\/\/www.stellenanzeigen.de\/careeasy\/#\/schema\/logo\/image\/\"},\"sameAs\":[\"https:\/\/www.facebook.com\/stellenanzeigen.de\/\"]}]}<\/script>\n<!-- \/ Yoast SEO plugin. -->","yoast_head_json":{"title":"Bewerbungsvorlage Nachhilfelehrer\/in | careeasy - Dein Karrieremagazin","description":"Bewerbungsvorlage Nachhilfelehrer\/in - Copyright: KatarzynaBialasiewicz Du willst dich als Nachhilfelehrer\/in bewerben, weist aber nicht ganz, wo du","robots":{"index":"index","follow":"follow","max-snippet":"max-snippet:-1","max-image-preview":"max-image-preview:large","max-video-preview":"max-video-preview:-1"},"canonical":"https:\/\/www.stellenanzeigen.de\/careeasy\/bewerbung\/nachhilfelehrer-in\/","og_locale":"de_DE","og_type":"article","og_title":"Bewerbungsvorlage Nachhilfelehrer\/in | careeasy - Dein Karrieremagazin","og_description":"Bewerbungsvorlage Nachhilfelehrer\/in - Copyright: KatarzynaBialasiewicz Du willst dich als Nachhilfelehrer\/in bewerben, weist aber nicht ganz, wo du","og_url":"https:\/\/www.stellenanzeigen.de\/careeasy\/bewerbung\/nachhilfelehrer-in\/","og_site_name":"careeasy - Dein Karrieremagazin","article_publisher":"https:\/\/www.facebook.com\/stellenanzeigen.de\/","article_modified_time":"2023-10-06T08:59:04+00:00","og_image":[{"url":"https:\/\/www.stellenanzeigen.de\/careeasy\/wp-content\/uploads\/2020\/11\/Bewerbungsvorlage-Nachhilfelehrerin.jpg"}],"twitter_misc":{"Gesch\u00e4tzte Lesezeit":"3 Minuten"},"schema":{"@context":"https:\/\/schema.org","@graph":[{"@type":"WebPage","@id":"https:\/\/www.stellenanzeigen.de\/careeasy\/bewerbung\/nachhilfelehrer-in\/","url":"https:\/\/www.stellenanzeigen.de\/careeasy\/bewerbung\/nachhilfelehrer-in\/","name":"Bewerbungsvorlage Nachhilfelehrer\/in | careeasy - Dein Karrieremagazin","isPartOf":{"@id":"https:\/\/www.stellenanzeigen.de\/careeasy\/#website"},"datePublished":"2020-11-26T14:39:33+00:00","dateModified":"2023-10-06T08:59:04+00:00","description":"Bewerbungsvorlage Nachhilfelehrer\/in - Copyright: KatarzynaBialasiewicz Du willst dich als Nachhilfelehrer\/in bewerben, weist aber nicht ganz, wo du","breadcrumb":{"@id":"https:\/\/www.stellenanzeigen.de\/careeasy\/bewerbung\/nachhilfelehrer-in\/#breadcrumb"},"inLanguage":"de-DE","potentialAction":[{"@type":"ReadAction","target":["https:\/\/www.stellenanzeigen.de\/careeasy\/bewerbung\/nachhilfelehrer-in\/"]}]},{"@type":"BreadcrumbList","@id":"https:\/\/www.stellenanzeigen.de\/careeasy\/bewerbung\/nachhilfelehrer-in\/#breadcrumb","itemListElement":[{"@type":"ListItem","position":1,"name":"Careeasy","item":"https:\/\/www.stellenanzeigen.de\/careeasy\/"},{"@type":"ListItem","position":2,"name":"Bewerbungsvorlagen &#038; Bewerbungsmuster","item":"https:\/\/www.stellenanzeigen.de\/careeasy\/bewerbung\/"},{"@type":"ListItem","position":3,"name":"Bewerbungsvorlage Nachhilfelehrer\/in"}]},{"@type":"WebSite","@id":"https:\/\/www.stellenanzeigen.de\/careeasy\/#website","url":"https:\/\/www.stellenanzeigen.de\/careeasy\/","name":"careeasy - Dein Karrieremagazin","description":"","publisher":{"@id":"https:\/\/www.stellenanzeigen.de\/careeasy\/#organization"},"potentialAction":[{"@type":"SearchAction","target":{"@type":"EntryPoint","urlTemplate":"https:\/\/www.stellenanzeigen.de\/careeasy\/?s={search_term_string}"},"query-input":"required name=search_term_string"}],"inLanguage":"de-DE"},{"@type":"Organization","@id":"https:\/\/www.stellenanzeigen.de\/careeasy\/#organization","name":"careeasy - Dein Karrieremagazin","url":"https:\/\/www.stellenanzeigen.de\/careeasy\/","logo":{"@type":"ImageObject","inLanguage":"de-DE","@id":"https:\/\/www.stellenanzeigen.de\/careeasy\/#\/schema\/logo\/image\/","url":"https:\/\/www.stellenanzeigen.de\/careeasy\/wp-content\/uploads\/2024\/03\/careeasy_logo.jpg","contentUrl":"https:\/\/www.stellenanzeigen.de\/careeasy\/wp-content\/uploads\/2024\/03\/careeasy_logo.jpg","width":701,"height":223,"caption":"careeasy - Dein Karrieremagazin"},"image":{"@id":"https:\/\/www.stellenanzeigen.de\/careeasy\/#\/schema\/logo\/image\/"},"sameAs":["https:\/\/www.facebook.com\/stellenanzeigen.de\/"]}]}},"uagb_featured_image_src":{"full":false,"thumbnail":false,"medium":false,"medium_large":false,"large":false,"1536x1536":false,"2048x2048":false,"neomag-medium":false,"neomag-big":false,"neomag-large":false,"neomag-huge":false},"uagb_author_info":{"display_name":"admin","author_link":"https:\/\/www.stellenanzeigen.de\/careeasy\/author\/admin\/"},"uagb_comment_info":0,"uagb_excerpt":"Du willst dich als Nachhilfelehrer\/in bewerben, weist aber nicht ganz, wo du anfangen sollst? Auf Stellenanzeigen.de findest du deine Musterbewerbung und kannst sie kostenlos...","_links":{"self":[{"href":"https:\/\/www.stellenanzeigen.de\/careeasy\/wp-json\/wp\/v2\/pages\/87400"}],"collection":[{"href":"https:\/\/www.stellenanzeigen.de\/careeasy\/wp-json\/wp\/v2\/pages"}],"about":[{"href":"https:\/\/www.stellenanzeigen.de\/careeasy\/wp-json\/wp\/v2\/types\/page"}],"author":[{"embeddable":true,"href":"https:\/\/www.stellenanzeigen.de\/careeasy\/wp-json\/wp\/v2\/users\/1"}],"replies":[{"embeddable":true,"href":"https:\/\/www.stellenanzeigen.de\/careeasy\/wp-json\/wp\/v2\/comments?post=87400"}],"version-history":[{"count":21,"href":"https:\/\/www.stellenanzeigen.de\/careeasy\/wp-json\/wp\/v2\/pages\/87400\/revisions"}],"predecessor-version":[{"id":112972,"href":"https:\/\/www.stellenanzeigen.de\/careeasy\/wp-json\/wp\/v2\/pages\/87400\/revisions\/112972"}],"up":[{"embeddable":true,"href":"https:\/\/www.stellenanzeigen.de\/careeasy\/wp-json\/wp\/v2\/pages\/14008"}],"wp:attachment":[{"href":"https:\/\/www.stellenanzeigen.de\/careeasy\/wp-json\/wp\/v2\/media?parent=87400"}],"wp:term":[{"taxonomy":"category","embeddable":true,"href":"https:\/\/www.stellenanzeigen.de\/careeasy\/wp-json\/wp\/v2\/categories?post=87400"},{"taxonomy":"post_tag","embeddable":true,"href":"https:\/\/www.stellenanzeigen.de\/careeasy\/wp-json\/wp\/v2\/tags?post=87400"}],"curies":[{"name":"wp","href":"https:\/\/api.w.org\/{rel}","templated":true}]}}