{"id":85803,"date":"2020-06-10T11:47:58","date_gmt":"2020-06-10T11:47:58","guid":{"rendered":"https:\/\/www.stellenanzeigen.de\/careeasy\/?page_id=85803"},"modified":"2023-10-06T10:58:46","modified_gmt":"2023-10-06T08:58:46","slug":"bewerbungsvorlage-busfahrer-in","status":"publish","type":"page","link":"https:\/\/www.stellenanzeigen.de\/careeasy\/bewerbung\/bewerbungsvorlage-busfahrer-in\/","title":{"rendered":"Bewerbungsvorlage Busfahrer\/in"},"content":{"rendered":"\n<figure class=\"wp-block-image alignwide size-medium wp-image-85804\"><img decoding=\"async\" loading=\"lazy\" width=\"978\" height=\"652\" src=\"https:\/\/www.stellenanzeigen.de\/careeasy\/wp-content\/uploads\/2020\/06\/iStock-1038335490-978x652.jpg\" alt=\"Bewerbungsvorlage Busfahrer\/in\" class=\"wp-image-85804\" srcset=\"https:\/\/www.stellenanzeigen.de\/careeasy\/wp-content\/uploads\/2020\/06\/iStock-1038335490-978x652.jpg 978w, https:\/\/www.stellenanzeigen.de\/careeasy\/wp-content\/uploads\/2020\/06\/iStock-1038335490-768x512.jpg 768w, https:\/\/www.stellenanzeigen.de\/careeasy\/wp-content\/uploads\/2020\/06\/iStock-1038335490-272x182.jpg 272w, https:\/\/www.stellenanzeigen.de\/careeasy\/wp-content\/uploads\/2020\/06\/iStock-1038335490.jpg 1254w\" sizes=\"(max-width: 978px) 100vw, 978px\" \/><figcaption>Bewerbungsvorlage Busfahrer\/in &#8211; Copyright: Igor Vershinsky<\/figcaption><\/figure>\n\n\n\n<div class=\"wp-block-columns alignwide pdf-teaser is-layout-flex wp-container-5\">\n<div class=\"wp-block-column pdf-thumbnail is-layout-flow\" style=\"flex-basis:35%\">\n<div class=\"wp-block-image\"><figure class=\"aligncenter size-large\"><img decoding=\"async\" loading=\"lazy\" width=\"300\" height=\"424\" src=\"https:\/\/www.stellenanzeigen.de\/careeasy\/wp-content\/uploads\/2020\/07\/Bewerbungsvorlage-BusfahrerIn-pdf-image.jpg\" alt=\"Bewerbungsvorlage BusfahrerIn\" class=\"wp-image-86144\"\/><\/figure><\/div>\n\n\n\n<p><\/p><div id=\"ez-toc-container\" class=\"ez-toc-v2_0_62 counter-hierarchy ez-toc-counter ez-toc-grey ez-toc-container-direction\">\n<div class=\"ez-toc-title-container\">\n<p class=\"ez-toc-title \" >Inhaltsverzeichnis<\/p>\n<span class=\"ez-toc-title-toggle\"><\/span><\/div>\n<nav><ul class='ez-toc-list ez-toc-list-level-1 ' ><li class='ez-toc-page-1 ez-toc-heading-level-2'><a class=\"ez-toc-link ez-toc-heading-1\" href=\"https:\/\/www.stellenanzeigen.de\/careeasy\/bewerbung\/bewerbungsvorlage-busfahrer-in\/#Bestandteile_der_Bewerbung_als_Busfahrerin\" title=\"Bestandteile der Bewerbung als Busfahrer\/in\">Bestandteile der Bewerbung als Busfahrer\/in<\/a><\/li><li class='ez-toc-page-1 ez-toc-heading-level-2'><a class=\"ez-toc-link ez-toc-heading-2\" href=\"https:\/\/www.stellenanzeigen.de\/careeasy\/bewerbung\/bewerbungsvorlage-busfahrer-in\/#Aktuelle_Stellenangebote_fuer_Busfahrerinnen\" title=\"Aktuelle Stellenangebote f\u00fcr Busfahrer\/innen\">Aktuelle Stellenangebote f\u00fcr Busfahrer\/innen<\/a><\/li><li class='ez-toc-page-1 ez-toc-heading-level-2'><a class=\"ez-toc-link ez-toc-heading-3\" href=\"https:\/\/www.stellenanzeigen.de\/careeasy\/bewerbung\/bewerbungsvorlage-busfahrer-in\/#Wie_du_dich_perfekt_auf_ein_Vorstellungsgespraech_vorbereitest\" title=\"Wie du dich perfekt auf ein Vorstellungsgespr\u00e4ch vorbereitest\">Wie du dich perfekt auf ein Vorstellungsgespr\u00e4ch vorbereitest<\/a><\/li><li class='ez-toc-page-1 ez-toc-heading-level-2'><a class=\"ez-toc-link ez-toc-heading-4\" href=\"https:\/\/www.stellenanzeigen.de\/careeasy\/bewerbung\/bewerbungsvorlage-busfahrer-in\/#Die_verschiedenen_Fragen_und_ihre_Antwortmoeglichkeiten_fuer_dein_Vorstellungsgespraech\" title=\"Die verschiedenen Fragen und ihre Antwortm\u00f6glichkeiten f\u00fcr dein Vorstellungsgespr\u00e4ch\">Die verschiedenen Fragen und ihre Antwortm\u00f6glichkeiten f\u00fcr dein Vorstellungsgespr\u00e4ch<\/a><\/li><\/ul><\/nav><\/div>\n\n<\/div>\n\n\n\n<div class=\"wp-block-column teaser-box is-layout-flow\" style=\"flex-basis:65%\">\n<p>Stellenanzeigen.de bietet dir die passende Bewerbungsvorlage f\u00fcr den Beruf, auf den du dich bewerben willst. <strong>Diese kannst du einfach und kostenlos herunterladen<\/strong> und somit hast du bereits ein gutes Layout und eine Struktur, wie deine eigene Bewerbung aussehen sollte. <strong>Erg\u00e4nze die Bewerbungsvorlage um deine pers\u00f6nlichen Daten und schon kannst du sie, gemeinsam mit deinen Unterlagen, an deinen Lieblings-Arbeitgeber versenden.<\/strong> So geht dir die Bewerbung in kurzer Zeit von der Hand und du kannst dir sicher sein, dass deine Bewerbung den aktuellen Standards entspricht.<\/p>\n\n\n\n<div class=\"wp-block-buttons is-layout-flex\">\n<div class=\"wp-block-button\"><a class=\"wp-block-button__link has-background no-border-radius\" href=\"https:\/\/www.stellenanzeigen.de\/careeasy\/bewerbung\/bewerbungsvorlage-busfahrer-in\/#pdf-download\" style=\"background-color:#2b85b9\">Vorlage Anfordern<\/a><\/div>\n<\/div>\n<\/div>\n<\/div>\n\n\n<h2><span class=\"ez-toc-section\" id=\"Bestandteile_der_Bewerbung_als_Busfahrerin\"><\/span><span style=\"color: #333333;\">Bestandteile der Bewerbung als Busfahrer\/in<\/span><span class=\"ez-toc-section-end\"><\/span><\/h2>\n<p><span style=\"color: #333333;\">Als Busfahrer musst du viele Kompetenzen mitbringen. Zu deiner Person sollten Eigenschaften wie <strong>Kommunikationsf\u00e4higkeit und ein guter, schneller und positiver Zugang zu Menschen<\/strong> sein. Du musst dich auf den Verkehr konzentrieren, gleichzeitig mit Menscheln sprechen und deine Zeiten dokumentieren und abrechnen. Alle diese F\u00e4higkeiten bringst du schon mit \u2013 <strong>umso wichtiger ist es, dass du sie in dein Bewerbungsanschreiben schreibst. <\/strong><\/span><\/p>\n<p><span style=\"color: #333333;\">Dieses dient vor allem dazu, <strong>dich kurz vorzustellen und einen ersten Eindruck \u00fcber deine Person, Ausbildung bisherige Erfahrung zu geben.<\/strong> Dabei sollte es motivierend klingen und die Personaler auf Anhieb \u00fcberzeugen, weiter in deinen Unterlagen zu bl\u00e4ttern und dich in der engeren Auswahl zu ber\u00fccksichtigen. <\/span><\/p>\n<p><span style=\"color: #333333;\">Neben dem Motivations- bzw. Bewerbungsanschreiben ist der <a class=\"wpil_keyword_link\" href=\"https:\/\/www.stellenanzeigen.de\/careeasy\/lebenslauf-vorlagen-sde106864\/\"   title=\"Lebenslauf\" data-wpil-keyword-link=\"linked\">Lebenslauf<\/a> mit entscheidend, ob die Bewerbung funktioniert, oder nicht. Dieser sollte auf dem aktuellen Stand sein und keine L\u00fccken aufweisen. <strong>Au\u00dferdem sollten die verschiedenen Stationen in deinem Leben chronologisch aufgebaut sein.<\/strong> <\/span><br><span style=\"color: #333333;\">Als Busfahrer musst du sicher fahren und dich gut auskennen oder schnell zurechtfinden. <\/span><\/p>\n<h2><span class=\"ez-toc-section\" id=\"Aktuelle_Stellenangebote_fuer_Busfahrerinnen\"><\/span><a href=\"https:\/\/www.stellenanzeigen.de\/jobs\/busfahrer-in\/\" target=\"_blank\" rel=\"noopener noreferrer\">Aktuelle Stellenangebote f\u00fcr Busfahrer\/innen<\/a><span class=\"ez-toc-section-end\"><\/span><\/h2>\n<hr>\n<div id=\"suchwidgetErgebnisliste\">&nbsp;<\/div>\n<div id=\"StellenanzeigenSuchwidget\" tabindex=\"-1\">&nbsp;<\/div>\n<script>\n  var config = {\n    apiKey : 'FBEB08FBC7BB75349E26C51C530F79BF',\n    resultsPerPage : 3,\n    searchRadius : 60,\n    fulltext : 'busfahrer',\n    city : null,\n    category : null,\n    subCategories : null\n  };\n<\/script><script type=\"text\/javascript\" src=\"https:\/\/app.stellenanzeigen.de\/widget\/init.js\"><\/script>\n<hr>\n<p><span style=\"color: #333333;\"><strong>Zeugnisse, Referenzen und Best\u00e4tigungen von Arbeitgebern<\/strong> sind hilfreich, damit die Personalabteilung sich ein besseres Bild \u00fcber dich machen kann. Au\u00dferdem kannst du, je nach Anforderungen in der Stellenanzeige, auch gleich <strong>ein polizeiliches F\u00fchrungszeugnis<\/strong> mit einsenden, was in jedem Fall als vorausschauend wahrgenommen wird, da dies meist Voraussetzung f\u00fcr eine Einstellung ist. <\/span><\/p>\n<h2><span class=\"ez-toc-section\" id=\"Wie_du_dich_perfekt_auf_ein_Vorstellungsgespraech_vorbereitest\"><\/span><span style=\"color: #333333;\">Wie du dich perfekt auf ein Vorstellungsgespr\u00e4ch vorbereitest<\/span><span class=\"ez-toc-section-end\"><\/span><\/h2>\n<p><span style=\"color: #333333;\">Nimm dir Zeit und Ruhe, um dich auf dein Gespr\u00e4ch vorzubereiten. <strong>Dazu druckst du dir am besten die Stellenausschreibung einmal aus<\/strong> und liest sie in aller Ruhe noch zwei oder dreimal durch. So kennst du zum Zeitpunkt des Gespr\u00e4chs die Anforderungen auswendig und kannst auch gut auf die beschriebenen Aufgaben eingehen. <\/span><\/p>\n<p><span style=\"color: #333333;\">Au\u00dferdem lohnt es sich, <strong>mehr \u00fcber das Unternehmen herauszufinden.<\/strong> Hierzu kannst du die Homepage genauer ansehen, oder vielleicht mit anderen Fahrern sprechen, die du bereits kennst oder mit denen du Kontakt aufnehmen kannst. <\/span><\/p>\n<p><span style=\"color: #333333;\">Bereite dich auch selbst gut darauf vor und <strong>schau dir noch einmal dein Anschreiben und deinen Lebenslauf an.<\/strong> Je \u00f6fter du diesen gelesen hast, umso besser kannst du ihn auswendig wiedergeben, was im Gespr\u00e4ch sicherlich gefragt wird. <\/span><\/p>\n<p><span style=\"color: #333333;\">Das Gespr\u00e4ch kannst du auch <strong>mit einer vertrauten Person \u00fcben,<\/strong> oder dich dabei zuhause vor einen Spiegel setzen. So kannst du beobachten, ob du aufrecht sitzt und selbstsicher sprichst, w\u00e4hrend du die Inhalte deines Lebenslaufes wiedergibst. <\/span><\/p>\n<h2><span class=\"ez-toc-section\" id=\"Die_verschiedenen_Fragen_und_ihre_Antwortmoeglichkeiten_fuer_dein_Vorstellungsgespraech\"><\/span><span style=\"color: #333333;\">Die verschiedenen Fragen und ihre Antwortm\u00f6glichkeiten f\u00fcr dein Vorstellungsgespr\u00e4ch<\/span><span class=\"ez-toc-section-end\"><\/span><\/h2>\n<p><span style=\"color: #333333;\">Als Fragen kommen sicherlich Themen wie <strong>deine Person und deine bisherige Erfahrung.<\/strong> Au\u00dferdem k\u00f6nnten Fragen zu deinen Ortskenntnissen kommen, oder, wie du sicherstellst, dass du dich auskennst und die richtigen Routen f\u00e4hrst. <\/span><\/p>\n<p><span style=\"color: #333333;\"><strong>Bereite dich zudem auf Rollenspiele vor.<\/strong> Personalabteilungen bedienen sich gerne an diesen kreativen M\u00f6glichkeiten, zu sehen, wie du auf einen schwierigen oder vielleicht aggressiven Passagier einwirkst und wie du besonderen Kunden helfen w\u00fcrdest.<\/span><\/p>\n<p><span style=\"color: #333333;\">\u00dcberlege dir auch <strong>konkrete Antworten zu deinen Hobbies<\/strong> und was dich als Busfahrer ausmacht. \u00dcberzeuge in deinen Antworten mit magischen Worten, wie \u201eSicherheit\u201c, \u201eP\u00fcnktlichkeit\u201c und \u201eZuverl\u00e4ssigkeit\u201c. <\/span><\/p>\n<p><span style=\"color: #333333;\">Mache dir ruhig vorher einen Fragenkatalog und \u00fcberlege dir auch, <strong>ob du Leerzeiten in deinem Lebenslauf etwa durch eine Weiterbildung oder famili\u00e4re Gr\u00fcnde erkl\u00e4ren kannst.<\/strong> <\/span><\/p>\n\n\n<div class=\"wp-block-group alignwide\" id=\"pdf-download\"><div class=\"wp-block-group__inner-container is-layout-flow\">\n<div class=\"wp-block-columns pdf-download is-layout-flex wp-container-8\">\n<div class=\"wp-block-column pdf-thumbnail is-layout-flow\" style=\"flex-basis:35%\">\n<figure class=\"wp-block-image size-large\"><img decoding=\"async\" loading=\"lazy\" width=\"300\" height=\"424\" src=\"https:\/\/www.stellenanzeigen.de\/careeasy\/wp-content\/uploads\/2020\/07\/Bewerbungsvorlage-BusfahrerIn-pdf-image.jpg\" alt=\"Bewerbungsvorlage BusfahrerIn\" class=\"wp-image-86144\"\/><\/figure>\n\n\n\n<p><\/p>\n<\/div>\n\n\n\n<div class=\"wp-block-column subscribe-box is-layout-flow\" style=\"flex-basis:65%\">\n\t\t\t\n\t\t\t<form id=\"sib_signup_form_12\" method=\"post\" class=\"sib_signup_form\">\n\t\t\t\t<div class=\"sib_loader\" style=\"display:none;\"><img\n\t\t\t\t\t\t\tsrc=\"https:\/\/www.stellenanzeigen.de\/careeasy\/wp-includes\/images\/spinner.gif\" alt=\"loader\"><\/div>\n\t\t\t\t<input type=\"hidden\" name=\"sib_form_action\" value=\"subscribe_form_submit\">\n\t\t\t\t<input type=\"hidden\" name=\"sib_form_id\" value=\"12\">\n                <input type=\"hidden\" name=\"sib_form_alert_notice\" value=\"Bitte f\u00fclle das Feld aus\">\n                <input type=\"hidden\" name=\"sib_form_invalid_email_notice\" value=\"Deine E-Mail Adresse ist ung\u00fcltig\">\n                <input type=\"hidden\" name=\"sib_security\" value=\"0993160ec3\">\n\t\t\t\t<div class=\"sib_signup_box_inside_12\">\n\t\t\t\t\t<div style=\"\/*display:none*\/\" class=\"sib_msg_disp\">\n\t\t\t\t\t<\/div>\n                    \t\t\t\t\t<p style=\"font-size:21px;text-align:left;font-family: 'Helvetica',sans-serif;color:#2b85b9;background-color:transparent\"><strong>Jetzt Bewerbungsvorlage als Busfahrer\/in anfordern und f\u00fcr den Newsletter anmelden<\/strong><\/p>\r\n<p class=\"sib-email-area\">\r\n    <label>E-Mail-Adresse <span style=\"color: red\">*<\/span><\/label>\r\n    <input type=\"email\" class=\"sib-email-area\" name=\"email\" required=\"required\" placeholder=\"E-Mail-Adresse\">\r\n<\/p>\r\n<p class=\"sib-terms\"><input type=\"checkbox\" name=\"terms\" required=\"required\"><label>Ich bin damit einverstanden, dass meine E-Mailadresse f\u00fcr Werbezwecke per Newsletter genutzt wird und akzeptiere die <a href=\"https:\/\/www.stellenanzeigen.de\/arbeitgeber\/datenschutzerklaerung\/\">Datenschutzerkl\u00e4rung <span style=\"color: red\">*<\/span><\/a><\/label><\/p>\r\n<p style=\"font-size:12px;text-align:left;font-family: 'Helvetica',sans-serif;color:#8390A4\">Du kannst den Newsletter jederzeit \u00fcber den Abmeldelink in der Fu\u00dfzeile unserer E-Mails abbestellen.<\/p>\r\n<input type=\"submit\" class=\"sib-default-btn\" value=\"Bewerbungsvorlage anfordern\">\t\t\t\t<\/div>\n\t\t\t<\/form>\n\t\t\t<style>\n\t\t\t\tform#sib_signup_form_12 p.sib-alert-message {\n    padding: 6px 12px;\n    margin-bottom: 20px;\n    border: 1px solid transparent;\n    border-radius: 4px;\n    -webkit-box-sizing: border-box;\n    -moz-box-sizing: border-box;\n    box-sizing: border-box;\n}\nform#sib_signup_form_12 p.sib-alert-message-error {\n    background-color: #f2dede;\n    border-color: #ebccd1;\n    color: #a94442;\n}\nform#sib_signup_form_12 p.sib-alert-message-success {\n    background-color: #dff0d8;\n    border-color: #d6e9c6;\n    color: #3c763d;\n}\nform#sib_signup_form_12 p.sib-alert-message-warning {\n    background-color: #fcf8e3;\n    border-color: #faebcc;\n    color: #8a6d3b;\n}\n\t\t\t<\/style>\n\t\t\t\n<\/div>\n<\/div>\n<\/div><\/div>\n","protected":false},"excerpt":{"rendered":"<p>Stellenanzeigen.de bietet dir die passende Bewerbungsvorlage f\u00fcr den Beruf, auf den du dich bewerben willst. Diese kannst du einfach und kostenlos herunterladen und somit&#8230;<\/p>\n","protected":false},"author":106,"featured_media":0,"parent":14008,"menu_order":0,"comment_status":"closed","ping_status":"closed","template":"","meta":{"_uag_custom_page_level_css":""},"categories":[],"tags":[],"yoast_head":"<!-- This site is optimized with the Yoast SEO plugin v20.7 - https:\/\/yoast.com\/wordpress\/plugins\/seo\/ -->\n<title>Bewerbungsvorlage Busfahrer\/in | careeasy - Dein Karrieremagazin<\/title>\n<meta name=\"description\" content=\"Bewerbungsvorlage Busfahrer\/in - Copyright: Igor Vershinsky Stellenanzeigen.de bietet dir die passende Bewerbungsvorlage f\u00fcr den Beruf, auf den du dich\" \/>\n<meta name=\"robots\" content=\"index, follow, max-snippet:-1, max-image-preview:large, max-video-preview:-1\" \/>\n<link rel=\"canonical\" href=\"https:\/\/www.stellenanzeigen.de\/careeasy\/bewerbung\/bewerbungsvorlage-busfahrer-in\/\" \/>\n<meta property=\"og:locale\" content=\"de_DE\" \/>\n<meta property=\"og:type\" content=\"article\" \/>\n<meta property=\"og:title\" content=\"Bewerbungsvorlage Busfahrer\/in | careeasy - Dein Karrieremagazin\" \/>\n<meta property=\"og:description\" content=\"Bewerbungsvorlage Busfahrer\/in - Copyright: Igor Vershinsky Stellenanzeigen.de bietet dir die passende Bewerbungsvorlage f\u00fcr den Beruf, auf den du dich\" \/>\n<meta property=\"og:url\" content=\"https:\/\/www.stellenanzeigen.de\/careeasy\/bewerbung\/bewerbungsvorlage-busfahrer-in\/\" \/>\n<meta property=\"og:site_name\" content=\"careeasy - Dein Karrieremagazin\" \/>\n<meta property=\"article:publisher\" content=\"https:\/\/www.facebook.com\/stellenanzeigen.de\/\" \/>\n<meta property=\"article:modified_time\" content=\"2023-10-06T08:58:46+00:00\" \/>\n<meta property=\"og:image\" content=\"https:\/\/www.stellenanzeigen.de\/careeasy\/wp-content\/uploads\/2020\/06\/iStock-1038335490-978x652.jpg\" \/>\n<meta name=\"twitter:label1\" content=\"Gesch\u00e4tzte Lesezeit\" \/>\n\t<meta name=\"twitter:data1\" content=\"3 Minuten\" \/>\n<script type=\"application\/ld+json\" class=\"yoast-schema-graph\">{\"@context\":\"https:\/\/schema.org\",\"@graph\":[{\"@type\":\"WebPage\",\"@id\":\"https:\/\/www.stellenanzeigen.de\/careeasy\/bewerbung\/bewerbungsvorlage-busfahrer-in\/\",\"url\":\"https:\/\/www.stellenanzeigen.de\/careeasy\/bewerbung\/bewerbungsvorlage-busfahrer-in\/\",\"name\":\"Bewerbungsvorlage Busfahrer\/in | careeasy - Dein Karrieremagazin\",\"isPartOf\":{\"@id\":\"https:\/\/10.12.43.199\/careeasy\/#website\"},\"datePublished\":\"2020-06-10T11:47:58+00:00\",\"dateModified\":\"2023-10-06T08:58:46+00:00\",\"description\":\"Bewerbungsvorlage Busfahrer\/in - Copyright: Igor Vershinsky Stellenanzeigen.de bietet dir die passende Bewerbungsvorlage f\u00fcr den Beruf, auf den du dich\",\"breadcrumb\":{\"@id\":\"https:\/\/www.stellenanzeigen.de\/careeasy\/bewerbung\/bewerbungsvorlage-busfahrer-in\/#breadcrumb\"},\"inLanguage\":\"de-DE\",\"potentialAction\":[{\"@type\":\"ReadAction\",\"target\":[\"https:\/\/www.stellenanzeigen.de\/careeasy\/bewerbung\/bewerbungsvorlage-busfahrer-in\/\"]}]},{\"@type\":\"BreadcrumbList\",\"@id\":\"https:\/\/www.stellenanzeigen.de\/careeasy\/bewerbung\/bewerbungsvorlage-busfahrer-in\/#breadcrumb\",\"itemListElement\":[{\"@type\":\"ListItem\",\"position\":1,\"name\":\"Careeasy\",\"item\":\"https:\/\/10.12.43.199\/careeasy\/\"},{\"@type\":\"ListItem\",\"position\":2,\"name\":\"Bewerbungsvorlagen &#038; Bewerbungsmuster\",\"item\":\"https:\/\/www.stellenanzeigen.de\/careeasy\/bewerbung\/\"},{\"@type\":\"ListItem\",\"position\":3,\"name\":\"Bewerbungsvorlage Busfahrer\/in\"}]},{\"@type\":\"WebSite\",\"@id\":\"https:\/\/10.12.43.199\/careeasy\/#website\",\"url\":\"https:\/\/10.12.43.199\/careeasy\/\",\"name\":\"careeasy - Dein Karrieremagazin\",\"description\":\"\",\"publisher\":{\"@id\":\"https:\/\/10.12.43.199\/careeasy\/#organization\"},\"potentialAction\":[{\"@type\":\"SearchAction\",\"target\":{\"@type\":\"EntryPoint\",\"urlTemplate\":\"https:\/\/10.12.43.199\/careeasy\/?s={search_term_string}\"},\"query-input\":\"required name=search_term_string\"}],\"inLanguage\":\"de-DE\"},{\"@type\":\"Organization\",\"@id\":\"https:\/\/10.12.43.199\/careeasy\/#organization\",\"name\":\"careeasy - Dein Karrieremagazin\",\"url\":\"https:\/\/10.12.43.199\/careeasy\/\",\"logo\":{\"@type\":\"ImageObject\",\"inLanguage\":\"de-DE\",\"@id\":\"https:\/\/10.12.43.199\/careeasy\/#\/schema\/logo\/image\/\",\"url\":\"https:\/\/www.stellenanzeigen.de\/careeasy\/wp-content\/uploads\/2024\/03\/careeasy_logo.jpg\",\"contentUrl\":\"https:\/\/www.stellenanzeigen.de\/careeasy\/wp-content\/uploads\/2024\/03\/careeasy_logo.jpg\",\"width\":701,\"height\":223,\"caption\":\"careeasy - Dein Karrieremagazin\"},\"image\":{\"@id\":\"https:\/\/10.12.43.199\/careeasy\/#\/schema\/logo\/image\/\"},\"sameAs\":[\"https:\/\/www.facebook.com\/stellenanzeigen.de\/\"]}]}<\/script>\n<!-- \/ Yoast SEO plugin. -->","yoast_head_json":{"title":"Bewerbungsvorlage Busfahrer\/in | careeasy - Dein Karrieremagazin","description":"Bewerbungsvorlage Busfahrer\/in - Copyright: Igor Vershinsky Stellenanzeigen.de bietet dir die passende Bewerbungsvorlage f\u00fcr den Beruf, auf den du dich","robots":{"index":"index","follow":"follow","max-snippet":"max-snippet:-1","max-image-preview":"max-image-preview:large","max-video-preview":"max-video-preview:-1"},"canonical":"https:\/\/www.stellenanzeigen.de\/careeasy\/bewerbung\/bewerbungsvorlage-busfahrer-in\/","og_locale":"de_DE","og_type":"article","og_title":"Bewerbungsvorlage Busfahrer\/in | careeasy - Dein Karrieremagazin","og_description":"Bewerbungsvorlage Busfahrer\/in - Copyright: Igor Vershinsky Stellenanzeigen.de bietet dir die passende Bewerbungsvorlage f\u00fcr den Beruf, auf den du dich","og_url":"https:\/\/www.stellenanzeigen.de\/careeasy\/bewerbung\/bewerbungsvorlage-busfahrer-in\/","og_site_name":"careeasy - Dein Karrieremagazin","article_publisher":"https:\/\/www.facebook.com\/stellenanzeigen.de\/","article_modified_time":"2023-10-06T08:58:46+00:00","og_image":[{"url":"https:\/\/www.stellenanzeigen.de\/careeasy\/wp-content\/uploads\/2020\/06\/iStock-1038335490-978x652.jpg"}],"twitter_misc":{"Gesch\u00e4tzte Lesezeit":"3 Minuten"},"schema":{"@context":"https:\/\/schema.org","@graph":[{"@type":"WebPage","@id":"https:\/\/www.stellenanzeigen.de\/careeasy\/bewerbung\/bewerbungsvorlage-busfahrer-in\/","url":"https:\/\/www.stellenanzeigen.de\/careeasy\/bewerbung\/bewerbungsvorlage-busfahrer-in\/","name":"Bewerbungsvorlage Busfahrer\/in | careeasy - Dein Karrieremagazin","isPartOf":{"@id":"https:\/\/10.12.43.199\/careeasy\/#website"},"datePublished":"2020-06-10T11:47:58+00:00","dateModified":"2023-10-06T08:58:46+00:00","description":"Bewerbungsvorlage Busfahrer\/in - Copyright: Igor Vershinsky Stellenanzeigen.de bietet dir die passende Bewerbungsvorlage f\u00fcr den Beruf, auf den du dich","breadcrumb":{"@id":"https:\/\/www.stellenanzeigen.de\/careeasy\/bewerbung\/bewerbungsvorlage-busfahrer-in\/#breadcrumb"},"inLanguage":"de-DE","potentialAction":[{"@type":"ReadAction","target":["https:\/\/www.stellenanzeigen.de\/careeasy\/bewerbung\/bewerbungsvorlage-busfahrer-in\/"]}]},{"@type":"BreadcrumbList","@id":"https:\/\/www.stellenanzeigen.de\/careeasy\/bewerbung\/bewerbungsvorlage-busfahrer-in\/#breadcrumb","itemListElement":[{"@type":"ListItem","position":1,"name":"Careeasy","item":"https:\/\/10.12.43.199\/careeasy\/"},{"@type":"ListItem","position":2,"name":"Bewerbungsvorlagen &#038; Bewerbungsmuster","item":"https:\/\/www.stellenanzeigen.de\/careeasy\/bewerbung\/"},{"@type":"ListItem","position":3,"name":"Bewerbungsvorlage Busfahrer\/in"}]},{"@type":"WebSite","@id":"https:\/\/10.12.43.199\/careeasy\/#website","url":"https:\/\/10.12.43.199\/careeasy\/","name":"careeasy - Dein Karrieremagazin","description":"","publisher":{"@id":"https:\/\/10.12.43.199\/careeasy\/#organization"},"potentialAction":[{"@type":"SearchAction","target":{"@type":"EntryPoint","urlTemplate":"https:\/\/10.12.43.199\/careeasy\/?s={search_term_string}"},"query-input":"required name=search_term_string"}],"inLanguage":"de-DE"},{"@type":"Organization","@id":"https:\/\/10.12.43.199\/careeasy\/#organization","name":"careeasy - Dein Karrieremagazin","url":"https:\/\/10.12.43.199\/careeasy\/","logo":{"@type":"ImageObject","inLanguage":"de-DE","@id":"https:\/\/10.12.43.199\/careeasy\/#\/schema\/logo\/image\/","url":"https:\/\/www.stellenanzeigen.de\/careeasy\/wp-content\/uploads\/2024\/03\/careeasy_logo.jpg","contentUrl":"https:\/\/www.stellenanzeigen.de\/careeasy\/wp-content\/uploads\/2024\/03\/careeasy_logo.jpg","width":701,"height":223,"caption":"careeasy - Dein Karrieremagazin"},"image":{"@id":"https:\/\/10.12.43.199\/careeasy\/#\/schema\/logo\/image\/"},"sameAs":["https:\/\/www.facebook.com\/stellenanzeigen.de\/"]}]}},"uagb_featured_image_src":{"full":false,"thumbnail":false,"medium":false,"medium_large":false,"large":false,"1536x1536":false,"2048x2048":false,"neomag-medium":false,"neomag-big":false,"neomag-large":false,"neomag-huge":false},"uagb_author_info":{"display_name":"Marina Pavel","author_link":"https:\/\/www.stellenanzeigen.de\/careeasy\/author\/marina\/"},"uagb_comment_info":0,"uagb_excerpt":"Stellenanzeigen.de bietet dir die passende Bewerbungsvorlage f\u00fcr den Beruf, auf den du dich bewerben willst. Diese kannst du einfach und kostenlos herunterladen und somit...","_links":{"self":[{"href":"https:\/\/www.stellenanzeigen.de\/careeasy\/wp-json\/wp\/v2\/pages\/85803"}],"collection":[{"href":"https:\/\/www.stellenanzeigen.de\/careeasy\/wp-json\/wp\/v2\/pages"}],"about":[{"href":"https:\/\/www.stellenanzeigen.de\/careeasy\/wp-json\/wp\/v2\/types\/page"}],"author":[{"embeddable":true,"href":"https:\/\/www.stellenanzeigen.de\/careeasy\/wp-json\/wp\/v2\/users\/106"}],"replies":[{"embeddable":true,"href":"https:\/\/www.stellenanzeigen.de\/careeasy\/wp-json\/wp\/v2\/comments?post=85803"}],"version-history":[{"count":9,"href":"https:\/\/www.stellenanzeigen.de\/careeasy\/wp-json\/wp\/v2\/pages\/85803\/revisions"}],"predecessor-version":[{"id":112955,"href":"https:\/\/www.stellenanzeigen.de\/careeasy\/wp-json\/wp\/v2\/pages\/85803\/revisions\/112955"}],"up":[{"embeddable":true,"href":"https:\/\/www.stellenanzeigen.de\/careeasy\/wp-json\/wp\/v2\/pages\/14008"}],"wp:attachment":[{"href":"https:\/\/www.stellenanzeigen.de\/careeasy\/wp-json\/wp\/v2\/media?parent=85803"}],"wp:term":[{"taxonomy":"category","embeddable":true,"href":"https:\/\/www.stellenanzeigen.de\/careeasy\/wp-json\/wp\/v2\/categories?post=85803"},{"taxonomy":"post_tag","embeddable":true,"href":"https:\/\/www.stellenanzeigen.de\/careeasy\/wp-json\/wp\/v2\/tags?post=85803"}],"curies":[{"name":"wp","href":"https:\/\/api.w.org\/{rel}","templated":true}]}}