{"id":85699,"date":"2020-05-27T10:36:56","date_gmt":"2020-05-27T10:36:56","guid":{"rendered":"https:\/\/www.stellenanzeigen.de\/careeasy\/?page_id=85699"},"modified":"2023-10-06T13:09:02","modified_gmt":"2023-10-06T11:09:02","slug":"bewerbungsvorlage-schreiner-in","status":"publish","type":"page","link":"https:\/\/www.stellenanzeigen.de\/careeasy\/bewerbung\/bewerbungsvorlage-schreiner-in\/","title":{"rendered":"Bewerbungsvorlage Schreiner\/in"},"content":{"rendered":"\n<figure class=\"wp-block-image alignwide size-medium wp-image-85700\"><img decoding=\"async\" loading=\"lazy\" width=\"978\" height=\"653\" src=\"https:\/\/www.stellenanzeigen.de\/careeasy\/wp-content\/uploads\/2020\/05\/iStock-1127397639-978x653.jpg\" alt=\"Bewerbungsvorlage Schreiner\/in\" class=\"wp-image-85700\" srcset=\"https:\/\/www.stellenanzeigen.de\/careeasy\/wp-content\/uploads\/2020\/05\/iStock-1127397639-978x652.jpg 978w, https:\/\/www.stellenanzeigen.de\/careeasy\/wp-content\/uploads\/2020\/05\/iStock-1127397639-768x513.jpg 768w, https:\/\/www.stellenanzeigen.de\/careeasy\/wp-content\/uploads\/2020\/05\/iStock-1127397639-272x182.jpg 272w, https:\/\/www.stellenanzeigen.de\/careeasy\/wp-content\/uploads\/2020\/05\/iStock-1127397639.jpg 1254w\" sizes=\"(max-width: 978px) 100vw, 978px\" \/><figcaption>Bewerbungsvorlage Schreiner\/in &#8211;<br>Bildquelle: www.istockphoto.com \/ Smederevac<\/figcaption><\/figure>\n\n\n\n<div class=\"wp-block-columns alignwide pdf-teaser is-layout-flex wp-container-5\">\n<div class=\"wp-block-column pdf-thumbnail is-layout-flow\" style=\"flex-basis:35%\">\n<div class=\"wp-block-image\"><figure class=\"aligncenter size-large\"><img decoding=\"async\" loading=\"lazy\" width=\"300\" height=\"424\" src=\"https:\/\/www.stellenanzeigen.de\/careeasy\/wp-content\/uploads\/2020\/06\/Bewerbungsmuster-Schreinerin-pdf-image.jpg\" alt=\"Bewerbungsvorlage Schreiner\/in\" class=\"wp-image-85976\"\/><\/figure><\/div>\n<\/div>\n\n\n\n<div class=\"wp-block-column teaser-box is-layout-flow\" style=\"flex-basis:65%\">\n<p>Du m\u00f6chtest als Schreiner\/in arbeiten und suchst Mustervorlagen f\u00fcr die Bewerbung? <strong>Bei Stellenanzeigen.de kannst du dir die Musterbewerbung gratis herunterladen.<\/strong><\/p><div id=\"ez-toc-container\" class=\"ez-toc-v2_0_62 counter-hierarchy ez-toc-counter ez-toc-grey ez-toc-container-direction\">\n<div class=\"ez-toc-title-container\">\n<p class=\"ez-toc-title \" >Inhaltsverzeichnis<\/p>\n<span class=\"ez-toc-title-toggle\"><\/span><\/div>\n<nav><ul class='ez-toc-list ez-toc-list-level-1 ' ><li class='ez-toc-page-1 ez-toc-heading-level-2'><a class=\"ez-toc-link ez-toc-heading-1\" href=\"https:\/\/www.stellenanzeigen.de\/careeasy\/bewerbung\/bewerbungsvorlage-schreiner-in\/#Bestandteile_der_Musterbewerbung_Schreinerin\" title=\"Bestandteile der Musterbewerbung Schreiner\/in\">Bestandteile der Musterbewerbung Schreiner\/in<\/a><\/li><li class='ez-toc-page-1 ez-toc-heading-level-2'><a class=\"ez-toc-link ez-toc-heading-2\" href=\"https:\/\/www.stellenanzeigen.de\/careeasy\/bewerbung\/bewerbungsvorlage-schreiner-in\/#Vorbereitung_auf_das_Vorstellungsgespraech\" title=\"Vorbereitung auf das Vorstellungsgespr\u00e4ch\">Vorbereitung auf das Vorstellungsgespr\u00e4ch<\/a><\/li><li class='ez-toc-page-1 ez-toc-heading-level-2'><a class=\"ez-toc-link ez-toc-heading-3\" href=\"https:\/\/www.stellenanzeigen.de\/careeasy\/bewerbung\/bewerbungsvorlage-schreiner-in\/#Aktuelle_Stellenangebote_fuer_Schreinerinnen\" title=\"Aktuelle Stellenangebote f\u00fcr Schreiner\/innen\">Aktuelle Stellenangebote f\u00fcr Schreiner\/innen<\/a><\/li><li class='ez-toc-page-1 ez-toc-heading-level-2'><a class=\"ez-toc-link ez-toc-heading-4\" href=\"https:\/\/www.stellenanzeigen.de\/careeasy\/bewerbung\/bewerbungsvorlage-schreiner-in\/#Fragen_und_Antwortmoeglichkeiten_im_Vorstellungsgespraech\" title=\"Fragen und Antwortm\u00f6glichkeiten im Vorstellungsgespr\u00e4ch\">Fragen und Antwortm\u00f6glichkeiten im Vorstellungsgespr\u00e4ch<\/a><\/li><\/ul><\/nav><\/div>\n\n\n\n\n<div class=\"wp-block-buttons is-layout-flex\">\n<div class=\"wp-block-button\"><a class=\"wp-block-button__link has-background no-border-radius\" href=\"https:\/\/www.stellenanzeigen.de\/careeasy\/bewerbung\/bewerbungsvorlage-schreiner-in\/#pdf-download\" style=\"background-color:#2b85b9\">Vorlage Anfordern<\/a><\/div>\n<\/div>\n<\/div>\n<\/div>\n\n\n<div class=\"mceTemp\">&nbsp;<\/div>\n<h2><span class=\"ez-toc-section\" id=\"Bestandteile_der_Musterbewerbung_Schreinerin\"><\/span><span style=\"color: #333333;\">Bestandteile der Musterbewerbung Schreiner\/in<\/span><span class=\"ez-toc-section-end\"><\/span><\/h2>\n<p><span style=\"color: #333333;\">Von deinen Bewerbungsunterlagen h\u00e4ngt es ab, ob du einen Termin f\u00fcr ein Vorstellungsgespr\u00e4ch bekommst. Die Bestandteile der Bewerbungsunterlagen sind <strong>das Bewerbungsschreiben, auch Anschreiben genannt, der <a class=\"wpil_keyword_link\" href=\"https:\/\/www.stellenanzeigen.de\/careeasy\/lebenslauf-vorlagen-sde106864\/\"   title=\"Lebenslauf\" data-wpil-keyword-link=\"linked\">Lebenslauf<\/a> und die Zeugnisse und Referenzen. <\/strong><\/span><\/p>\n<h3><span style=\"color: #333333;\">Bewerbungsschreiben<\/span><\/h3>\n<p><span style=\"color: #333333;\">Im Bewerbungsschreiben willst du den Betrieb von deiner Eignung zur Schreiner\/in \u00fcberzeugen. <strong>Eingangs beschreibst du, warum du dich f\u00fcr die Stelle bewirbst.<\/strong> Anschlie\u00dfend geht es um deine Berufserfahrung und deine F\u00e4higkeiten. <\/span><\/p>\n<p><span style=\"color: #333333;\">Als Schreiner\/in hast du ein breites Berufsfeld, <strong>vom Zuschnitt mit der CNC-Maschine bis zu Anfertigung von Ma\u00dfm\u00f6beln<\/strong> ist, je nach Betrieb, alles m\u00f6glich. Beschreibe daher, was du genau gemacht hast, mit welchen Materialien und Maschinen du gearbeitet hast. <\/span><\/p>\n<p><span style=\"color: #333333;\">Bewirbst du dich bei einem Betrieb, in dem die n\u00f6tige Arbeit nicht deinen pers\u00f6nlichen Erfahrungen entspricht? <strong>Betone, dass du lernwillig bist.<\/strong> Besonders wichtig sind auch deine Kontaktdaten, unter denen die Firma dich erreichen kann.<\/span><\/p>\n<p><span style=\"color: #333333;\">Auch als Schreiner\/in ben\u00f6tigst du nicht nur handwerkliches Geschick, sondern auch sogenannte Soft Skills. <strong>Das sind deine Pers\u00f6nlichkeitseigenschaften, zum Beispiel Teamf\u00e4higkeit und Genauigkeit.<\/strong> Weitere Beispiele findest du in der Musterbewerbung. Als Abschluss des Bewerbungsschreibens schreibst du am besten, dass du dich auf ein pers\u00f6nliches Gespr\u00e4ch freust. Damit dr\u00fcckst du Selbstvertrauen aus.<\/span><\/p>\n<h3><span style=\"color: #333333;\">Lebenslauf<\/span><\/h3>\n<p><span style=\"color: #333333;\">In den Lebenslauf schreibst du, in Tabellenform, deine bisherige Berufserfahrung und deine Ausbildung. <strong>Bei der Berufserfahrung soll genau angef\u00fchrt sein, in welchem Zeitraum und bei welcher Firma du gearbeitet hast.<\/strong> Dazu schreibst du noch, in Stichworten, die wichtigsten T\u00e4tigkeiten, die du ausgef\u00fchrt hast. Du kannst den Lebenslauf mit deinen Interessen und Hobbys erg\u00e4nzen. Verwendest du ein Foto, achte darauf, dass es professionell ist.<\/span><\/p>\n<h3><span style=\"color: #333333;\">Zeugnisse und Referenzen<\/span><\/h3>\n<p><span style=\"color: #333333;\">Das Abschlusszeugnis deiner Ausbildung geh\u00f6rt auf jeden Fall zu einer Bewerbung als Schreiner\/in. H<strong>ast du Zeugnisse von Dienstgebern oder Praktikumszeugnisse, f\u00fcge auch die zu deiner Bewerbung hinzu.<\/strong><\/span><\/p>\n<h2><span class=\"ez-toc-section\" id=\"Vorbereitung_auf_das_Vorstellungsgespraech\"><\/span><span style=\"color: #333333;\">Vorbereitung auf das Vorstellungsgespr\u00e4ch<\/span><span class=\"ez-toc-section-end\"><\/span><\/h2>\n<p><span style=\"color: #333333;\">Im Vorstellungsgespr\u00e4ch lernt dich der Dienstgeber pers\u00f6nlich kennen und macht sich ein genaueres Bild von dir. <strong>Aber auch f\u00fcr dich ist es eine Gelegenheit, den Betrieb kennenzulernen.<\/strong> Schau dir, zu Vorbereitung, die Webseite der Firma an. So kannst du kompetente Fragen stellen und zeigen, dass du \u00fcber das Unternehmen Bescheid wei\u00dft. <\/span><\/p>\n<h2><span class=\"ez-toc-section\" id=\"Aktuelle_Stellenangebote_fuer_Schreinerinnen\"><\/span><a href=\"https:\/\/www.stellenanzeigen.de\/jobs\/schreiner-in\/\" target=\"_blank\" rel=\"noopener noreferrer\">Aktuelle Stellenangebote f\u00fcr Schreiner\/innen<\/a><span class=\"ez-toc-section-end\"><\/span><\/h2>\n<hr>\n<div id=\"suchwidgetErgebnisliste\">&nbsp;<\/div>\n<div id=\"StellenanzeigenSuchwidget\" tabindex=\"-1\">&nbsp;<\/div>\n<script>\n  var config = {\n    apiKey : 'FBEB08FBC7BB75349E26C51C530F79BF',\n    resultsPerPage : 3,\n    searchRadius : 60,\n    fulltext : 'schreiner',\n    city : null,\n    category : null,\n    subCategories : null\n  };\n<\/script><script type=\"text\/javascript\" src=\"https:\/\/app.stellenanzeigen.de\/widget\/init.js\"><\/script>\n<hr>\n<p><span style=\"color: #333333;\">Gehe noch einmal dein Bewerbungsschreiben und die Stellenausschreibung durch. Dann siehst du, welche deiner F\u00e4higkeiten am besten zu der Stelle passen. <strong>Du kannst das Vorstellungsgespr\u00e4ch auch mit Freunden \u00fcben.<\/strong><\/span><\/p>\n<h2><span class=\"ez-toc-section\" id=\"Fragen_und_Antwortmoeglichkeiten_im_Vorstellungsgespraech\"><\/span><span style=\"color: #333333;\">Fragen und Antwortm\u00f6glichkeiten im Vorstellungsgespr\u00e4ch<\/span><span class=\"ez-toc-section-end\"><\/span><\/h2>\n<ul>\n<li><span style=\"color: #333333;\"><em>Warum wollen Sie bei uns arbeiten?<\/em> In deiner Antwort geht es um deine Motivation. Erkl\u00e4re, warum du gerne als Schreiner\/in arbeitest und was dich an der konkreten Stelle reizt.<\/span><\/li>\n<li><em>Erz\u00e4hlen Sie etwas \u00fcber sich.<\/em> Dabei geht es um deine Berufserfahrung und um deine Pers\u00f6nlichkeitseigenschaften. Bringe Beispiele, bei denen sich dein K\u00f6nnen gezeigt hat. Hast du Interessen, die dich als Schreiner\/in qualifizieren? Dann berichte auch dar\u00fcber.<\/li>\n<li><em>Warum sollen wir Sie einstellen?<\/em> Diese Frage beantwortest du mit deinen St\u00e4rken. Nenne vor allem solche, die du gut in die Arbeit einbringen kannst.<\/li>\n<li><em>Warum haben Sie Ihre letzte Stelle gek\u00fcndigt?<\/em> Die Frage ist mit Vorsicht zu beantworten. Vermeide es, schlecht \u00fcber deine letzte Arbeitsstelle oder deine Vorgesetzten zu reden. Stelle lieber positive Motivationen in den Vordergrund, zum Beispiel den Wunsch nach beruflicher Ver\u00e4nderung.<\/li>\n<li>Wahrscheinlich werden dir auch Fragen zu den Details deiner bisherigen Berufserfahrung und deinen T\u00e4tigkeiten als Schreiner\/in gestellt. Das ist eine Gelegenheit, dein Fachwissen zu zeigen.<\/li>\n<li><em>Wo liegen Ihre St\u00e4rken und wo Ihre Schw\u00e4chen?<\/em> Bei der Frage geht es auch darum, wie gut du dich selbst kennst. Sprichst du \u00fcber deine St\u00e4rken, betone diejenigen, die deine Eignung zum\/zur Schreiner\/in unterstreichen. Bei den Schw\u00e4chen ist es umgekehrt: nenne nur solche, die dir bei der Berufsaus\u00fcbung nicht schaden.<\/li>\n<\/ul>\n<p><strong>Viel Erfolg bei deiner Bewerbung!<\/strong><\/p>\n\n\n<div class=\"wp-block-group alignwide\" id=\"pdf-download\"><div class=\"wp-block-group__inner-container is-layout-flow\">\n<div class=\"wp-block-columns pdf-download is-layout-flex wp-container-8\">\n<div class=\"wp-block-column pdf-thumbnail is-layout-flow\" style=\"flex-basis:35%\">\n<figure class=\"wp-block-image size-large\"><img decoding=\"async\" loading=\"lazy\" width=\"300\" height=\"424\" src=\"https:\/\/www.stellenanzeigen.de\/careeasy\/wp-content\/uploads\/2020\/06\/Bewerbungsmuster-Schreinerin-pdf-image.jpg\" alt=\"Bewerbungsvorlage Schreiner\/in\" class=\"wp-image-85976\"\/><\/figure>\n<\/div>\n\n\n\n<div class=\"wp-block-column subscribe-box is-layout-flow\" style=\"flex-basis:65%\">\n\t\t\t\n\t\t\t<form id=\"sib_signup_form_54\" method=\"post\" class=\"sib_signup_form\">\n\t\t\t\t<div class=\"sib_loader\" style=\"display:none;\"><img\n\t\t\t\t\t\t\tsrc=\"https:\/\/www.stellenanzeigen.de\/careeasy\/wp-includes\/images\/spinner.gif\" alt=\"loader\"><\/div>\n\t\t\t\t<input type=\"hidden\" name=\"sib_form_action\" value=\"subscribe_form_submit\">\n\t\t\t\t<input type=\"hidden\" name=\"sib_form_id\" value=\"54\">\n                <input type=\"hidden\" name=\"sib_form_alert_notice\" value=\"Bitte f\u00fclle das Feld aus\">\n                <input type=\"hidden\" name=\"sib_form_invalid_email_notice\" value=\"Deine E-Mail Adresse ist ung\u00fcltig\">\n                <input type=\"hidden\" name=\"sib_security\" value=\"4dd354e843\">\n\t\t\t\t<div class=\"sib_signup_box_inside_54\">\n\t\t\t\t\t<div style=\"\/*display:none*\/\" class=\"sib_msg_disp\">\n\t\t\t\t\t<\/div>\n                    \t\t\t\t\t<p style=\"font-size:21px;text-align:left;font-family: 'Helvetica',sans-serif;color:#2b85b9;background-color:transparent\"><strong>Jetzt Bewerbungsvorlage als Schreiner\/in anfordern und f\u00fcr den Newsletter anmelden<\/strong><\/p>\r\n<p class=\"sib-email-area\">\r\n    <label>E-Mail-Adresse <span style=\"color: red\">*<\/span><\/label>\r\n    <input type=\"email\" class=\"sib-email-area\" name=\"email\" required=\"required\" placeholder=\"E-Mail-Adresse\">\r\n<\/p>\r\n<p class=\"sib-terms\"><input type=\"checkbox\" name=\"terms\" required=\"required\"><label>Ich bin damit einverstanden, dass meine E-Mailadresse f\u00fcr Werbezwecke per Newsletter genutzt wird und akzeptiere die <a href=\"https:\/\/www.stellenanzeigen.de\/arbeitgeber\/datenschutzerklaerung\/\">Datenschutzerkl\u00e4rung <span style=\"color: red\">*<\/span><\/a><\/label><\/p>\r\n<p style=\"font-size:12px;text-align:left;font-family: 'Helvetica',sans-serif;color:#8390A4\">Du kannst den Newsletter jederzeit \u00fcber den Abmeldelink in der Fu\u00dfzeile unserer E-Mails abbestellen.<\/p>\r\n<input type=\"submit\" class=\"sib-default-btn\" value=\"Bewerbungsvorlage anfordern\">\t\t\t\t<\/div>\n\t\t\t<\/form>\n\t\t\t<style>\n\t\t\t\tform#sib_signup_form_54 p.sib-alert-message {\n    padding: 6px 12px;\n    margin-bottom: 20px;\n    border: 1px solid transparent;\n    border-radius: 4px;\n    -webkit-box-sizing: border-box;\n    -moz-box-sizing: border-box;\n    box-sizing: border-box;\n}\nform#sib_signup_form_54 p.sib-alert-message-error {\n    background-color: #f2dede;\n    border-color: #ebccd1;\n    color: #a94442;\n}\nform#sib_signup_form_54 p.sib-alert-message-success {\n    background-color: #dff0d8;\n    border-color: #d6e9c6;\n    color: #3c763d;\n}\nform#sib_signup_form_54 p.sib-alert-message-warning {\n    background-color: #fcf8e3;\n    border-color: #faebcc;\n    color: #8a6d3b;\n}\n\t\t\t<\/style>\n\t\t\t\n<\/div>\n<\/div>\n<\/div><\/div>\n","protected":false},"excerpt":{"rendered":"<p>Du m\u00f6chtest als Schreiner\/in arbeiten und suchst Mustervorlagen f\u00fcr die Bewerbung? Bei Stellenanzeigen.de kannst du dir die Musterbewerbung gratis herunterladen. &nbsp; Bestandteile der Musterbewerbung&#8230;<\/p>\n","protected":false},"author":106,"featured_media":0,"parent":14008,"menu_order":0,"comment_status":"closed","ping_status":"closed","template":"","meta":{"_uag_custom_page_level_css":""},"categories":[],"tags":[],"yoast_head":"<!-- This site is optimized with the Yoast SEO plugin v20.7 - https:\/\/yoast.com\/wordpress\/plugins\/seo\/ -->\n<title>Bewerbungsvorlage Schreiner\/in | careeasy - Dein Karrieremagazin<\/title>\n<meta name=\"description\" content=\"Bewerbungsvorlage Schreiner\/in -Bildquelle: www.istockphoto.com \/ Smederevac Du m\u00f6chtest als Schreiner\/in arbeiten und suchst Mustervorlagen f\u00fcr die\" \/>\n<meta name=\"robots\" content=\"index, follow, max-snippet:-1, max-image-preview:large, max-video-preview:-1\" \/>\n<link rel=\"canonical\" href=\"https:\/\/www.stellenanzeigen.de\/careeasy\/bewerbung\/bewerbungsvorlage-schreiner-in\/\" \/>\n<meta property=\"og:locale\" content=\"de_DE\" \/>\n<meta property=\"og:type\" content=\"article\" \/>\n<meta property=\"og:title\" content=\"Bewerbungsvorlage Schreiner\/in | careeasy - Dein Karrieremagazin\" \/>\n<meta property=\"og:description\" content=\"Bewerbungsvorlage Schreiner\/in -Bildquelle: www.istockphoto.com \/ Smederevac Du m\u00f6chtest als Schreiner\/in arbeiten und suchst Mustervorlagen f\u00fcr die\" \/>\n<meta property=\"og:url\" content=\"https:\/\/www.stellenanzeigen.de\/careeasy\/bewerbung\/bewerbungsvorlage-schreiner-in\/\" \/>\n<meta property=\"og:site_name\" content=\"careeasy - Dein Karrieremagazin\" \/>\n<meta property=\"article:publisher\" content=\"https:\/\/www.facebook.com\/stellenanzeigen.de\/\" \/>\n<meta property=\"article:modified_time\" content=\"2023-10-06T11:09:02+00:00\" \/>\n<meta property=\"og:image\" content=\"https:\/\/www.stellenanzeigen.de\/careeasy\/wp-content\/uploads\/2020\/05\/iStock-1127397639-978x653.jpg\" \/>\n<meta name=\"twitter:label1\" content=\"Gesch\u00e4tzte Lesezeit\" \/>\n\t<meta name=\"twitter:data1\" content=\"3 Minuten\" \/>\n<script type=\"application\/ld+json\" class=\"yoast-schema-graph\">{\"@context\":\"https:\/\/schema.org\",\"@graph\":[{\"@type\":\"WebPage\",\"@id\":\"https:\/\/www.stellenanzeigen.de\/careeasy\/bewerbung\/bewerbungsvorlage-schreiner-in\/\",\"url\":\"https:\/\/www.stellenanzeigen.de\/careeasy\/bewerbung\/bewerbungsvorlage-schreiner-in\/\",\"name\":\"Bewerbungsvorlage Schreiner\/in | careeasy - Dein Karrieremagazin\",\"isPartOf\":{\"@id\":\"https:\/\/www.stellenanzeigen.de\/careeasy\/#website\"},\"datePublished\":\"2020-05-27T10:36:56+00:00\",\"dateModified\":\"2023-10-06T11:09:02+00:00\",\"description\":\"Bewerbungsvorlage Schreiner\/in -Bildquelle: www.istockphoto.com \/ Smederevac Du m\u00f6chtest als Schreiner\/in arbeiten und suchst Mustervorlagen f\u00fcr die\",\"breadcrumb\":{\"@id\":\"https:\/\/www.stellenanzeigen.de\/careeasy\/bewerbung\/bewerbungsvorlage-schreiner-in\/#breadcrumb\"},\"inLanguage\":\"de-DE\",\"potentialAction\":[{\"@type\":\"ReadAction\",\"target\":[\"https:\/\/www.stellenanzeigen.de\/careeasy\/bewerbung\/bewerbungsvorlage-schreiner-in\/\"]}]},{\"@type\":\"BreadcrumbList\",\"@id\":\"https:\/\/www.stellenanzeigen.de\/careeasy\/bewerbung\/bewerbungsvorlage-schreiner-in\/#breadcrumb\",\"itemListElement\":[{\"@type\":\"ListItem\",\"position\":1,\"name\":\"Careeasy\",\"item\":\"https:\/\/www.stellenanzeigen.de\/careeasy\/\"},{\"@type\":\"ListItem\",\"position\":2,\"name\":\"Bewerbungsvorlagen &#038; Bewerbungsmuster\",\"item\":\"https:\/\/www.stellenanzeigen.de\/careeasy\/bewerbung\/\"},{\"@type\":\"ListItem\",\"position\":3,\"name\":\"Bewerbungsvorlage Schreiner\/in\"}]},{\"@type\":\"WebSite\",\"@id\":\"https:\/\/www.stellenanzeigen.de\/careeasy\/#website\",\"url\":\"https:\/\/www.stellenanzeigen.de\/careeasy\/\",\"name\":\"careeasy - Dein Karrieremagazin\",\"description\":\"\",\"publisher\":{\"@id\":\"https:\/\/www.stellenanzeigen.de\/careeasy\/#organization\"},\"potentialAction\":[{\"@type\":\"SearchAction\",\"target\":{\"@type\":\"EntryPoint\",\"urlTemplate\":\"https:\/\/www.stellenanzeigen.de\/careeasy\/?s={search_term_string}\"},\"query-input\":\"required name=search_term_string\"}],\"inLanguage\":\"de-DE\"},{\"@type\":\"Organization\",\"@id\":\"https:\/\/www.stellenanzeigen.de\/careeasy\/#organization\",\"name\":\"careeasy - Dein Karrieremagazin\",\"url\":\"https:\/\/www.stellenanzeigen.de\/careeasy\/\",\"logo\":{\"@type\":\"ImageObject\",\"inLanguage\":\"de-DE\",\"@id\":\"https:\/\/www.stellenanzeigen.de\/careeasy\/#\/schema\/logo\/image\/\",\"url\":\"https:\/\/www.stellenanzeigen.de\/careeasy\/wp-content\/uploads\/2024\/03\/careeasy_logo.jpg\",\"contentUrl\":\"https:\/\/www.stellenanzeigen.de\/careeasy\/wp-content\/uploads\/2024\/03\/careeasy_logo.jpg\",\"width\":701,\"height\":223,\"caption\":\"careeasy - Dein Karrieremagazin\"},\"image\":{\"@id\":\"https:\/\/www.stellenanzeigen.de\/careeasy\/#\/schema\/logo\/image\/\"},\"sameAs\":[\"https:\/\/www.facebook.com\/stellenanzeigen.de\/\"]}]}<\/script>\n<!-- \/ Yoast SEO plugin. -->","yoast_head_json":{"title":"Bewerbungsvorlage Schreiner\/in | careeasy - Dein Karrieremagazin","description":"Bewerbungsvorlage Schreiner\/in -Bildquelle: www.istockphoto.com \/ Smederevac Du m\u00f6chtest als Schreiner\/in arbeiten und suchst Mustervorlagen f\u00fcr die","robots":{"index":"index","follow":"follow","max-snippet":"max-snippet:-1","max-image-preview":"max-image-preview:large","max-video-preview":"max-video-preview:-1"},"canonical":"https:\/\/www.stellenanzeigen.de\/careeasy\/bewerbung\/bewerbungsvorlage-schreiner-in\/","og_locale":"de_DE","og_type":"article","og_title":"Bewerbungsvorlage Schreiner\/in | careeasy - Dein Karrieremagazin","og_description":"Bewerbungsvorlage Schreiner\/in -Bildquelle: www.istockphoto.com \/ Smederevac Du m\u00f6chtest als Schreiner\/in arbeiten und suchst Mustervorlagen f\u00fcr die","og_url":"https:\/\/www.stellenanzeigen.de\/careeasy\/bewerbung\/bewerbungsvorlage-schreiner-in\/","og_site_name":"careeasy - Dein Karrieremagazin","article_publisher":"https:\/\/www.facebook.com\/stellenanzeigen.de\/","article_modified_time":"2023-10-06T11:09:02+00:00","og_image":[{"url":"https:\/\/www.stellenanzeigen.de\/careeasy\/wp-content\/uploads\/2020\/05\/iStock-1127397639-978x653.jpg"}],"twitter_misc":{"Gesch\u00e4tzte Lesezeit":"3 Minuten"},"schema":{"@context":"https:\/\/schema.org","@graph":[{"@type":"WebPage","@id":"https:\/\/www.stellenanzeigen.de\/careeasy\/bewerbung\/bewerbungsvorlage-schreiner-in\/","url":"https:\/\/www.stellenanzeigen.de\/careeasy\/bewerbung\/bewerbungsvorlage-schreiner-in\/","name":"Bewerbungsvorlage Schreiner\/in | careeasy - Dein Karrieremagazin","isPartOf":{"@id":"https:\/\/www.stellenanzeigen.de\/careeasy\/#website"},"datePublished":"2020-05-27T10:36:56+00:00","dateModified":"2023-10-06T11:09:02+00:00","description":"Bewerbungsvorlage Schreiner\/in -Bildquelle: www.istockphoto.com \/ Smederevac Du m\u00f6chtest als Schreiner\/in arbeiten und suchst Mustervorlagen f\u00fcr die","breadcrumb":{"@id":"https:\/\/www.stellenanzeigen.de\/careeasy\/bewerbung\/bewerbungsvorlage-schreiner-in\/#breadcrumb"},"inLanguage":"de-DE","potentialAction":[{"@type":"ReadAction","target":["https:\/\/www.stellenanzeigen.de\/careeasy\/bewerbung\/bewerbungsvorlage-schreiner-in\/"]}]},{"@type":"BreadcrumbList","@id":"https:\/\/www.stellenanzeigen.de\/careeasy\/bewerbung\/bewerbungsvorlage-schreiner-in\/#breadcrumb","itemListElement":[{"@type":"ListItem","position":1,"name":"Careeasy","item":"https:\/\/www.stellenanzeigen.de\/careeasy\/"},{"@type":"ListItem","position":2,"name":"Bewerbungsvorlagen &#038; Bewerbungsmuster","item":"https:\/\/www.stellenanzeigen.de\/careeasy\/bewerbung\/"},{"@type":"ListItem","position":3,"name":"Bewerbungsvorlage Schreiner\/in"}]},{"@type":"WebSite","@id":"https:\/\/www.stellenanzeigen.de\/careeasy\/#website","url":"https:\/\/www.stellenanzeigen.de\/careeasy\/","name":"careeasy - Dein Karrieremagazin","description":"","publisher":{"@id":"https:\/\/www.stellenanzeigen.de\/careeasy\/#organization"},"potentialAction":[{"@type":"SearchAction","target":{"@type":"EntryPoint","urlTemplate":"https:\/\/www.stellenanzeigen.de\/careeasy\/?s={search_term_string}"},"query-input":"required name=search_term_string"}],"inLanguage":"de-DE"},{"@type":"Organization","@id":"https:\/\/www.stellenanzeigen.de\/careeasy\/#organization","name":"careeasy - Dein Karrieremagazin","url":"https:\/\/www.stellenanzeigen.de\/careeasy\/","logo":{"@type":"ImageObject","inLanguage":"de-DE","@id":"https:\/\/www.stellenanzeigen.de\/careeasy\/#\/schema\/logo\/image\/","url":"https:\/\/www.stellenanzeigen.de\/careeasy\/wp-content\/uploads\/2024\/03\/careeasy_logo.jpg","contentUrl":"https:\/\/www.stellenanzeigen.de\/careeasy\/wp-content\/uploads\/2024\/03\/careeasy_logo.jpg","width":701,"height":223,"caption":"careeasy - Dein Karrieremagazin"},"image":{"@id":"https:\/\/www.stellenanzeigen.de\/careeasy\/#\/schema\/logo\/image\/"},"sameAs":["https:\/\/www.facebook.com\/stellenanzeigen.de\/"]}]}},"uagb_featured_image_src":{"full":false,"thumbnail":false,"medium":false,"medium_large":false,"large":false,"1536x1536":false,"2048x2048":false,"neomag-medium":false,"neomag-big":false,"neomag-large":false,"neomag-huge":false},"uagb_author_info":{"display_name":"Marina Pavel","author_link":"https:\/\/www.stellenanzeigen.de\/careeasy\/author\/marina\/"},"uagb_comment_info":0,"uagb_excerpt":"Du m\u00f6chtest als Schreiner\/in arbeiten und suchst Mustervorlagen f\u00fcr die Bewerbung? Bei Stellenanzeigen.de kannst du dir die Musterbewerbung gratis herunterladen. &nbsp; Bestandteile der Musterbewerbung...","_links":{"self":[{"href":"https:\/\/www.stellenanzeigen.de\/careeasy\/wp-json\/wp\/v2\/pages\/85699"}],"collection":[{"href":"https:\/\/www.stellenanzeigen.de\/careeasy\/wp-json\/wp\/v2\/pages"}],"about":[{"href":"https:\/\/www.stellenanzeigen.de\/careeasy\/wp-json\/wp\/v2\/types\/page"}],"author":[{"embeddable":true,"href":"https:\/\/www.stellenanzeigen.de\/careeasy\/wp-json\/wp\/v2\/users\/106"}],"replies":[{"embeddable":true,"href":"https:\/\/www.stellenanzeigen.de\/careeasy\/wp-json\/wp\/v2\/comments?post=85699"}],"version-history":[{"count":11,"href":"https:\/\/www.stellenanzeigen.de\/careeasy\/wp-json\/wp\/v2\/pages\/85699\/revisions"}],"predecessor-version":[{"id":113073,"href":"https:\/\/www.stellenanzeigen.de\/careeasy\/wp-json\/wp\/v2\/pages\/85699\/revisions\/113073"}],"up":[{"embeddable":true,"href":"https:\/\/www.stellenanzeigen.de\/careeasy\/wp-json\/wp\/v2\/pages\/14008"}],"wp:attachment":[{"href":"https:\/\/www.stellenanzeigen.de\/careeasy\/wp-json\/wp\/v2\/media?parent=85699"}],"wp:term":[{"taxonomy":"category","embeddable":true,"href":"https:\/\/www.stellenanzeigen.de\/careeasy\/wp-json\/wp\/v2\/categories?post=85699"},{"taxonomy":"post_tag","embeddable":true,"href":"https:\/\/www.stellenanzeigen.de\/careeasy\/wp-json\/wp\/v2\/tags?post=85699"}],"curies":[{"name":"wp","href":"https:\/\/api.w.org\/{rel}","templated":true}]}}