{"id":73261,"date":"2020-05-14T09:33:41","date_gmt":"2020-05-14T09:33:41","guid":{"rendered":"https:\/\/www.stellenanzeigen.de\/careeasy\/?page_id=73261"},"modified":"2023-10-06T13:08:51","modified_gmt":"2023-10-06T11:08:51","slug":"gehaltscheck","status":"publish","type":"page","link":"https:\/\/www.stellenanzeigen.de\/careeasy\/gehaltscheck\/","title":{"rendered":"Gehaltscheck"},"content":{"rendered":"<h2><span class=\"ez-toc-section\" id=\"Moechtest_Du_einen_Amazon_Gutschein_im_Wert_von_50_Euro_gewinnen\"><\/span>M\u00f6chtest Du einen Amazon Gutschein im Wert von 50 Euro gewinnen?<span class=\"ez-toc-section-end\"><\/span><\/h2>\n<h2><span class=\"ez-toc-section\" id=\"Dann_nimm_Dir_2_Minuten_Zeit_und_sei_ein_Teil_unserer_Gehaltsumfrage\"><\/span>Dann nimm Dir 2 Minuten Zeit und sei ein Teil unserer Gehaltsumfrage!<span class=\"ez-toc-section-end\"><\/span><\/h2>\n<h3><span style=\"color: #ff0000;\"><strong>Hier klicken zur Teilnahme!<\/strong><\/span><\/h3>\n<figure id=\"attachment_74923\" aria-describedby=\"caption-attachment-74923\" style=\"width: 724px\" class=\"wp-caption alignnone\"><img decoding=\"async\" loading=\"lazy\" class=\"wp-image-74923 size-full\" src=\"https:\/\/www.stellenanzeigen.de\/careeasy\/wp-content\/uploads\/2020\/05\/gehaltscheck.jpg\" alt=\"Gehaltscheck\" width=\"724\" height=\"483\" srcset=\"https:\/\/www.stellenanzeigen.de\/careeasy\/wp-content\/uploads\/2020\/05\/gehaltscheck.jpg 724w, https:\/\/www.stellenanzeigen.de\/careeasy\/wp-content\/uploads\/2020\/05\/gehaltscheck-272x182.jpg 272w\" sizes=\"(max-width: 724px) 100vw, 724px\" \/><figcaption id=\"caption-attachment-74923\" class=\"wp-caption-text\">Gehaltscheck &#8211; Copyright: vege<\/figcaption><\/figure>\n<p><a href=\"https:\/\/www.stellenanzeigen.de\/careeasy\/teilnahmebedingungen\/\">Teilnahmebedingungen<\/a><\/p><div id=\"ez-toc-container\" class=\"ez-toc-v2_0_62 counter-hierarchy ez-toc-counter ez-toc-grey ez-toc-container-direction\">\n<div class=\"ez-toc-title-container\">\n<p class=\"ez-toc-title \" >Inhaltsverzeichnis<\/p>\n<span class=\"ez-toc-title-toggle\"><\/span><\/div>\n<nav><ul class='ez-toc-list ez-toc-list-level-1 ' ><li class='ez-toc-page-1 ez-toc-heading-level-2'><a class=\"ez-toc-link ez-toc-heading-1\" href=\"https:\/\/www.stellenanzeigen.de\/careeasy\/gehaltscheck\/#Moechtest_Du_einen_Amazon_Gutschein_im_Wert_von_50_Euro_gewinnen\" title=\"M\u00f6chtest Du einen Amazon Gutschein im Wert von 50 Euro gewinnen?\">M\u00f6chtest Du einen Amazon Gutschein im Wert von 50 Euro gewinnen?<\/a><\/li><li class='ez-toc-page-1 ez-toc-heading-level-2'><a class=\"ez-toc-link ez-toc-heading-2\" href=\"https:\/\/www.stellenanzeigen.de\/careeasy\/gehaltscheck\/#Dann_nimm_Dir_2_Minuten_Zeit_und_sei_ein_Teil_unserer_Gehaltsumfrage\" title=\"Dann nimm Dir 2 Minuten Zeit und sei ein Teil unserer Gehaltsumfrage!\">Dann nimm Dir 2 Minuten Zeit und sei ein Teil unserer Gehaltsumfrage!<\/a><\/li><li class='ez-toc-page-1 ez-toc-heading-level-2'><a class=\"ez-toc-link ez-toc-heading-3\" href=\"https:\/\/www.stellenanzeigen.de\/careeasy\/gehaltscheck\/#Gehaltsvergleich_Warum_solltest_du_ihn_durchfuehren\" title=\"Gehaltsvergleich: Warum solltest du ihn durchf\u00fchren?\">Gehaltsvergleich: Warum solltest du ihn durchf\u00fchren?<\/a><\/li><li class='ez-toc-page-1 ez-toc-heading-level-2'><a class=\"ez-toc-link ez-toc-heading-4\" href=\"https:\/\/www.stellenanzeigen.de\/careeasy\/gehaltscheck\/#Gehaltsvergleich_Wie_gehst_du_am_besten_vor\" title=\"Gehaltsvergleich: Wie gehst du am besten vor?\">Gehaltsvergleich: Wie gehst du am besten vor?<\/a><\/li><li class='ez-toc-page-1 ez-toc-heading-level-2'><a class=\"ez-toc-link ez-toc-heading-5\" href=\"https:\/\/www.stellenanzeigen.de\/careeasy\/gehaltscheck\/#Gehaltsvergleich_%E2%80%93_Wie_du_die_Ergebnisse_sinnvoll_im_Bewerbungsprozess_nutzt\" title=\"Gehaltsvergleich \u2013 Wie du die Ergebnisse sinnvoll im Bewerbungsprozess nutzt\">Gehaltsvergleich \u2013 Wie du die Ergebnisse sinnvoll im Bewerbungsprozess nutzt<\/a><\/li><li class='ez-toc-page-1 ez-toc-heading-level-2'><a class=\"ez-toc-link ez-toc-heading-6\" href=\"https:\/\/www.stellenanzeigen.de\/careeasy\/gehaltscheck\/#Gehaltsumfrage_deine_Vorteile\" title=\"Gehaltsumfrage: deine Vorteile\">Gehaltsumfrage: deine Vorteile<\/a><\/li><\/ul><\/nav><\/div>\n\n<div class=\"tab-content\">\n<div id=\"tab_original_text\" class=\"tab-pane active\">\n<div class=\"tab-pane-content\">\n<div class=\"slim-scroll-tab tab-content\">\n<div id=\"preview_originaltext\" class=\"tab-pane html-preview-tab-content active\">\n<div class=\"no-scroll\">\n<div class=\"text-content\">\n<h2><span class=\"ez-toc-section\" id=\"Gehaltsvergleich_Warum_solltest_du_ihn_durchfuehren\"><\/span>Gehaltsvergleich: Warum solltest du ihn durchf\u00fchren?<span class=\"ez-toc-section-end\"><\/span><\/h2>\n<p>Du suchst einen neuen Job und willst dich nicht unter deinem Wert verkaufen? Das ist verst\u00e4ndlich! Da in Deutschland Gehaltsangaben ein heikles Thema sind, kann es schwierig sein die Idealangabe zu finden. Wenn du zu viel oder zu wenig verlangst, wirst du in Bewerbungsverfahren schnell aussortiert.<\/p>\n<\/div>\n<div class=\"text-content\">Aber: Kein Problem, hier kannst du kostenlos einen Gehaltscheck durchf\u00fchren und wei\u00dft sofort, welche Angaben realistisch sind. <a href=\"https:\/\/www.stellenanzeigen.de\/gehalt-vergleich\/\">Gehe auf unseren Gehaltsvergleich<\/a> und checke wie hoch die aktuellen Geh\u00e4lter liegen.<\/div>\n<div><\/div>\n<div class=\"text-content\">Bei wenigen Stellen steht dein Verdienst im Voraus fest. Du hast also selbst einen gewissen Einfluss auf dein Einkommen. Deshalb ist es sinnvoll, wenn du vor deiner Bewerbung einen Gehaltsvergleich durchf\u00fchrst. Wenn du wei\u00dft, was andere Personen in diesem Bereich verdienen, bist du im Bewerbungsprozess klar im Vorteil. Einerseits vermeidest du es, aufgrund unrealistischer Gehaltsvorstellungen aussortiert zu werden oder unsicher zu wirken, andererseits entkommst du unterbezahlten Angeboten.<br \/>\nWenn du eine Fortbildung anstrebst und dabei einen neuen Abschluss erwirbst, lohnt es sich ebenfalls vorab einen Gehaltsvergleich durchzuf\u00fchren. Dann kannst du dir ausrechnen, zu welchem Zeitpunkt du die Weiterbildungskosten wieder reingearbeitet hast.<\/div>\n<div class=\"text-content\">\n<p>Auch wenn du in einem bestehenden Arbeitsverh\u00e4ltnis bist, macht ein Gehaltscheck Sinn. So kannst du vorab ermitteln, ob die Bitte um eine <a class=\"wpil_keyword_link\" href=\"https:\/\/www.stellenanzeigen.de\/careeasy\/gehaltserhoehung-ueberzeugend-argumentieren-sde11963\/\"   title=\"Gehaltserh\u00f6hung\" data-wpil-keyword-link=\"linked\">Gehaltserh\u00f6hung<\/a> eine Chance hat. Du kannst \u00fcberdies herausfinden, in welchen Rahmen sich deine Anforderungen bewegen sollten. Falls deinem Wunsch nicht entsprochen werden kann, kannst du dar\u00fcber nachdenken dich nach einer neuen Stelle umzuschauen. Nat\u00fcrlich macht dies nur Sinn, wenn du deutlich unter dem Durchschnitt liegst.<\/p>\n<h2><span class=\"ez-toc-section\" id=\"Gehaltsvergleich_Wie_gehst_du_am_besten_vor\"><\/span>Gehaltsvergleich: Wie gehst du am besten vor?<span class=\"ez-toc-section-end\"><\/span><\/h2>\n<p>Wenn du deinen Zielberuf kennst, kannst du diesen gezielt aus der alphabetisch sortierten Liste ausw\u00e4hlen. Dann erh\u00e4ltst du eine Grafik, in der dir die Durchschnittsgeh\u00e4lter in diesem Beruf angezeigt werden. Du kannst ablesen, wie hoch dein Mindestgehalt sein sollte, wo der Durchschnitt aus allen Daten liegt und wie hoch das Maximalgehalt ist. Beachte dabei, dass es sich um Jahresgeh\u00e4lter handelt.<\/p>\n<\/div>\n<div class=\"text-content\">Durch die Leiste hast du einen \u00dcberblick, wie viel du ungef\u00e4hr als Berufsanf\u00e4nger verdienen solltest und wie deine Gehaltsentwicklung aussehen k\u00f6nnte. Selbstverst\u00e4ndlich gibt es Abweichungen, je nach Region, in der du arbeitest. Zur besseren Einsch\u00e4tzung sind daher direkt darunter noch die Durchschnittsgeh\u00e4lter verschiedener Gro\u00dfst\u00e4dte angegeben. Wenn du dann noch wissen willst, wie viel dir netto von deinem Lohn \u00fcbrig bleibt, kannst du den Gehaltsrechner rechts auf der Seite benutzen.<br \/>\nSo erh\u00e4ltst du beispielsweise als <a href=\"https:\/\/www.stellenanzeigen.de\/gehalt-vergleich\/krankenschwester\/\">Krankenschwester<\/a> die Information, dass das Mindestgehalt in diesem Beruf bei 25028 Euro liegt, das Durchschnittsgehalt bei 37766 Euro und das Maximalgehalt, jeweils ermittelt aus den Daten der Gehaltsumfrage, bei 50280 liegt. Beim St\u00e4dtevergleich erf\u00e4hrst du, dass das Durchschnittsgehalt mit 48269 Euro in Stuttgart am besten ist und in <a href=\"https:\/\/www.stellenanzeigen.de\/gehalt-vergleich\/krankenschwester\/leipzig\/\">Leipzig mit 33668 Euro<\/a> am niedrigsten ausf\u00e4llt.<br \/>\nDu m\u00f6chtest dich fortbilden? Daf\u00fcr musst du in der Regel Geld investieren. Daher lohnt sich ebenfalls vorab ein Blick auf deine potentielle Gehaltsaussicht im angedachten Zielberuf. Wenn du beispielsweise die Weiterbildung zur Fachkrankenschwester in einem bestimmten medizinischen Fachgebiet anstrebst, erh\u00e4ltst du im Anschluss ein Durchschnittsgehalt von 39362 Euro j\u00e4hrlich und kannst bis zu einem Maximalgehalt von durchschnittlich 54459 Euro j\u00e4hrlich aufsteigen. Nat\u00fcrlich solltest du auch hier wieder einen Blick auf das Gehalt in deiner Region werfen.<\/div>\n<div class=\"text-content\">\n<p>Wenn du deinen Zielberuf noch nicht genau kennst, oder dein Gehalt mit \u00e4hnlichen Berufen vergleichen m\u00f6chtest, ist der Gehaltscheck ebenfalls praktisch. Du w\u00e4hlst einen Beruf aus der Liste aus, l\u00e4sst dir das Gehalt anzeigen und erh\u00e4ltst direkt unter den Gehaltswerten aktuelle <a href=\"https:\/\/www.stellenanzeigen.de\/glossar\/\">Stellenangebote<\/a> angezeigt. Wenn du dir die Titel anschaust, kommst du eventuell auf neue Ideen f\u00fcr neue M\u00f6glichkeiten und kannst abgleichen, wie die Verdienstaussichten bei verwandten Berufsbezeichnungen sind. So kannst du beispielsweise bei der Krankenschwester einen <a href=\"https:\/\/www.stellenanzeigen.de\/gehalt-vergleich\/\">Gehaltsvergleich<\/a> mit dem Krankenpfleger\/der Krankenpflegerin oder dem\/der Heilerziehungspfleger\/in machen.<\/p>\n<h2><span class=\"ez-toc-section\" id=\"Gehaltsvergleich_%E2%80%93_Wie_du_die_Ergebnisse_sinnvoll_im_Bewerbungsprozess_nutzt\"><\/span>Gehaltsvergleich \u2013 Wie du die Ergebnisse sinnvoll im Bewerbungsprozess nutzt<span class=\"ez-toc-section-end\"><\/span><\/h2>\n<p>Nach einem Gehaltsvergleich kannst du in Bewerbungsverfahren sicherer auftreten. Lediglich bei tariflich gezahlten Stellen ist dein Verdienst im Voraus relativ sicher festgelegt. Allerdings gibt es sogar hier unterschiedliche Abstufungen, die deine Berufserfahrung ber\u00fccksichtigen. Daher lohnt es sich, vorab einen Gehaltscheck durchzuf\u00fchren und zu schauen, wie beispielsweise ein Berufseinsteiger im Allgemeinen verg\u00fctet wird. Bei Jobangeboten, die sich nicht an einem Tarif orientieren, wird oft bereits im Anschreiben die Angabe eines Gehaltswunsches erwartet. Findest du also in der Stellenanzeige eine Formulierung wie beispielsweise \u201eSende deine Bewerbung, inklusive Angabe deiner Gehaltsvorstellung\u201c, musst du auf jeden Fall hierzu etwas schreiben. Die Firma sieht dabei lieber eine konkrete Zahl oder zumindest eine Gehaltsspanne, als eine ausweichende Formulierung. W\u00e4hle also aus dem Gehaltsvergleich, die Zahl, die zu dir passt und forme daraus eine runde Summe. Wenn du Berufseinsteiger\/in als Krankenschwester bist, schreibst du also beispielsweise statt 25028 den gerundeten Betrag von 25000 Euro. Du darfst nat\u00fcrlich auch ein wenig aufrunden und 25500 Euro angeben. Zu sehr solltest du aber nicht von dem im Gehaltscheck ermittelten Wert abweichen. Ber\u00fccksichtige dabei auch, in welcher Region du wohnst. Bei <a class=\"wpil_keyword_link\" href=\"https:\/\/www.stellenanzeigen.de\/jobs\/leipzig\/\" target=\"_blank\" rel=\"noopener\" title=\"Leipzig\" data-wpil-keyword-link=\"linked\">Leipzig<\/a> und Umgebung solltest du also eher abrunden, bei Stuttgart und Umgebung kannst du aufrunden.<\/p>\n<\/div>\n<div class=\"text-content\">\n<p>Falls im Anschreiben noch keine Angaben zum Gehalt verlangt werden, hebst du dir dein wertvolles Hintergrundwissen f\u00fcrs Vorstellungsgespr\u00e4ch auf. Sp\u00e4testens hier wird es ein Thema sein. Wenn du Daten im Hinterkopf hast, die durch eine Gehaltsumfrage ermittelt wurden, wird dir dies eine gewisse Sicherheit mitgeben. So kannst du bei deinen Angaben \u00fcberzeugt auftreten, was dir deutliche Vorteile gegen\u00fcber anderen Bewerbern verschaffen kann. Auch im pers\u00f6nlichen Gespr\u00e4ch sind \u00fcbrigens runde Betr\u00e4ge als Antwort erw\u00fcnscht. Du kannst beispielsweise eine Formulierung w\u00e4hlen wie \u201eDer Durchschnittsverdienst einer Krankenschwester liegt in Stuttgart bei ungef\u00e4hr 48300 Euro j\u00e4hrlich, das finde ich angemessen.\u201c Selbstverst\u00e4ndlich solltest du auch hier deine Berufserfahrung ber\u00fccksichtigen. Als Berufseinsteiger w\u00e4re der Wert zu hoch angesetzt.<\/p>\n<h2><span class=\"ez-toc-section\" id=\"Gehaltsumfrage_deine_Vorteile\"><\/span>Gehaltsumfrage: deine Vorteile<span class=\"ez-toc-section-end\"><\/span><\/h2>\n<p>Bestimmt helfen dir die Daten deiner \u201eMitstreiter\u201cweiter. Der Gehaltsvergleich kann dich in deinem Berufsleben weiter bringen. Willst du dich revanchieren und anderen ebenfalls etwas Gutes tun? Dann z\u00f6gere nicht, und nimm an der Gehaltsumfrage teil. Deine Angaben werden selbstverst\u00e4ndlich anonymisiert und in die Gesamtdaten einbezogen, so dass niemand wei\u00df, dass es sich um deine Angaben handelt. Also niemand au\u00dfer uns, denn wir brauchen deine Daten f\u00fcr unser Gewinnspiel. Mit deinen Werten hilfst du nicht nur zahlreichen Menschen in Deutschland, du kannst \u00fcberdies einen Amazon-Gutschein im Wert von 50 Euro gewinnen. Das Ausf\u00fcllen der Gehaltsumfrage dauert lediglich 2 Minuten. So kannst du ohne gro\u00dfen Aufwand viel bewirken und mit etwas Gl\u00fcck bist du bei den monatlichen Gewinnern dabei. Wenn du 18 bist und anderen Leuten im Berufsleben helfen willst, z\u00f6gere nicht und nimm an unserer Gehaltsumfrage teil.<\/p>\n<\/div>\n<\/div>\n<\/div>\n<div id=\"html-source_originaltext\" class=\"tab-pane html-preview-tab-content \">\n<div class=\"highlight no-scroll\">\n<div>\n<pre><code><\/code><\/pre>\n<\/div>\n<\/div>\n<\/div>\n<\/div>\n<\/div>\n<\/div>\n<\/div>\n","protected":false},"excerpt":{"rendered":"<p>M\u00f6chtest Du einen Amazon Gutschein im Wert von 50 Euro gewinnen? Dann nimm Dir 2 Minuten Zeit und sei ein Teil unserer Gehaltsumfrage! Hier&#8230;<\/p>\n","protected":false},"author":129,"featured_media":0,"parent":0,"menu_order":0,"comment_status":"closed","ping_status":"closed","template":"","meta":{"_uag_custom_page_level_css":""},"categories":[],"tags":[],"yoast_head":"<!-- This site is optimized with the Yoast SEO plugin v20.7 - https:\/\/yoast.com\/wordpress\/plugins\/seo\/ -->\n<title>Gehaltscheck:Gehaltsumfrage - Amazon Gutschein gewinnen<\/title>\n<meta name=\"description\" content=\"M\u00f6chtest Du einen Amazon Gutschein im Wert von 50 Euro gewinnen? Dann nimm Dir 2 Minuten Zeit und sei ein Teil unserer Gerhaltsumfrage! Gehaltscheck jetzt\" \/>\n<meta name=\"robots\" content=\"index, follow, max-snippet:-1, max-image-preview:large, max-video-preview:-1\" \/>\n<link rel=\"canonical\" href=\"https:\/\/www.stellenanzeigen.de\/careeasy\/gehaltscheck\/\" \/>\n<meta property=\"og:locale\" content=\"de_DE\" \/>\n<meta property=\"og:type\" content=\"article\" \/>\n<meta property=\"og:title\" content=\"Gehaltscheck:Gehaltsumfrage - Amazon Gutschein gewinnen\" \/>\n<meta property=\"og:description\" content=\"M\u00f6chtest Du einen Amazon Gutschein im Wert von 50 Euro gewinnen? Dann nimm Dir 2 Minuten Zeit und sei ein Teil unserer Gerhaltsumfrage! Gehaltscheck jetzt\" \/>\n<meta property=\"og:url\" content=\"https:\/\/www.stellenanzeigen.de\/careeasy\/gehaltscheck\/\" \/>\n<meta property=\"og:site_name\" content=\"careeasy - Dein Karrieremagazin\" \/>\n<meta property=\"article:publisher\" content=\"https:\/\/www.facebook.com\/stellenanzeigen.de\/\" \/>\n<meta property=\"article:modified_time\" content=\"2023-10-06T11:08:51+00:00\" \/>\n<meta property=\"og:image\" content=\"https:\/\/www.stellenanzeigen.de\/careeasy\/wp-content\/uploads\/2020\/05\/gehaltscheck.jpg\" \/>\n<meta name=\"twitter:label1\" content=\"Gesch\u00e4tzte Lesezeit\" \/>\n\t<meta name=\"twitter:data1\" content=\"6 Minuten\" \/>\n<script type=\"application\/ld+json\" class=\"yoast-schema-graph\">{\"@context\":\"https:\/\/schema.org\",\"@graph\":[{\"@type\":\"WebPage\",\"@id\":\"https:\/\/www.stellenanzeigen.de\/careeasy\/gehaltscheck\/\",\"url\":\"https:\/\/www.stellenanzeigen.de\/careeasy\/gehaltscheck\/\",\"name\":\"Gehaltscheck:Gehaltsumfrage - Amazon Gutschein gewinnen\",\"isPartOf\":{\"@id\":\"https:\/\/www.stellenanzeigen.de\/careeasy\/#website\"},\"datePublished\":\"2020-05-14T09:33:41+00:00\",\"dateModified\":\"2023-10-06T11:08:51+00:00\",\"description\":\"M\u00f6chtest Du einen Amazon Gutschein im Wert von 50 Euro gewinnen? Dann nimm Dir 2 Minuten Zeit und sei ein Teil unserer Gerhaltsumfrage! Gehaltscheck jetzt\",\"breadcrumb\":{\"@id\":\"https:\/\/www.stellenanzeigen.de\/careeasy\/gehaltscheck\/#breadcrumb\"},\"inLanguage\":\"de-DE\",\"potentialAction\":[{\"@type\":\"ReadAction\",\"target\":[\"https:\/\/www.stellenanzeigen.de\/careeasy\/gehaltscheck\/\"]}]},{\"@type\":\"BreadcrumbList\",\"@id\":\"https:\/\/www.stellenanzeigen.de\/careeasy\/gehaltscheck\/#breadcrumb\",\"itemListElement\":[{\"@type\":\"ListItem\",\"position\":1,\"name\":\"Careeasy\",\"item\":\"https:\/\/www.stellenanzeigen.de\/careeasy\/\"},{\"@type\":\"ListItem\",\"position\":2,\"name\":\"Gehaltscheck\"}]},{\"@type\":\"WebSite\",\"@id\":\"https:\/\/www.stellenanzeigen.de\/careeasy\/#website\",\"url\":\"https:\/\/www.stellenanzeigen.de\/careeasy\/\",\"name\":\"careeasy - Dein Karrieremagazin\",\"description\":\"\",\"publisher\":{\"@id\":\"https:\/\/www.stellenanzeigen.de\/careeasy\/#organization\"},\"potentialAction\":[{\"@type\":\"SearchAction\",\"target\":{\"@type\":\"EntryPoint\",\"urlTemplate\":\"https:\/\/www.stellenanzeigen.de\/careeasy\/?s={search_term_string}\"},\"query-input\":\"required name=search_term_string\"}],\"inLanguage\":\"de-DE\"},{\"@type\":\"Organization\",\"@id\":\"https:\/\/www.stellenanzeigen.de\/careeasy\/#organization\",\"name\":\"careeasy - Dein Karrieremagazin\",\"url\":\"https:\/\/www.stellenanzeigen.de\/careeasy\/\",\"logo\":{\"@type\":\"ImageObject\",\"inLanguage\":\"de-DE\",\"@id\":\"https:\/\/www.stellenanzeigen.de\/careeasy\/#\/schema\/logo\/image\/\",\"url\":\"https:\/\/www.stellenanzeigen.de\/careeasy\/wp-content\/uploads\/2024\/03\/careeasy_logo.jpg\",\"contentUrl\":\"https:\/\/www.stellenanzeigen.de\/careeasy\/wp-content\/uploads\/2024\/03\/careeasy_logo.jpg\",\"width\":701,\"height\":223,\"caption\":\"careeasy - Dein Karrieremagazin\"},\"image\":{\"@id\":\"https:\/\/www.stellenanzeigen.de\/careeasy\/#\/schema\/logo\/image\/\"},\"sameAs\":[\"https:\/\/www.facebook.com\/stellenanzeigen.de\/\"]}]}<\/script>\n<!-- \/ Yoast SEO plugin. -->","yoast_head_json":{"title":"Gehaltscheck:Gehaltsumfrage - Amazon Gutschein gewinnen","description":"M\u00f6chtest Du einen Amazon Gutschein im Wert von 50 Euro gewinnen? Dann nimm Dir 2 Minuten Zeit und sei ein Teil unserer Gerhaltsumfrage! Gehaltscheck jetzt","robots":{"index":"index","follow":"follow","max-snippet":"max-snippet:-1","max-image-preview":"max-image-preview:large","max-video-preview":"max-video-preview:-1"},"canonical":"https:\/\/www.stellenanzeigen.de\/careeasy\/gehaltscheck\/","og_locale":"de_DE","og_type":"article","og_title":"Gehaltscheck:Gehaltsumfrage - Amazon Gutschein gewinnen","og_description":"M\u00f6chtest Du einen Amazon Gutschein im Wert von 50 Euro gewinnen? Dann nimm Dir 2 Minuten Zeit und sei ein Teil unserer Gerhaltsumfrage! Gehaltscheck jetzt","og_url":"https:\/\/www.stellenanzeigen.de\/careeasy\/gehaltscheck\/","og_site_name":"careeasy - Dein Karrieremagazin","article_publisher":"https:\/\/www.facebook.com\/stellenanzeigen.de\/","article_modified_time":"2023-10-06T11:08:51+00:00","og_image":[{"url":"https:\/\/www.stellenanzeigen.de\/careeasy\/wp-content\/uploads\/2020\/05\/gehaltscheck.jpg"}],"twitter_misc":{"Gesch\u00e4tzte Lesezeit":"6 Minuten"},"schema":{"@context":"https:\/\/schema.org","@graph":[{"@type":"WebPage","@id":"https:\/\/www.stellenanzeigen.de\/careeasy\/gehaltscheck\/","url":"https:\/\/www.stellenanzeigen.de\/careeasy\/gehaltscheck\/","name":"Gehaltscheck:Gehaltsumfrage - Amazon Gutschein gewinnen","isPartOf":{"@id":"https:\/\/www.stellenanzeigen.de\/careeasy\/#website"},"datePublished":"2020-05-14T09:33:41+00:00","dateModified":"2023-10-06T11:08:51+00:00","description":"M\u00f6chtest Du einen Amazon Gutschein im Wert von 50 Euro gewinnen? Dann nimm Dir 2 Minuten Zeit und sei ein Teil unserer Gerhaltsumfrage! Gehaltscheck jetzt","breadcrumb":{"@id":"https:\/\/www.stellenanzeigen.de\/careeasy\/gehaltscheck\/#breadcrumb"},"inLanguage":"de-DE","potentialAction":[{"@type":"ReadAction","target":["https:\/\/www.stellenanzeigen.de\/careeasy\/gehaltscheck\/"]}]},{"@type":"BreadcrumbList","@id":"https:\/\/www.stellenanzeigen.de\/careeasy\/gehaltscheck\/#breadcrumb","itemListElement":[{"@type":"ListItem","position":1,"name":"Careeasy","item":"https:\/\/www.stellenanzeigen.de\/careeasy\/"},{"@type":"ListItem","position":2,"name":"Gehaltscheck"}]},{"@type":"WebSite","@id":"https:\/\/www.stellenanzeigen.de\/careeasy\/#website","url":"https:\/\/www.stellenanzeigen.de\/careeasy\/","name":"careeasy - Dein Karrieremagazin","description":"","publisher":{"@id":"https:\/\/www.stellenanzeigen.de\/careeasy\/#organization"},"potentialAction":[{"@type":"SearchAction","target":{"@type":"EntryPoint","urlTemplate":"https:\/\/www.stellenanzeigen.de\/careeasy\/?s={search_term_string}"},"query-input":"required name=search_term_string"}],"inLanguage":"de-DE"},{"@type":"Organization","@id":"https:\/\/www.stellenanzeigen.de\/careeasy\/#organization","name":"careeasy - Dein Karrieremagazin","url":"https:\/\/www.stellenanzeigen.de\/careeasy\/","logo":{"@type":"ImageObject","inLanguage":"de-DE","@id":"https:\/\/www.stellenanzeigen.de\/careeasy\/#\/schema\/logo\/image\/","url":"https:\/\/www.stellenanzeigen.de\/careeasy\/wp-content\/uploads\/2024\/03\/careeasy_logo.jpg","contentUrl":"https:\/\/www.stellenanzeigen.de\/careeasy\/wp-content\/uploads\/2024\/03\/careeasy_logo.jpg","width":701,"height":223,"caption":"careeasy - Dein Karrieremagazin"},"image":{"@id":"https:\/\/www.stellenanzeigen.de\/careeasy\/#\/schema\/logo\/image\/"},"sameAs":["https:\/\/www.facebook.com\/stellenanzeigen.de\/"]}]}},"uagb_featured_image_src":{"full":false,"thumbnail":false,"medium":false,"medium_large":false,"large":false,"1536x1536":false,"2048x2048":false,"neomag-medium":false,"neomag-big":false,"neomag-large":false,"neomag-huge":false},"uagb_author_info":{"display_name":"Simone Erber","author_link":"https:\/\/www.stellenanzeigen.de\/careeasy\/author\/simone-erber\/"},"uagb_comment_info":0,"uagb_excerpt":"M\u00f6chtest Du einen Amazon Gutschein im Wert von 50 Euro gewinnen? Dann nimm Dir 2 Minuten Zeit und sei ein Teil unserer Gehaltsumfrage! Hier...","_links":{"self":[{"href":"https:\/\/www.stellenanzeigen.de\/careeasy\/wp-json\/wp\/v2\/pages\/73261"}],"collection":[{"href":"https:\/\/www.stellenanzeigen.de\/careeasy\/wp-json\/wp\/v2\/pages"}],"about":[{"href":"https:\/\/www.stellenanzeigen.de\/careeasy\/wp-json\/wp\/v2\/types\/page"}],"author":[{"embeddable":true,"href":"https:\/\/www.stellenanzeigen.de\/careeasy\/wp-json\/wp\/v2\/users\/129"}],"replies":[{"embeddable":true,"href":"https:\/\/www.stellenanzeigen.de\/careeasy\/wp-json\/wp\/v2\/comments?post=73261"}],"version-history":[{"count":14,"href":"https:\/\/www.stellenanzeigen.de\/careeasy\/wp-json\/wp\/v2\/pages\/73261\/revisions"}],"predecessor-version":[{"id":119431,"href":"https:\/\/www.stellenanzeigen.de\/careeasy\/wp-json\/wp\/v2\/pages\/73261\/revisions\/119431"}],"wp:attachment":[{"href":"https:\/\/www.stellenanzeigen.de\/careeasy\/wp-json\/wp\/v2\/media?parent=73261"}],"wp:term":[{"taxonomy":"category","embeddable":true,"href":"https:\/\/www.stellenanzeigen.de\/careeasy\/wp-json\/wp\/v2\/categories?post=73261"},{"taxonomy":"post_tag","embeddable":true,"href":"https:\/\/www.stellenanzeigen.de\/careeasy\/wp-json\/wp\/v2\/tags?post=73261"}],"curies":[{"name":"wp","href":"https:\/\/api.w.org\/{rel}","templated":true}]}}