{"id":23664,"date":"2020-05-08T08:54:04","date_gmt":"2020-05-08T08:54:04","guid":{"rendered":"https:\/\/www.stellenanzeigen.de\/careeasy\/?page_id=23664"},"modified":"2023-12-05T08:53:36","modified_gmt":"2023-12-05T07:53:36","slug":"bauzeichner-in","status":"publish","type":"page","link":"https:\/\/www.stellenanzeigen.de\/careeasy\/bewerbung\/bauzeichner-in\/","title":{"rendered":"Bewerbungsvorlage Bauzeichner\/in"},"content":{"rendered":"\r\n<p><img decoding=\"async\" loading=\"lazy\" src=\"https:\/\/www.stellenanzeigen.de\/careeasy\/wp-content\/uploads\/2020\/05\/bauzeichner-bewerbung.jpg\" alt=\"Bauzeichner\" width=\"724\" height=\"483\" \/>Bewerbungsvorlage Bauzeichner\/in &#8211; Copyright: Chaay_Tee<\/p>\r\n\r\n\r\n\r\n<div class=\"wp-block-columns alignwide pdf-teaser is-layout-flex wp-container-5\">\r\n<div class=\"wp-block-column pdf-thumbnail is-layout-flow\" style=\"flex-basis: 35%;\">\r\n<div class=\"wp-block-image\">\r\n<figure class=\"aligncenter size-large\"><img decoding=\"async\" loading=\"lazy\" width=\"300\" height=\"424\" class=\"wp-image-85399\" src=\"https:\/\/www.stellenanzeigen.de\/careeasy\/wp-content\/uploads\/2020\/05\/Bauzeichner-pdf-image.jpg\" alt=\"Bewerbungsvorlage Bauzeichner\/in\" \/><\/figure>\r\n<\/div>\r\n\r\n\r\n\r\n<p>&nbsp;<\/p>\r\n<\/div>\r\n\r\n\r\n\r\n<div class=\"wp-block-column teaser-box is-layout-flow\" style=\"flex-basis: 65%;\">\r\n<p>Wenn du noch Ideen und Anregungen f\u00fcr deine\u00a0<a href=\"https:\/\/www.stellenanzeigen.de\/careeasy\/bewerbung\/\">Bewerbung<\/a>\u00a0zum\/zur Bauzeichner\/in ben\u00f6tigst, dann kannst du dir die Musterbewerbung\u00a0<a href=\"https:\/\/www.stellenanzeigen.de\/jobs\/bauzeichner-in\/\">Bauzeichner\/in<\/a>\u00a0auf Stellenanzeigen.de kostenlos herunterladen. Die Bewerbungsvorlage kannst du dann f\u00fcr deine pers\u00f6nliche Bewerbung verwenden. Aus der Musterbewerbung in der Bewerbungsvorlage kannst du f\u00fcr deine Bewerbung als Bauzeichner\/in eventuell etwas mitnehmen.<\/p>\r\n\r\n\r\n\r\n<div class=\"wp-block-buttons is-layout-flex\">\r\n<div class=\"wp-block-button\"><a class=\"wp-block-button__link has-background no-border-radius\" style=\"background-color: #2b85b9;\" href=\"https:\/\/www.stellenanzeigen.de\/careeasy\/bewerbung\/bauzeichner-in\/#pdf-download\">Vorlage Anfordern<\/a><\/div>\r\n<\/div>\r\n<\/div>\r\n<\/div>\r\n\r\n<p><span style=\"color: inherit; font-size: 36px; font-weight: bold; background-color: var(--site-background);\">Bestandteile der Musterbewerbung Bauzeichner\/in<\/span><\/p>\r\n<p>In deiner Bewerbung auf eine <a href=\"https:\/\/www.stellenanzeigen.de\/glossar\/\">Stelle<\/a> als Bauzeichner\/in darf ein Anschreiben und der Lebenslauf auf gar keinen Fall fehlen. Im Anschreiben solltest du, wie auch in der Musterbewerbung gezeigt, deinem gew\u00fcnschten Arbeitgeber zwei Hauptbestandteile er\u00f6ffnen: Zum einen warum du die Stelle besetzen m\u00f6chtest und du gerade diesen Arbeitgeber als einen attraktiven siehst und zum anderen warum du dich als den richtigen Kandidaten beziehungsweise als qualifiziert f\u00fcr diese Stelle siehst. In deinem Anschreiben solltest du dies in einem hochwertigen Flie\u00dftext verarbeiten, ohne dabei zu ausschweifend lang in der Textgestaltung zu werden. Beschr\u00e4nke dich auf h\u00f6chstens eine Seite f\u00fcr das Anschreiben und verlasse dich f\u00fcr den Rest auf den Informationsgehalt deines Lebenslaufes. In diesem ist dann chronologisch aufgef\u00fchrt, wann du in deiner Ausbildung und deiner eventuell schon gesammelten Berufserfahrung welche Stationen durchlaufen hast. Dein <a class=\"wpil_keyword_link\" title=\"Lebenslauf\" href=\"https:\/\/www.stellenanzeigen.de\/careeasy\/lebenslauf-vorlagen-sde106864\/\" data-wpil-keyword-link=\"linked\">Lebenslauf<\/a> sollte von der Schulzeit bis zum heutigen Tage einen Aufschluss dar\u00fcber geben, was du wann an Karriere relevanten T\u00e4tigkeiten gemacht hast. Als Bauzeichner\/in sollte man, da es sich hierbei um einen Ausbildungsberuf handelt, auch sein Ausbildungszeugnis der Bewerbung beif\u00fcgen. Da eine Ausbildung f\u00fcr die Aus\u00fcbung des Berufes erforderlich ist, sollte man diese auch in dieser Form unter Beweis stellen. In diesem schaffenden Berufsfeld kann der Bewerbung auch eine bereits erstellte Arbeit beigef\u00fcgt werden. Einige deiner besten Bauzeichnungen in der Bewerbungsmappe, k\u00f6nnen dem Arbeitgeber in diesem Bereich direkt zeigen, um welche Qualit\u00e4t es sich bei deiner Arbeit handelt. Eventuell kann es auch an einigen Beispielen zeigen, wie es um deine Spezialisierung im Bereich der Bauzeichnung steht.<\/p>\r\n<hr \/>\r\n<h2><a href=\"https:\/\/www.stellenanzeigen.de\/jobs\/bauzeichner-in\/\" target=\"_blank\" rel=\"noopener noreferrer\">Aktuelle Bauzeichner Jobs<\/a><\/h2>\r\n<hr \/>\r\n<div id=\"suchwidgetErgebnisliste\">\u00a0<\/div>\r\n<div id=\"StellenanzeigenSuchwidget\" tabindex=\"-1\">\u00a0<\/div>\r\n<p><script>\r\n  var config = {\r\n    apiKey : 'FBEB08FBC7BB75349E26C51C530F79BF',\r\n    resultsPerPage : 3,\r\n    searchRadius : 60,\r\n    fulltext : 'Bauzeichner',\r\n    city : null,\r\n    category : null,\r\n    subCategories : null\r\n  };\r\n<\/script><script type=\"text\/javascript\" src=\"https:\/\/app.stellenanzeigen.de\/widget\/init.js\"><\/script><\/p>\r\n<hr \/>\r\n<h3>Vorbereitung auf das Vorstellungsgespr\u00e4ch<\/h3>\r\n<p>Das Vorstellungsgespr\u00e4ch bedeutet die n\u00e4chste Stufe im Bewerbungsprozess anzugehen. F\u00fcr das Vorstellungsgespr\u00e4ch solltest du gut vorbereitet sein und dazu einige Dinge beachten. Zum einen gibt es da die Kleinigkeiten und Formalit\u00e4ten: Du solltest die Anfahrt zum Ort des Gespr\u00e4ches genau kennen und dir sicher sein k\u00f6nnen, dass du auch auf jeden Fall p\u00fcnktlich vor Ort erscheinen wirst. Ansonsten hinterlie\u00dfest gleich beim ersten pers\u00f6nlichen Kennenlernen einen unp\u00fcnktlichen Eindruck. Stelle au\u00dferdem sicher, dass dein \u00c4u\u00dferes und dein Auftreten gepflegt und professionell wirken. Auch mental solltest du dich auf das Gespr\u00e4ch und die aufkommenden Situationen in diesem gut vorbereiten. \u00dcberlege dir vorher, wie du dich verbal \u00fcberzeugend vorstellen kannst und auch wie du vorhast deinem m\u00f6glichen Arbeitgeber zu vermitteln, dass du die Stelle gern besetzen m\u00f6chtest. Nat\u00fcrlich ist nicht jeder Satz planbar, aber sei dir im Groben dar\u00fcber bewusst, was du sagen m\u00f6chtest; beziehungsweise welche Argumente du auf welche Art und Weise r\u00fcberbringen m\u00f6chtest. Das gleiche gilt auch f\u00fcr das Ausdr\u00fccken deiner Qualifikationen und Erfahrungen und warum diese dich eventuell gerade genau passend f\u00fcr diese zu besetzende Stelle geformt haben. Au\u00dferdem solltest du dir \u00fcberlegen, was du selbst gerne noch \u00fcber das Unternehmen wissen m\u00f6chtest. Stelle ruhig Fragen \u00fcber das B\u00fcro, die Arbeitsweise oder was dir noch auf dem Herzen liegt. Das zeugt auch von einer ernsthaften Auseinandersetzung mit der Bewerbung<\/p>\r\n<h3>Fragen und Antwortm\u00f6glichkeiten im Vorstellungsgespr\u00e4ch<\/h3>\r\n<h3>Wo sehen Sie sich in einigen Jahren?<\/h3>\r\n<p>Auf diese Frage kannst du recht frei antworten und deine Vorstellungen \u00fcber deine Zukunft teilen. Jedoch sollte es dabei nicht so klingen, als w\u00fcrdest du schon in absehbarer Zeit auf der Suche nach der n\u00e4chsten beruflichen Station sein und das B\u00fcro schon bald wieder verlassen. Das w\u00e4re eher ein Punkt gegen deine Einstellung.<\/p>\r\n<h3>Warum sind Sie Bauzeichnerin geworden?<\/h3>\r\n<p>Denkt euch hier keine Geschichte aus, sondern sagt einfach warum. Ihr werdet sicherlich etwas an dem Beruf gerne m\u00f6gen und k\u00f6nnt dies dann auch nochmal hervorheben bei dieser Gelegenheit.<\/p>\r\n\r\n<div id=\"pdf-download\" class=\"wp-block-group alignwide\">\r\n<div class=\"wp-block-group__inner-container is-layout-flow\">\r\n<div class=\"wp-block-columns pdf-download is-layout-flex wp-container-8\">\r\n<div class=\"wp-block-column pdf-thumbnail is-layout-flow\" style=\"flex-basis: 35%;\">\r\n<figure class=\"wp-block-image size-large\"><img decoding=\"async\" loading=\"lazy\" width=\"300\" height=\"424\" class=\"wp-image-85399\" src=\"https:\/\/www.stellenanzeigen.de\/careeasy\/wp-content\/uploads\/2020\/05\/Bauzeichner-pdf-image.jpg\" alt=\"Bewerbungsvorlage Bauzeichner\/in\" \/><\/figure>\r\n\r\n\r\n\r\n<p>&nbsp;<\/p>\r\n<\/div>\r\n\r\n\r\n\r\n<div class=\"wp-block-column subscribe-box is-layout-flow\" style=\"flex-basis: 65%;\">\r\n\t\t\t\n\t\t\t<form id=\"sib_signup_form_14\" method=\"post\" class=\"sib_signup_form\">\n\t\t\t\t<div class=\"sib_loader\" style=\"display:none;\"><img\n\t\t\t\t\t\t\tsrc=\"https:\/\/www.stellenanzeigen.de\/careeasy\/wp-includes\/images\/spinner.gif\" alt=\"loader\"><\/div>\n\t\t\t\t<input type=\"hidden\" name=\"sib_form_action\" value=\"subscribe_form_submit\">\n\t\t\t\t<input type=\"hidden\" name=\"sib_form_id\" value=\"14\">\n                <input type=\"hidden\" name=\"sib_form_alert_notice\" value=\"Bitte f\u00fclle das Feld aus\">\n                <input type=\"hidden\" name=\"sib_form_invalid_email_notice\" value=\"Deine E-Mail Adresse ist ung\u00fcltig\">\n                <input type=\"hidden\" name=\"sib_security\" value=\"718c1bfdf5\">\n\t\t\t\t<div class=\"sib_signup_box_inside_14\">\n\t\t\t\t\t<div style=\"\/*display:none*\/\" class=\"sib_msg_disp\">\n\t\t\t\t\t<\/div>\n                    \t\t\t\t\t<p style=\"font-size:21px;text-align:left;font-family: 'Helvetica',sans-serif;color:#2b85b9;background-color:transparent\"><strong>Jetzt Bewerbungsvorlage als Bauzeichner\/in anfordern und f\u00fcr den Newsletter anmelden<\/strong><\/p>\r\n<p class=\"sib-email-area\">\r\n    <label>E-Mail-Adresse <span style=\"color: red\">*<\/span><\/label>\r\n    <input type=\"email\" class=\"sib-email-area\" name=\"email\" required=\"required\" placeholder=\"E-Mail-Adresse\">\r\n<\/p>\r\n<p class=\"sib-terms\"><input type=\"checkbox\" name=\"terms\" required=\"required\"><label>Ich bin damit einverstanden, dass meine E-Mailadresse f\u00fcr Werbezwecke per Newsletter genutzt wird und akzeptiere die <a href=\"https:\/\/www.stellenanzeigen.de\/arbeitgeber\/datenschutzerklaerung\/\">Datenschutzerkl\u00e4rung <span style=\"color: red\">*<\/span><\/a><\/label><\/p>\r\n<p style=\"font-size:12px;text-align:left;font-family: 'Helvetica',sans-serif;color:#8390A4\">Du kannst den Newsletter jederzeit \u00fcber den Abmeldelink in der Fu\u00dfzeile unserer E-Mails abbestellen.<\/p>\r\n<input type=\"submit\" class=\"sib-default-btn\" value=\"Bewerbungsvorlage anfordern\">\t\t\t\t<\/div>\n\t\t\t<\/form>\n\t\t\t<style>\n\t\t\t\tform#sib_signup_form_14 p.sib-alert-message {\n    padding: 6px 12px;\n    margin-bottom: 20px;\n    border: 1px solid transparent;\n    border-radius: 4px;\n    -webkit-box-sizing: border-box;\n    -moz-box-sizing: border-box;\n    box-sizing: border-box;\n}\nform#sib_signup_form_14 p.sib-alert-message-error {\n    background-color: #f2dede;\n    border-color: #ebccd1;\n    color: #a94442;\n}\nform#sib_signup_form_14 p.sib-alert-message-success {\n    background-color: #dff0d8;\n    border-color: #d6e9c6;\n    color: #3c763d;\n}\nform#sib_signup_form_14 p.sib-alert-message-warning {\n    background-color: #fcf8e3;\n    border-color: #faebcc;\n    color: #8a6d3b;\n}\n\t\t\t<\/style>\n\t\t\t\r\n<\/div>\r\n<\/div>\r\n<\/div>\r\n<\/div>\r\n","protected":false},"excerpt":{"rendered":"<p>Bewerbungsvorlage Bauzeichner\/in &#8211; Copyright: Chaay_Tee &nbsp; Wenn du noch Ideen und Anregungen f\u00fcr deine\u00a0Bewerbung\u00a0zum\/zur Bauzeichner\/in ben\u00f6tigst, dann kannst du dir die Musterbewerbung\u00a0Bauzeichner\/in\u00a0auf Stellenanzeigen.de kostenlos&#8230;<\/p>\n","protected":false},"author":103,"featured_media":0,"parent":14008,"menu_order":0,"comment_status":"closed","ping_status":"closed","template":"","meta":{"_uag_custom_page_level_css":""},"categories":[],"tags":[],"yoast_head":"<!-- This site is optimized with the Yoast SEO plugin v20.7 - https:\/\/yoast.com\/wordpress\/plugins\/seo\/ -->\n<title>Bewerbungsvorlage Bauzeichner\/in Musterbewerbung<\/title>\n<meta name=\"description\" content=\"Wenn du noch Ideen und Anregungen f\u00fcr deine Bewerbung zum\/zur Bauzeichner\/in ben\u00f6tigst, dann kannst du dir die Musterbewerbung Bauzeichner\/in auf\" \/>\n<meta name=\"robots\" content=\"index, follow, max-snippet:-1, max-image-preview:large, max-video-preview:-1\" \/>\n<link rel=\"canonical\" href=\"https:\/\/www.stellenanzeigen.de\/careeasy\/bewerbung\/bauzeichner-in\/\" \/>\n<meta property=\"og:locale\" content=\"de_DE\" \/>\n<meta property=\"og:type\" content=\"article\" \/>\n<meta property=\"og:title\" content=\"Bewerbungsvorlage Bauzeichner\/in Musterbewerbung\" \/>\n<meta property=\"og:description\" content=\"Wenn du noch Ideen und Anregungen f\u00fcr deine Bewerbung zum\/zur Bauzeichner\/in ben\u00f6tigst, dann kannst du dir die Musterbewerbung Bauzeichner\/in auf\" \/>\n<meta property=\"og:url\" content=\"https:\/\/www.stellenanzeigen.de\/careeasy\/bewerbung\/bauzeichner-in\/\" \/>\n<meta property=\"og:site_name\" content=\"careeasy - Dein Karrieremagazin\" \/>\n<meta property=\"article:publisher\" content=\"https:\/\/www.facebook.com\/stellenanzeigen.de\/\" \/>\n<meta property=\"article:modified_time\" content=\"2023-12-05T07:53:36+00:00\" \/>\n<meta property=\"og:image\" content=\"https:\/\/www.stellenanzeigen.de\/careeasy\/wp-content\/uploads\/2020\/05\/bauzeichner-bewerbung.jpg\" \/>\n<meta name=\"twitter:label1\" content=\"Gesch\u00e4tzte Lesezeit\" \/>\n\t<meta name=\"twitter:data1\" content=\"5 Minuten\" \/>\n<script type=\"application\/ld+json\" class=\"yoast-schema-graph\">{\"@context\":\"https:\/\/schema.org\",\"@graph\":[{\"@type\":\"WebPage\",\"@id\":\"https:\/\/www.stellenanzeigen.de\/careeasy\/bewerbung\/bauzeichner-in\/\",\"url\":\"https:\/\/www.stellenanzeigen.de\/careeasy\/bewerbung\/bauzeichner-in\/\",\"name\":\"Bewerbungsvorlage Bauzeichner\/in Musterbewerbung\",\"isPartOf\":{\"@id\":\"https:\/\/www.stellenanzeigen.de\/careeasy\/#website\"},\"datePublished\":\"2020-05-08T08:54:04+00:00\",\"dateModified\":\"2023-12-05T07:53:36+00:00\",\"description\":\"Wenn du noch Ideen und Anregungen f\u00fcr deine Bewerbung zum\/zur Bauzeichner\/in ben\u00f6tigst, dann kannst du dir die Musterbewerbung Bauzeichner\/in auf\",\"breadcrumb\":{\"@id\":\"https:\/\/www.stellenanzeigen.de\/careeasy\/bewerbung\/bauzeichner-in\/#breadcrumb\"},\"inLanguage\":\"de-DE\",\"potentialAction\":[{\"@type\":\"ReadAction\",\"target\":[\"https:\/\/www.stellenanzeigen.de\/careeasy\/bewerbung\/bauzeichner-in\/\"]}]},{\"@type\":\"BreadcrumbList\",\"@id\":\"https:\/\/www.stellenanzeigen.de\/careeasy\/bewerbung\/bauzeichner-in\/#breadcrumb\",\"itemListElement\":[{\"@type\":\"ListItem\",\"position\":1,\"name\":\"Careeasy\",\"item\":\"https:\/\/www.stellenanzeigen.de\/careeasy\/\"},{\"@type\":\"ListItem\",\"position\":2,\"name\":\"Bewerbungsvorlagen &#038; Bewerbungsmuster\",\"item\":\"https:\/\/www.stellenanzeigen.de\/careeasy\/bewerbung\/\"},{\"@type\":\"ListItem\",\"position\":3,\"name\":\"Bewerbungsvorlage Bauzeichner\/in\"}]},{\"@type\":\"WebSite\",\"@id\":\"https:\/\/www.stellenanzeigen.de\/careeasy\/#website\",\"url\":\"https:\/\/www.stellenanzeigen.de\/careeasy\/\",\"name\":\"careeasy - Dein Karrieremagazin\",\"description\":\"\",\"publisher\":{\"@id\":\"https:\/\/www.stellenanzeigen.de\/careeasy\/#organization\"},\"potentialAction\":[{\"@type\":\"SearchAction\",\"target\":{\"@type\":\"EntryPoint\",\"urlTemplate\":\"https:\/\/www.stellenanzeigen.de\/careeasy\/?s={search_term_string}\"},\"query-input\":\"required name=search_term_string\"}],\"inLanguage\":\"de-DE\"},{\"@type\":\"Organization\",\"@id\":\"https:\/\/www.stellenanzeigen.de\/careeasy\/#organization\",\"name\":\"careeasy - Dein Karrieremagazin\",\"url\":\"https:\/\/www.stellenanzeigen.de\/careeasy\/\",\"logo\":{\"@type\":\"ImageObject\",\"inLanguage\":\"de-DE\",\"@id\":\"https:\/\/www.stellenanzeigen.de\/careeasy\/#\/schema\/logo\/image\/\",\"url\":\"https:\/\/www.stellenanzeigen.de\/careeasy\/wp-content\/uploads\/2024\/03\/careeasy_logo.jpg\",\"contentUrl\":\"https:\/\/www.stellenanzeigen.de\/careeasy\/wp-content\/uploads\/2024\/03\/careeasy_logo.jpg\",\"width\":701,\"height\":223,\"caption\":\"careeasy - Dein Karrieremagazin\"},\"image\":{\"@id\":\"https:\/\/www.stellenanzeigen.de\/careeasy\/#\/schema\/logo\/image\/\"},\"sameAs\":[\"https:\/\/www.facebook.com\/stellenanzeigen.de\/\"]}]}<\/script>\n<!-- \/ Yoast SEO plugin. -->","yoast_head_json":{"title":"Bewerbungsvorlage Bauzeichner\/in Musterbewerbung","description":"Wenn du noch Ideen und Anregungen f\u00fcr deine Bewerbung zum\/zur Bauzeichner\/in ben\u00f6tigst, dann kannst du dir die Musterbewerbung Bauzeichner\/in auf","robots":{"index":"index","follow":"follow","max-snippet":"max-snippet:-1","max-image-preview":"max-image-preview:large","max-video-preview":"max-video-preview:-1"},"canonical":"https:\/\/www.stellenanzeigen.de\/careeasy\/bewerbung\/bauzeichner-in\/","og_locale":"de_DE","og_type":"article","og_title":"Bewerbungsvorlage Bauzeichner\/in Musterbewerbung","og_description":"Wenn du noch Ideen und Anregungen f\u00fcr deine Bewerbung zum\/zur Bauzeichner\/in ben\u00f6tigst, dann kannst du dir die Musterbewerbung Bauzeichner\/in auf","og_url":"https:\/\/www.stellenanzeigen.de\/careeasy\/bewerbung\/bauzeichner-in\/","og_site_name":"careeasy - Dein Karrieremagazin","article_publisher":"https:\/\/www.facebook.com\/stellenanzeigen.de\/","article_modified_time":"2023-12-05T07:53:36+00:00","og_image":[{"url":"https:\/\/www.stellenanzeigen.de\/careeasy\/wp-content\/uploads\/2020\/05\/bauzeichner-bewerbung.jpg"}],"twitter_misc":{"Gesch\u00e4tzte Lesezeit":"5 Minuten"},"schema":{"@context":"https:\/\/schema.org","@graph":[{"@type":"WebPage","@id":"https:\/\/www.stellenanzeigen.de\/careeasy\/bewerbung\/bauzeichner-in\/","url":"https:\/\/www.stellenanzeigen.de\/careeasy\/bewerbung\/bauzeichner-in\/","name":"Bewerbungsvorlage Bauzeichner\/in Musterbewerbung","isPartOf":{"@id":"https:\/\/www.stellenanzeigen.de\/careeasy\/#website"},"datePublished":"2020-05-08T08:54:04+00:00","dateModified":"2023-12-05T07:53:36+00:00","description":"Wenn du noch Ideen und Anregungen f\u00fcr deine Bewerbung zum\/zur Bauzeichner\/in ben\u00f6tigst, dann kannst du dir die Musterbewerbung Bauzeichner\/in auf","breadcrumb":{"@id":"https:\/\/www.stellenanzeigen.de\/careeasy\/bewerbung\/bauzeichner-in\/#breadcrumb"},"inLanguage":"de-DE","potentialAction":[{"@type":"ReadAction","target":["https:\/\/www.stellenanzeigen.de\/careeasy\/bewerbung\/bauzeichner-in\/"]}]},{"@type":"BreadcrumbList","@id":"https:\/\/www.stellenanzeigen.de\/careeasy\/bewerbung\/bauzeichner-in\/#breadcrumb","itemListElement":[{"@type":"ListItem","position":1,"name":"Careeasy","item":"https:\/\/www.stellenanzeigen.de\/careeasy\/"},{"@type":"ListItem","position":2,"name":"Bewerbungsvorlagen &#038; Bewerbungsmuster","item":"https:\/\/www.stellenanzeigen.de\/careeasy\/bewerbung\/"},{"@type":"ListItem","position":3,"name":"Bewerbungsvorlage Bauzeichner\/in"}]},{"@type":"WebSite","@id":"https:\/\/www.stellenanzeigen.de\/careeasy\/#website","url":"https:\/\/www.stellenanzeigen.de\/careeasy\/","name":"careeasy - Dein Karrieremagazin","description":"","publisher":{"@id":"https:\/\/www.stellenanzeigen.de\/careeasy\/#organization"},"potentialAction":[{"@type":"SearchAction","target":{"@type":"EntryPoint","urlTemplate":"https:\/\/www.stellenanzeigen.de\/careeasy\/?s={search_term_string}"},"query-input":"required name=search_term_string"}],"inLanguage":"de-DE"},{"@type":"Organization","@id":"https:\/\/www.stellenanzeigen.de\/careeasy\/#organization","name":"careeasy - Dein Karrieremagazin","url":"https:\/\/www.stellenanzeigen.de\/careeasy\/","logo":{"@type":"ImageObject","inLanguage":"de-DE","@id":"https:\/\/www.stellenanzeigen.de\/careeasy\/#\/schema\/logo\/image\/","url":"https:\/\/www.stellenanzeigen.de\/careeasy\/wp-content\/uploads\/2024\/03\/careeasy_logo.jpg","contentUrl":"https:\/\/www.stellenanzeigen.de\/careeasy\/wp-content\/uploads\/2024\/03\/careeasy_logo.jpg","width":701,"height":223,"caption":"careeasy - Dein Karrieremagazin"},"image":{"@id":"https:\/\/www.stellenanzeigen.de\/careeasy\/#\/schema\/logo\/image\/"},"sameAs":["https:\/\/www.facebook.com\/stellenanzeigen.de\/"]}]}},"uagb_featured_image_src":{"full":false,"thumbnail":false,"medium":false,"medium_large":false,"large":false,"1536x1536":false,"2048x2048":false,"neomag-medium":false,"neomag-big":false,"neomag-large":false,"neomag-huge":false},"uagb_author_info":{"display_name":"stellenanzeigen.de","author_link":"https:\/\/www.stellenanzeigen.de\/careeasy\/author\/stellenanzeigen-de\/"},"uagb_comment_info":0,"uagb_excerpt":"Bewerbungsvorlage Bauzeichner\/in &#8211; Copyright: Chaay_Tee &nbsp; Wenn du noch Ideen und Anregungen f\u00fcr deine\u00a0Bewerbung\u00a0zum\/zur Bauzeichner\/in ben\u00f6tigst, dann kannst du dir die Musterbewerbung\u00a0Bauzeichner\/in\u00a0auf Stellenanzeigen.de kostenlos...","_links":{"self":[{"href":"https:\/\/www.stellenanzeigen.de\/careeasy\/wp-json\/wp\/v2\/pages\/23664"}],"collection":[{"href":"https:\/\/www.stellenanzeigen.de\/careeasy\/wp-json\/wp\/v2\/pages"}],"about":[{"href":"https:\/\/www.stellenanzeigen.de\/careeasy\/wp-json\/wp\/v2\/types\/page"}],"author":[{"embeddable":true,"href":"https:\/\/www.stellenanzeigen.de\/careeasy\/wp-json\/wp\/v2\/users\/103"}],"replies":[{"embeddable":true,"href":"https:\/\/www.stellenanzeigen.de\/careeasy\/wp-json\/wp\/v2\/comments?post=23664"}],"version-history":[{"count":16,"href":"https:\/\/www.stellenanzeigen.de\/careeasy\/wp-json\/wp\/v2\/pages\/23664\/revisions"}],"predecessor-version":[{"id":115791,"href":"https:\/\/www.stellenanzeigen.de\/careeasy\/wp-json\/wp\/v2\/pages\/23664\/revisions\/115791"}],"up":[{"embeddable":true,"href":"https:\/\/www.stellenanzeigen.de\/careeasy\/wp-json\/wp\/v2\/pages\/14008"}],"wp:attachment":[{"href":"https:\/\/www.stellenanzeigen.de\/careeasy\/wp-json\/wp\/v2\/media?parent=23664"}],"wp:term":[{"taxonomy":"category","embeddable":true,"href":"https:\/\/www.stellenanzeigen.de\/careeasy\/wp-json\/wp\/v2\/categories?post=23664"},{"taxonomy":"post_tag","embeddable":true,"href":"https:\/\/www.stellenanzeigen.de\/careeasy\/wp-json\/wp\/v2\/tags?post=23664"}],"curies":[{"name":"wp","href":"https:\/\/api.w.org\/{rel}","templated":true}]}}