{"id":19686,"date":"2020-05-07T10:05:34","date_gmt":"2020-05-07T10:05:34","guid":{"rendered":"https:\/\/www.stellenanzeigen.de\/careeasy\/?page_id=19686"},"modified":"2023-10-06T10:58:02","modified_gmt":"2023-10-06T08:58:02","slug":"friseur-in","status":"publish","type":"page","link":"https:\/\/www.stellenanzeigen.de\/careeasy\/bewerbung\/friseur-in\/","title":{"rendered":"Bewerbungsvorlage Friseur\/in"},"content":{"rendered":"\n<figure class=\"wp-block-image alignwide size-full wp-image-19691\"><img decoding=\"async\" loading=\"lazy\" width=\"724\" height=\"483\" src=\"https:\/\/www.stellenanzeigen.de\/careeasy\/wp-content\/uploads\/2020\/05\/bewerbung-friseurin.jpg\" alt=\"Bewerbung Friseur\" class=\"wp-image-19691\" srcset=\"https:\/\/www.stellenanzeigen.de\/careeasy\/wp-content\/uploads\/2020\/05\/bewerbung-friseurin.jpg 724w, https:\/\/www.stellenanzeigen.de\/careeasy\/wp-content\/uploads\/2020\/05\/bewerbung-friseurin-272x182.jpg 272w\" sizes=\"(max-width: 724px) 100vw, 724px\" \/><figcaption class=\"wp-element-caption\">Bewerbungsvorlage Friseur\/in &#8211; Copyright: dolgachov<\/figcaption><\/figure>\n\n\n\n<div class=\"wp-block-columns alignwide pdf-teaser is-layout-flex wp-container-5\">\n<div class=\"wp-block-column pdf-thumbnail is-layout-flow\" style=\"flex-basis:35%\"><div class=\"wp-block-image\">\n<figure class=\"aligncenter size-large\"><img decoding=\"async\" loading=\"lazy\" width=\"300\" height=\"424\" src=\"https:\/\/www.stellenanzeigen.de\/careeasy\/wp-content\/uploads\/2020\/05\/Friseur-pdf-image.jpg\" alt=\"Bewerbungsvorlage Friseur\/in\" class=\"wp-image-85398\"\/><\/figure><\/div>\n\n\n<p><\/p>\n<\/div>\n\n\n\n<div class=\"wp-block-column teaser-box is-layout-flow\" style=\"flex-basis:65%\">\n<p>Die Bewerbungsvorlage f\u00fcr den Beruf des Friseurs oder der Friseurin, kannst du dir kostenlos auf Stellenanzeigen.de herunterladen. Die Musterbewerbung kannst du dir dann als Vorlage oder als Idee f\u00fcr die Strukturierung deiner eigenen Bewerbung zur Hand nehmen. F\u00fcr deine eigene Bewerbung als Friseur\/in sollte nat\u00fcrlich alles von die geschrieben sein, aber die Bewerbungsvorlage kann ja eine hilfreiche Anregung f\u00fcr deine pers\u00f6nliche <a href=\"https:\/\/www.stellenanzeigen.de\/careeasy\/bewerbung\/\">Bewerbung<\/a> sein.<\/p>\n\n\n\n<div class=\"wp-block-buttons is-layout-flex\">\n<div class=\"wp-block-button\"><a class=\"wp-block-button__link has-background wp-element-button\" href=\"https:\/\/www.stellenanzeigen.de\/careeasy\/bewerbung\/friseur-in\/#pdf-download\" style=\"background-color:#2b85b9\">Vorlage Anfordern<\/a><\/div>\n<\/div>\n<\/div>\n<\/div>\n\n\n<div class=\"mceTemp\">\u00a0<\/div>\n<h3>Bestandteile der Musterbewerbung Friseur\/in<\/h3>\n<p>In der Musterbewerbung ist das enthalten, was jede Bewerbung als Friseur in jedem Fall beinhalten sollte. Das sind zum einen das Anschreiben und zum anderen der <a class=\"wpil_keyword_link\" href=\"https:\/\/www.stellenanzeigen.de\/careeasy\/lebenslauf-vorlagen-sde106864\/\"   title=\"Lebenslauf\" data-wpil-keyword-link=\"linked\">Lebenslauf<\/a>. Diese beiden Komponenten sollten auf jeden Fall in jeder Bewerbung dabei sein. Im Anschreiben stellst du kurz klar, warum du den Job gerne h\u00e4ttest beziehungsweise was dich zu der Bewerbung motiviert hat. Auch warum du dich daf\u00fcr als geeignet seht oder was deine Qualifikationen sind und dein beruflicher Werdegang bisher verlief. Dabei allerdings solltest du dich wirklich her kurzhalten und nicht mehr als eine Seite schreiben. Die genaueren Informationen \u00fcber deine Person, deine Qualifikationen und deine Erfahrungen stehen dann detailliert im Lebenslauf. Dieser sollte chronologisch alle relevanten Stationen deiner <a href=\"https:\/\/www.stellenanzeigen.de\/careeasy\/ausbildung\/\">Ausbildung<\/a> und Berufserfahrung angeben und dabei bestenfalls keine L\u00fccken aufweisen. Zus\u00e4tzlich zu diesen beiden Pflichtkomponenten k\u00f6nnen auch Zeugnisse vom Schulabschluss oder von der abgeschlossenen Ausbildung beigef\u00fcgt werden. Im Falle einer abgeschlossenen Ausbildung, ist dies nat\u00fcrlich ein gro\u00dfes Plus und sollte auch in Form eines Abschlusszeugnisses unter Beweis gestellt werden.<\/p>\n<h3>Vorbereitung auf das Vorstellungsgespr\u00e4ch<\/h3>\n<p>Wenn du zum <a href=\"https:\/\/www.stellenanzeigen.de\/careeasy\/fragen-antworten-im-vorstellungsgespraech-sde11769\/\">Vorstellungsgespr\u00e4ch<\/a> eingeladen wurdest, dann hast du schon mal die erste H\u00fcrde auf dem Weg zur Anstellung \u00fcberwunden. F\u00fcr die n\u00e4chste H\u00fcrde, das Vorstellungsgespr\u00e4ch, solltest du dich gut vorbereiten, um auch diese \u00fcberwinden zu k\u00f6nnen und deine Anstellung als <a href=\"https:\/\/www.stellenanzeigen.de\/jobs\/friseur-in\/\">Friseur\/in<\/a> zu bekommen. Vor dem Gespr\u00e4ch solltest du dich genau \u00fcber die Anfahrt zum Ort des Gespr\u00e4ches informieren, so dass du auf keinen Fall zu sp\u00e4t kommst und direkt einen unp\u00fcnktlichen Eindruck bei deinem Arbeitgeber hinterl\u00e4sst. Auch dein Auftreten sollte ein gepflegtes und ordentliches sein. Also zieh dir etwas Ordentliches an und achte auf ein gepflegtes Aussehen.<\/p>\n<hr \/>\n<h2><a href=\"https:\/\/www.stellenanzeigen.de\/jobs\/\" target=\"_blank\" rel=\"noopener noreferrer\">Aktuelle Jobangebote<\/a><\/h2>\n<hr \/>\n<div id=\"suchwidgetErgebnisliste\">\u00a0<\/div>\n<div id=\"StellenanzeigenSuchwidget\" tabindex=\"-1\">\u00a0<\/div>\n<p><script><br \/>\n  var config = {<br \/>\n    apiKey : 'FBEB08FBC7BB75349E26C51C530F79BF',<br \/>\n    resultsPerPage : 3,<br \/>\n    searchRadius : 60,<br \/>\n    fulltext : 'Friseur',<br \/>\n    city : null,<br \/>\n    category : null,<br \/>\n    subCategories : null<br \/>\n  };<br \/>\n<\/script><script type=\"text\/javascript\" src=\"https:\/\/app.stellenanzeigen.de\/widget\/init.js\"><\/script><\/p>\n<hr \/>\n<p>Im Gespr\u00e4ch selbst solltest du wissen und auch genau zum Ausdruck bringen k\u00f6nnen, warum du diesen Job m\u00f6chtest und warum du dich f\u00fcr qualifiziert h\u00e4ltst. Auch kann es helfen, sich schon eine kleine Vorstellung von sich im Kopf zurecht zu legen, da auch dies oft gleich zu Anfang nochmal gefragt wird. Antworte in klaren S\u00e4tzen auf die Fragen, die dir gestellt werden und wahre stets ein freundliches und professionelles Auftreten im Gespr\u00e4ch. \u00dcberlege dir vor dem Gespr\u00e4ch auch bereits Fragen, die von deiner Seite aus noch offen sind. Es gibt sicherlich einige Dinge, die auch du gerne noch \u00fcber den Salon wissen m\u00f6chtest. Wenn du diese Fragen stellst ist das keineswegs fehl am Platz, da sich in diesem Gespr\u00e4ch auch der Arbeitgeber dir vorstellen sollte. Au\u00dferdem zeugt es von einer guten und ernsthaften Auseinandersetzung mit der Bewerbung, wenn du einige gezielte Fragen stellen kannst.<\/p>\n<h3>Fragen und Antwortm\u00f6glichkeiten im Vorstellungsgespr\u00e4ch f\u00fcr Friseure<\/h3>\n<h3>Was gef\u00e4llt Ihnen an Ihrem Job?<\/h3>\n<p>Das sollte optimaler Weise einfach zu beantworten sein. Ist es eventuell der Kundenkontakt, die Gespr\u00e4che, die M\u00f6glichkeit kreativ zu sein? Als Friseur\/in mit Leib und Seele wirst du es sicherlich wissen.<\/p>\n<h3>Was sind Ihre Gehaltsvorstellungen?<\/h3>\n<p>Das ist manchmal eine knifflige Frage. Schau die im Internet an, was Friseure\/Friseurinnen mit deiner Erfahrung <a href=\"https:\/\/www.stellenanzeigen.de\/gehalt-vergleich\/\">durchschnittlich verdienen<\/a> beziehungsweise, was die Tarife sind. Auch wei\u00dft du eventuell, was du vorher in dem Job bei deinem letzten Arbeitgeber verdient hast. Orientiere dich bei deinen Forderungen an diesen Werten.<\/p>\n\n\n<div class=\"wp-block-group alignwide is-layout-flow\" id=\"pdf-download\"><div class=\"wp-block-group__inner-container\">\n<div class=\"wp-block-columns pdf-download is-layout-flex wp-container-8\">\n<div class=\"wp-block-column pdf-thumbnail is-layout-flow\" style=\"flex-basis:35%\">\n<figure class=\"wp-block-image size-large\"><img decoding=\"async\" loading=\"lazy\" width=\"300\" height=\"424\" src=\"https:\/\/www.stellenanzeigen.de\/careeasy\/wp-content\/uploads\/2020\/05\/Friseur-pdf-image.jpg\" alt=\"Bewerbungsvorlage Friseur\/in\" class=\"wp-image-85398\"\/><\/figure>\n<\/div>\n\n\n\n<div class=\"wp-block-column subscribe-box is-layout-flow\" style=\"flex-basis:65%\">\n\t\t\t\n\t\t\t<form id=\"sib_signup_form_21\" method=\"post\" class=\"sib_signup_form\">\n\t\t\t\t<div class=\"sib_loader\" style=\"display:none;\"><img\n\t\t\t\t\t\t\tsrc=\"https:\/\/www.stellenanzeigen.de\/careeasy\/wp-includes\/images\/spinner.gif\" alt=\"loader\"><\/div>\n\t\t\t\t<input type=\"hidden\" name=\"sib_form_action\" value=\"subscribe_form_submit\">\n\t\t\t\t<input type=\"hidden\" name=\"sib_form_id\" value=\"21\">\n                <input type=\"hidden\" name=\"sib_form_alert_notice\" value=\"Bitte f\u00fclle das Feld aus\">\n                <input type=\"hidden\" name=\"sib_form_invalid_email_notice\" value=\"Deine E-Mail Adresse ist ung\u00fcltig\">\n                <input type=\"hidden\" name=\"sib_security\" value=\"a958807708\">\n\t\t\t\t<div class=\"sib_signup_box_inside_21\">\n\t\t\t\t\t<div style=\"\/*display:none*\/\" class=\"sib_msg_disp\">\n\t\t\t\t\t<\/div>\n                    \t\t\t\t\t<p style=\"font-size:21px;text-align:left;font-family: 'Helvetica',sans-serif;color:#2b85b9;background-color:transparent\"><strong>Jetzt Bewerbungsvorlage als Friseur\/in anfordern und f\u00fcr den Newsletter anmelden<\/strong><\/p>\r\n<p class=\"sib-email-area\">\r\n    <label>E-Mail-Adresse <span style=\"color: red\">*<\/span><\/label>\r\n    <input type=\"email\" class=\"sib-email-area\" name=\"email\" required=\"required\" placeholder=\"E-Mail-Adresse\">\r\n<\/p>\r\n<p class=\"sib-terms\"><input type=\"checkbox\" name=\"terms\" required=\"required\"><label>Ich bin damit einverstanden, dass meine E-Mailadresse f\u00fcr Werbezwecke per Newsletter genutzt wird und akzeptiere die <a href=\"https:\/\/www.stellenanzeigen.de\/arbeitgeber\/datenschutzerklaerung\/\">Datenschutzerkl\u00e4rung <span style=\"color: red\">*<\/span><\/a><\/label><\/p>\r\n<p style=\"font-size:12px;text-align:left;font-family: 'Helvetica',sans-serif;color:#8390A4\">Du kannst den Newsletter jederzeit \u00fcber den Abmeldelink in der Fu\u00dfzeile unserer E-Mails abbestellen.<\/p>\r\n<input type=\"submit\" class=\"sib-default-btn\" value=\"Bewerbungsvorlage anfordern\">\t\t\t\t<\/div>\n\t\t\t<\/form>\n\t\t\t<style>\n\t\t\t\tform#sib_signup_form_21 p.sib-alert-message {\n    padding: 6px 12px;\n    margin-bottom: 20px;\n    border: 1px solid transparent;\n    border-radius: 4px;\n    -webkit-box-sizing: border-box;\n    -moz-box-sizing: border-box;\n    box-sizing: border-box;\n}\nform#sib_signup_form_21 p.sib-alert-message-error {\n    background-color: #f2dede;\n    border-color: #ebccd1;\n    color: #a94442;\n}\nform#sib_signup_form_21 p.sib-alert-message-success {\n    background-color: #dff0d8;\n    border-color: #d6e9c6;\n    color: #3c763d;\n}\nform#sib_signup_form_21 p.sib-alert-message-warning {\n    background-color: #fcf8e3;\n    border-color: #faebcc;\n    color: #8a6d3b;\n}\n\t\t\t<\/style>\n\t\t\t\n<\/div>\n<\/div>\n<\/div><\/div>\n","protected":false},"excerpt":{"rendered":"<p>Die Bewerbungsvorlage f\u00fcr den Beruf des Friseurs oder der Friseurin, kannst du dir kostenlos auf Stellenanzeigen.de herunterladen. Die Musterbewerbung kannst du dir dann als&#8230;<\/p>\n","protected":false},"author":129,"featured_media":0,"parent":14008,"menu_order":0,"comment_status":"closed","ping_status":"closed","template":"","meta":{"_uag_custom_page_level_css":""},"categories":[],"tags":[],"yoast_head":"<!-- This site is optimized with the Yoast SEO plugin v20.7 - https:\/\/yoast.com\/wordpress\/plugins\/seo\/ -->\n<title>Bewerbungsvorlage Friseur\/in | careeasy - Dein Karrieremagazin<\/title>\n<meta name=\"description\" content=\"Bewerbungsvorlage Friseur\/in - Copyright: dolgachov Die Bewerbungsvorlage f\u00fcr den Beruf des Friseurs oder der Friseurin, kannst du dir kostenlos auf\" \/>\n<meta name=\"robots\" content=\"index, follow, max-snippet:-1, max-image-preview:large, max-video-preview:-1\" \/>\n<link rel=\"canonical\" href=\"https:\/\/www.stellenanzeigen.de\/careeasy\/bewerbung\/friseur-in\/\" \/>\n<meta property=\"og:locale\" content=\"de_DE\" \/>\n<meta property=\"og:type\" content=\"article\" \/>\n<meta property=\"og:title\" content=\"Bewerbungsvorlage Friseur\/in | careeasy - Dein Karrieremagazin\" \/>\n<meta property=\"og:description\" content=\"Bewerbungsvorlage Friseur\/in - Copyright: dolgachov Die Bewerbungsvorlage f\u00fcr den Beruf des Friseurs oder der Friseurin, kannst du dir kostenlos auf\" \/>\n<meta property=\"og:url\" content=\"https:\/\/www.stellenanzeigen.de\/careeasy\/bewerbung\/friseur-in\/\" \/>\n<meta property=\"og:site_name\" content=\"careeasy - Dein Karrieremagazin\" \/>\n<meta property=\"article:publisher\" content=\"https:\/\/www.facebook.com\/stellenanzeigen.de\/\" \/>\n<meta property=\"article:modified_time\" content=\"2023-10-06T08:58:02+00:00\" \/>\n<meta property=\"og:image\" content=\"https:\/\/www.stellenanzeigen.de\/careeasy\/wp-content\/uploads\/2020\/05\/bewerbung-friseurin.jpg\" \/>\n<meta name=\"twitter:label1\" content=\"Gesch\u00e4tzte Lesezeit\" \/>\n\t<meta name=\"twitter:data1\" content=\"4 Minuten\" \/>\n<script type=\"application\/ld+json\" class=\"yoast-schema-graph\">{\"@context\":\"https:\/\/schema.org\",\"@graph\":[{\"@type\":\"WebPage\",\"@id\":\"https:\/\/www.stellenanzeigen.de\/careeasy\/bewerbung\/friseur-in\/\",\"url\":\"https:\/\/www.stellenanzeigen.de\/careeasy\/bewerbung\/friseur-in\/\",\"name\":\"Bewerbungsvorlage Friseur\/in | careeasy - Dein Karrieremagazin\",\"isPartOf\":{\"@id\":\"https:\/\/www.stellenanzeigen.de\/careeasy\/#website\"},\"datePublished\":\"2020-05-07T10:05:34+00:00\",\"dateModified\":\"2023-10-06T08:58:02+00:00\",\"description\":\"Bewerbungsvorlage Friseur\/in - Copyright: dolgachov Die Bewerbungsvorlage f\u00fcr den Beruf des Friseurs oder der Friseurin, kannst du dir kostenlos auf\",\"breadcrumb\":{\"@id\":\"https:\/\/www.stellenanzeigen.de\/careeasy\/bewerbung\/friseur-in\/#breadcrumb\"},\"inLanguage\":\"de-DE\",\"potentialAction\":[{\"@type\":\"ReadAction\",\"target\":[\"https:\/\/www.stellenanzeigen.de\/careeasy\/bewerbung\/friseur-in\/\"]}]},{\"@type\":\"BreadcrumbList\",\"@id\":\"https:\/\/www.stellenanzeigen.de\/careeasy\/bewerbung\/friseur-in\/#breadcrumb\",\"itemListElement\":[{\"@type\":\"ListItem\",\"position\":1,\"name\":\"Careeasy\",\"item\":\"https:\/\/www.stellenanzeigen.de\/careeasy\/\"},{\"@type\":\"ListItem\",\"position\":2,\"name\":\"Bewerbungsvorlagen &#038; Bewerbungsmuster\",\"item\":\"https:\/\/www.stellenanzeigen.de\/careeasy\/bewerbung\/\"},{\"@type\":\"ListItem\",\"position\":3,\"name\":\"Bewerbungsvorlage Friseur\/in\"}]},{\"@type\":\"WebSite\",\"@id\":\"https:\/\/www.stellenanzeigen.de\/careeasy\/#website\",\"url\":\"https:\/\/www.stellenanzeigen.de\/careeasy\/\",\"name\":\"careeasy - Dein Karrieremagazin\",\"description\":\"\",\"publisher\":{\"@id\":\"https:\/\/www.stellenanzeigen.de\/careeasy\/#organization\"},\"potentialAction\":[{\"@type\":\"SearchAction\",\"target\":{\"@type\":\"EntryPoint\",\"urlTemplate\":\"https:\/\/www.stellenanzeigen.de\/careeasy\/?s={search_term_string}\"},\"query-input\":\"required name=search_term_string\"}],\"inLanguage\":\"de-DE\"},{\"@type\":\"Organization\",\"@id\":\"https:\/\/www.stellenanzeigen.de\/careeasy\/#organization\",\"name\":\"careeasy - Dein Karrieremagazin\",\"url\":\"https:\/\/www.stellenanzeigen.de\/careeasy\/\",\"logo\":{\"@type\":\"ImageObject\",\"inLanguage\":\"de-DE\",\"@id\":\"https:\/\/www.stellenanzeigen.de\/careeasy\/#\/schema\/logo\/image\/\",\"url\":\"https:\/\/www.stellenanzeigen.de\/careeasy\/wp-content\/uploads\/2024\/03\/careeasy_logo.jpg\",\"contentUrl\":\"https:\/\/www.stellenanzeigen.de\/careeasy\/wp-content\/uploads\/2024\/03\/careeasy_logo.jpg\",\"width\":701,\"height\":223,\"caption\":\"careeasy - Dein Karrieremagazin\"},\"image\":{\"@id\":\"https:\/\/www.stellenanzeigen.de\/careeasy\/#\/schema\/logo\/image\/\"},\"sameAs\":[\"https:\/\/www.facebook.com\/stellenanzeigen.de\/\"]}]}<\/script>\n<!-- \/ Yoast SEO plugin. -->","yoast_head_json":{"title":"Bewerbungsvorlage Friseur\/in | careeasy - Dein Karrieremagazin","description":"Bewerbungsvorlage Friseur\/in - Copyright: dolgachov Die Bewerbungsvorlage f\u00fcr den Beruf des Friseurs oder der Friseurin, kannst du dir kostenlos auf","robots":{"index":"index","follow":"follow","max-snippet":"max-snippet:-1","max-image-preview":"max-image-preview:large","max-video-preview":"max-video-preview:-1"},"canonical":"https:\/\/www.stellenanzeigen.de\/careeasy\/bewerbung\/friseur-in\/","og_locale":"de_DE","og_type":"article","og_title":"Bewerbungsvorlage Friseur\/in | careeasy - Dein Karrieremagazin","og_description":"Bewerbungsvorlage Friseur\/in - Copyright: dolgachov Die Bewerbungsvorlage f\u00fcr den Beruf des Friseurs oder der Friseurin, kannst du dir kostenlos auf","og_url":"https:\/\/www.stellenanzeigen.de\/careeasy\/bewerbung\/friseur-in\/","og_site_name":"careeasy - Dein Karrieremagazin","article_publisher":"https:\/\/www.facebook.com\/stellenanzeigen.de\/","article_modified_time":"2023-10-06T08:58:02+00:00","og_image":[{"url":"https:\/\/www.stellenanzeigen.de\/careeasy\/wp-content\/uploads\/2020\/05\/bewerbung-friseurin.jpg"}],"twitter_misc":{"Gesch\u00e4tzte Lesezeit":"4 Minuten"},"schema":{"@context":"https:\/\/schema.org","@graph":[{"@type":"WebPage","@id":"https:\/\/www.stellenanzeigen.de\/careeasy\/bewerbung\/friseur-in\/","url":"https:\/\/www.stellenanzeigen.de\/careeasy\/bewerbung\/friseur-in\/","name":"Bewerbungsvorlage Friseur\/in | careeasy - Dein Karrieremagazin","isPartOf":{"@id":"https:\/\/www.stellenanzeigen.de\/careeasy\/#website"},"datePublished":"2020-05-07T10:05:34+00:00","dateModified":"2023-10-06T08:58:02+00:00","description":"Bewerbungsvorlage Friseur\/in - Copyright: dolgachov Die Bewerbungsvorlage f\u00fcr den Beruf des Friseurs oder der Friseurin, kannst du dir kostenlos auf","breadcrumb":{"@id":"https:\/\/www.stellenanzeigen.de\/careeasy\/bewerbung\/friseur-in\/#breadcrumb"},"inLanguage":"de-DE","potentialAction":[{"@type":"ReadAction","target":["https:\/\/www.stellenanzeigen.de\/careeasy\/bewerbung\/friseur-in\/"]}]},{"@type":"BreadcrumbList","@id":"https:\/\/www.stellenanzeigen.de\/careeasy\/bewerbung\/friseur-in\/#breadcrumb","itemListElement":[{"@type":"ListItem","position":1,"name":"Careeasy","item":"https:\/\/www.stellenanzeigen.de\/careeasy\/"},{"@type":"ListItem","position":2,"name":"Bewerbungsvorlagen &#038; Bewerbungsmuster","item":"https:\/\/www.stellenanzeigen.de\/careeasy\/bewerbung\/"},{"@type":"ListItem","position":3,"name":"Bewerbungsvorlage Friseur\/in"}]},{"@type":"WebSite","@id":"https:\/\/www.stellenanzeigen.de\/careeasy\/#website","url":"https:\/\/www.stellenanzeigen.de\/careeasy\/","name":"careeasy - Dein Karrieremagazin","description":"","publisher":{"@id":"https:\/\/www.stellenanzeigen.de\/careeasy\/#organization"},"potentialAction":[{"@type":"SearchAction","target":{"@type":"EntryPoint","urlTemplate":"https:\/\/www.stellenanzeigen.de\/careeasy\/?s={search_term_string}"},"query-input":"required name=search_term_string"}],"inLanguage":"de-DE"},{"@type":"Organization","@id":"https:\/\/www.stellenanzeigen.de\/careeasy\/#organization","name":"careeasy - Dein Karrieremagazin","url":"https:\/\/www.stellenanzeigen.de\/careeasy\/","logo":{"@type":"ImageObject","inLanguage":"de-DE","@id":"https:\/\/www.stellenanzeigen.de\/careeasy\/#\/schema\/logo\/image\/","url":"https:\/\/www.stellenanzeigen.de\/careeasy\/wp-content\/uploads\/2024\/03\/careeasy_logo.jpg","contentUrl":"https:\/\/www.stellenanzeigen.de\/careeasy\/wp-content\/uploads\/2024\/03\/careeasy_logo.jpg","width":701,"height":223,"caption":"careeasy - Dein Karrieremagazin"},"image":{"@id":"https:\/\/www.stellenanzeigen.de\/careeasy\/#\/schema\/logo\/image\/"},"sameAs":["https:\/\/www.facebook.com\/stellenanzeigen.de\/"]}]}},"uagb_featured_image_src":{"full":false,"thumbnail":false,"medium":false,"medium_large":false,"large":false,"1536x1536":false,"2048x2048":false,"neomag-medium":false,"neomag-big":false,"neomag-large":false,"neomag-huge":false},"uagb_author_info":{"display_name":"Simone Erber","author_link":"https:\/\/www.stellenanzeigen.de\/careeasy\/author\/simone-erber\/"},"uagb_comment_info":0,"uagb_excerpt":"Die Bewerbungsvorlage f\u00fcr den Beruf des Friseurs oder der Friseurin, kannst du dir kostenlos auf Stellenanzeigen.de herunterladen. Die Musterbewerbung kannst du dir dann als...","_links":{"self":[{"href":"https:\/\/www.stellenanzeigen.de\/careeasy\/wp-json\/wp\/v2\/pages\/19686"}],"collection":[{"href":"https:\/\/www.stellenanzeigen.de\/careeasy\/wp-json\/wp\/v2\/pages"}],"about":[{"href":"https:\/\/www.stellenanzeigen.de\/careeasy\/wp-json\/wp\/v2\/types\/page"}],"author":[{"embeddable":true,"href":"https:\/\/www.stellenanzeigen.de\/careeasy\/wp-json\/wp\/v2\/users\/129"}],"replies":[{"embeddable":true,"href":"https:\/\/www.stellenanzeigen.de\/careeasy\/wp-json\/wp\/v2\/comments?post=19686"}],"version-history":[{"count":13,"href":"https:\/\/www.stellenanzeigen.de\/careeasy\/wp-json\/wp\/v2\/pages\/19686\/revisions"}],"predecessor-version":[{"id":112924,"href":"https:\/\/www.stellenanzeigen.de\/careeasy\/wp-json\/wp\/v2\/pages\/19686\/revisions\/112924"}],"up":[{"embeddable":true,"href":"https:\/\/www.stellenanzeigen.de\/careeasy\/wp-json\/wp\/v2\/pages\/14008"}],"wp:attachment":[{"href":"https:\/\/www.stellenanzeigen.de\/careeasy\/wp-json\/wp\/v2\/media?parent=19686"}],"wp:term":[{"taxonomy":"category","embeddable":true,"href":"https:\/\/www.stellenanzeigen.de\/careeasy\/wp-json\/wp\/v2\/categories?post=19686"},{"taxonomy":"post_tag","embeddable":true,"href":"https:\/\/www.stellenanzeigen.de\/careeasy\/wp-json\/wp\/v2\/tags?post=19686"}],"curies":[{"name":"wp","href":"https:\/\/api.w.org\/{rel}","templated":true}]}}