{"id":19633,"date":"2020-05-06T08:04:56","date_gmt":"2020-05-06T08:04:56","guid":{"rendered":"https:\/\/www.stellenanzeigen.de\/careeasy\/?page_id=19633"},"modified":"2023-10-06T13:08:46","modified_gmt":"2023-10-06T11:08:46","slug":"servicekraft","status":"publish","type":"page","link":"https:\/\/www.stellenanzeigen.de\/careeasy\/bewerbung\/servicekraft\/","title":{"rendered":"Bewerbungsvorlage Servicekraft"},"content":{"rendered":"\n<figure class=\"wp-block-image alignwide size-full wp-image-19635\"><img loading=\"lazy\" decoding=\"async\" width=\"724\" height=\"483\" src=\"https:\/\/www.stellenanzeigen.de\/careeasy\/wp-content\/uploads\/2020\/05\/bewerbung-servicekraft.jpg\" alt=\"Bewerbungsvorlage Servicekraft\" class=\"wp-image-19635\" srcset=\"https:\/\/www.stellenanzeigen.de\/careeasy\/wp-content\/uploads\/2020\/05\/bewerbung-servicekraft.jpg 724w, https:\/\/www.stellenanzeigen.de\/careeasy\/wp-content\/uploads\/2020\/05\/bewerbung-servicekraft-272x182.jpg 272w\" sizes=\"auto, (max-width: 724px) 100vw, 724px\" \/><figcaption class=\"wp-element-caption\">Bewerbungsvorlage Servicekraft &#8211; Copyright: Wavebreakmedia<\/figcaption><\/figure>\n\n\n\n<div class=\"wp-block-columns alignwide pdf-teaser is-layout-flex wp-container-core-columns-is-layout-9d6595d7 wp-block-columns-is-layout-flex\">\n<div class=\"wp-block-column pdf-thumbnail is-layout-flow wp-block-column-is-layout-flow\" style=\"flex-basis:35%\"><div class=\"wp-block-image\">\n<figure class=\"aligncenter size-large\"><img loading=\"lazy\" decoding=\"async\" width=\"300\" height=\"424\" src=\"https:\/\/www.stellenanzeigen.de\/careeasy\/wp-content\/uploads\/2020\/05\/Servicekraft-pdf-image.jpg\" alt=\"Bewerbungsvorlage Servicekraft\" class=\"wp-image-85396\"\/><\/figure>\n<\/div><\/div>\n\n\n\n<div class=\"wp-block-column teaser-box is-layout-flow wp-block-column-is-layout-flow\" style=\"flex-basis:65%\">\n<p>Die Bewerbungsvorlage f\u00fcr den Beruf der Servicekraft kannst du auch als Hilfe f\u00fcr deine eigene Bewerbung nutzen, wenn du dich f\u00fcr die Arbeit als Servicekraft bewerben m\u00f6chtest. Auf Stellenanzeigen.de kannst du dir kostenlos die Bewerbungsmuster Servicekraft herunterladen und dich f\u00fcr deine eigene Bewerbung an der Bewerbungsvorlage orientieren. Die in der Bewerbungsvorlage erw\u00e4hnten Aspekte k\u00f6nnten auch f\u00fcr deine eigene <a href=\"https:\/\/www.stellenanzeigen.de\/careeasy\/bewerbung\/\">Bewerbung<\/a> wichtige Punkte sein.<\/p>\n\n\n\n<div class=\"wp-block-buttons is-layout-flex wp-block-buttons-is-layout-flex\">\n<div class=\"wp-block-button\"><a class=\"wp-block-button__link has-background wp-element-button\" href=\"https:\/\/www.stellenanzeigen.de\/careeasy\/bewerbung\/servicekraft\/#pdf-download\" style=\"background-color:#2b85b9\">Vorlage Anfordern<\/a><\/div>\n<\/div>\n<\/div>\n<\/div>\n\n\n<h3>Bestandteile der Musterbewerbung Servicekraft<\/h3>\n<p>In deiner Bewerbung f\u00fcr eine <a href=\"https:\/\/www.stellenanzeigen.de\/jobs\/servicekraft\/\">Arbeit als Servicekraft<\/a> solltest du in jedem Fall ein Anschreiben, wie das aus der Bewerbungsvorlage und auch einen Lebenslauf einreichen. Auch Qualifikationen solltest du beif\u00fcgen, wie zum Beispiel letzte oder abschlie\u00dfende Zeugnisse aus der Schule oder Abschlusszeugnisse einer <a href=\"https:\/\/www.stellenanzeigen.de\/careeasy\/ausbildung\/\">Ausbildung<\/a>. Im Anschreiben solltest du deutlich machen, warum du diesen Job gerne h\u00e4ttest und auch warum du dich f\u00fcr diesen Job als qualifiziert siehst. Du kannst dabei auf deine bereits gesammelten Erfahrungen eingehen, deine Ausbildungen erw\u00e4hnen oder deine besondere Motivation ins Spiel bringen. Allerdings solltest du auch nicht zu ausschweifend werden, sondern dich relativ kurzhalten. Im <a class=\"wpil_keyword_link\" href=\"https:\/\/www.stellenanzeigen.de\/careeasy\/lebenslauf-vorlagen-sde106864\/\"   title=\"Lebenslauf\" data-wpil-keyword-link=\"linked\">Lebenslauf<\/a> stehen die Daten und Fakten zu dir dann nochmal ganzheitlicher drin. Im Lebenslauf sollte m\u00f6glichst jede Station eurer Ausbildung und der Berufserfahrung enthalten sein und er sollte keine L\u00fccken haben. F\u00fcr den Beruf der Servicekraft wird oft auch nach einem Gesundheitszeugnis gefragt. Dieses solltest du dann auf jeden Fall mit anf\u00fcgen, wenn du es bereits hast.<\/p>\n<hr \/>\n<h2><a href=\"https:\/\/www.stellenanzeigen.de\/jobs\/\" target=\"_blank\" rel=\"noopener noreferrer\">Aktuelle Jobangebote<\/a><\/h2>\n<hr \/>\n<div id=\"suchwidgetErgebnisliste\">\u00a0<\/div>\n<div id=\"StellenanzeigenSuchwidget\" tabindex=\"-1\">\u00a0<\/div>\n<p><script><br \/>\n  var config = {<br \/>\n    apiKey : 'FBEB08FBC7BB75349E26C51C530F79BF',<br \/>\n    resultsPerPage : 3,<br \/>\n    searchRadius : 60,<br \/>\n    fulltext : 'Restaurant',<br \/>\n    city : null,<br \/>\n    category : null,<br \/>\n    subCategories : null<br \/>\n  };<br \/>\n<\/script><script type=\"text\/javascript\" src=\"https:\/\/app.stellenanzeigen.de\/widget\/init.js\"><\/script><\/p>\n<hr \/>\n<h3>Vorbereitung auf das Vorstellungsgespr\u00e4ch<\/h3>\n<p>Wenn du es geschafft hast, zum <a href=\"https:\/\/www.stellenanzeigen.de\/careeasy\/fragen-antworten-im-vorstellungsgespraech-sde11769\/\">Vorstellungsgespr\u00e4ch<\/a> eingeladen zu werden, ist die n\u00e4chste Stufe im Bewerbungsprozess als Servicekraft erreicht. Du solltest dich gut auf das kommende Gespr\u00e4ch vorbereiten, um bei deinem m\u00f6glichen Arbeitgeber einen guten pers\u00f6nlichen Eindruck zu hinterlassen. Zum einen solltest du dir etwas Angemessenes anziehen und auf ein gepflegtes Auftreten achten, welches gerade als Servicekraft essenziell ist bei der Arbeit.<\/p>\n<p>Wenn du zum Bewerbungsgespr\u00e4ch eingeladen wirst, solltest du ebenfalls sicherstellen, dass du auch p\u00fcnktlich da sein wirst und dein erster Eindruck kein unp\u00fcnktlicher ist bei deinem m\u00f6glichen Arbeitgeber. Schau dir vorher genau den Weg zu dem Ort des Gespr\u00e4ches an und \u00fcberlege dir wie lange du f\u00fcr den Weg brauchen wirst, um in jedem Fall p\u00fcnktlich vor Ort erscheinen zu k\u00f6nnen.<\/p>\n<p>Stelle au\u00dferdem sicher, dass du zum Bewerbungsgespr\u00e4ch alle Unterlagen mitbringst, die dein m\u00f6glicher Arbeitgeber eventuell zus\u00e4tzlich fordert. So kannst du einen gut organisierten ersten Eindruck hinterlassen. \u00dcberlege dir auch, welche Fragen du noch deinem m\u00f6glichen Arbeitgeber stellen m\u00f6chtest. Zu guter Letzt sei dir sicher, wie du die schriftlichen Punkte aus der Musterbewerbung auch verbal gut r\u00fcberbringen kannst.<\/p>\n<h3>Fragen und Antwortm\u00f6glichkeiten im Vorstellungsgespr\u00e4ch<\/h3>\n<h3>Warum m\u00f6chten Sie gerne hier bei uns arbeiten?<\/h3>\n<p>Wahrscheinlich werdet ihr das schon in eurem Anschreiben aufgegriffen haben. Es wird einen Grund geben, warum du gerade da arbeiten m\u00f6chtest, also sei einfach ehrlich . Optimaler Weise hat der Grund etwas mit dem Betrieb und der Arbeit selbst zu tun. Denkt euch aber auch nichts aus oder \u00fcbertreibt bei der Antwort auf diese Frage.<\/p>\n<h3>Was sind Ihre Schw\u00e4chen?<\/h3>\n<p>Jeder Mensch hat Schw\u00e4chen, daher ist eine Antwort, in der man sagt, man habe keine unglaubw\u00fcrdig. Gib ruhig deine Schw\u00e4chen preis, allerding vorsichtig ausgedr\u00fcckt. \u00dcberlegt euch gut wo ihr bei euch Verbesserungspotenzial seht und \u00fcberlegt euch eine gute Formulierung f\u00fcr eure Schw\u00e4chen.<\/p>\n<h3>Was gef\u00e4llt Ihnen an der Arbeit als Servicekraft?<\/h3>\n<p>Im Optimalfall ist die Antwort auf diese Frage auch die Antwort auf die Frage, warum ihr keinen anderen Job habt. Lasst den Arbeitgeber wissen, in welchen Momenten euch die Arbeit Spa\u00df macht und was ihr an der Arbeit genie\u00dft, was ihr eventuell bei anderen Arbeiten nicht h\u00e4ttet. Der Kontakt zu den G\u00e4sten ist f\u00fcr Servicekr\u00e4fte bestenfalls nat\u00fcrlich ein generell positives Erlebnis.<\/p>\n\n\n<div class=\"wp-block-group alignwide\" id=\"pdf-download\"><div class=\"wp-block-group__inner-container is-layout-flow wp-block-group-is-layout-flow\">\n<div class=\"wp-block-columns pdf-download is-layout-flex wp-container-core-columns-is-layout-9d6595d7 wp-block-columns-is-layout-flex\">\n<div class=\"wp-block-column pdf-thumbnail is-layout-flow wp-block-column-is-layout-flow\" style=\"flex-basis:35%\">\n<figure class=\"wp-block-image size-large\"><img loading=\"lazy\" decoding=\"async\" width=\"300\" height=\"424\" src=\"https:\/\/www.stellenanzeigen.de\/careeasy\/wp-content\/uploads\/2020\/05\/Servicekraft-pdf-image.jpg\" alt=\"Bewerbungsvorlage Servicekraft\" class=\"wp-image-85396\"\/><\/figure>\n<\/div>\n\n\n\n<div class=\"wp-block-column subscribe-box is-layout-flow wp-block-column-is-layout-flow\" style=\"flex-basis:65%\">\n\n\t\t\t<form id=\"sib_signup_form_56\" method=\"post\" class=\"sib_signup_form\">\n\t\t\t\t<div class=\"sib_loader\" style=\"display:none;\"><img\n\t\t\t\t\t\t\tsrc=\"https:\/\/www.stellenanzeigen.de\/careeasy\/wp-includes\/images\/spinner.gif\" alt=\"loader\"><\/div>\n\t\t\t\t<input type=\"hidden\" name=\"sib_form_action\" value=\"subscribe_form_submit\">\n\t\t\t\t<input type=\"hidden\" name=\"sib_form_id\" value=\"56\">\n                <input type=\"hidden\" name=\"sib_form_alert_notice\" value=\"Bitte f\u00fclle das Feld aus\">\n                <input type=\"hidden\" name=\"sib_form_invalid_email_notice\" value=\"Deine E-Mail Adresse ist ung\u00fcltig\">\n                <input type=\"hidden\" name=\"sib_security\" value=\"02f8d12ec2\">\n\t\t\t\t<div class=\"sib_signup_box_inside_56\">\n\t\t\t\t\t<div style=\"\/*display:none*\/\" class=\"sib_msg_disp\">\n\t\t\t\t\t<\/div>\n                    \t\t\t\t\t<p style=\"font-size:21px;text-align:left;font-family: 'Helvetica',sans-serif;color:#2b85b9;background-color:transparent\"><strong>Jetzt Bewerbungsvorlage als Servicekraft anfordern und f\u00fcr den Newsletter anmelden<\/strong><\/p>\r\n<p class=\"sib-email-area\">\r\n    <label>E-Mail-Adresse <span style=\"color: red\">*<\/span><\/label>\r\n    <input type=\"email\" class=\"sib-email-area\" name=\"email\" required=\"required\" placeholder=\"E-Mail-Adresse\">\r\n<\/p>\r\n<p class=\"sib-terms\"><input type=\"checkbox\" name=\"terms\" required=\"required\"><label>Ich bin damit einverstanden, dass meine E-Mailadresse f\u00fcr Werbezwecke per Newsletter genutzt wird und akzeptiere die <a href=\"https:\/\/www.stellenanzeigen.de\/arbeitgeber\/datenschutzerklaerung\/\">Datenschutzerkl\u00e4rung <span style=\"color: red\">*<\/span><\/a><\/label><\/p>\r\n<p style=\"font-size:12px;text-align:left;font-family: 'Helvetica',sans-serif;color:#8390A4\">Du kannst den Newsletter jederzeit \u00fcber den Abmeldelink in der Fu\u00dfzeile unserer E-Mails abbestellen.<\/p>\r\n<input type=\"submit\" class=\"sib-default-btn\" value=\"Bewerbungsvorlage anfordern\">\t\t\t\t<\/div>\n\t\t\t<\/form>\n\t\t\t<style>\n\t\t\t\tform#sib_signup_form_56 p.sib-alert-message {\n    padding: 6px 12px;\n    margin-bottom: 20px;\n    border: 1px solid transparent;\n    border-radius: 4px;\n    -webkit-box-sizing: border-box;\n    -moz-box-sizing: border-box;\n    box-sizing: border-box;\n}\nform#sib_signup_form_56 p.sib-alert-message-error {\n    background-color: #f2dede;\n    border-color: #ebccd1;\n    color: #a94442;\n}\nform#sib_signup_form_56 p.sib-alert-message-success {\n    background-color: #dff0d8;\n    border-color: #d6e9c6;\n    color: #3c763d;\n}\nform#sib_signup_form_56 p.sib-alert-message-warning {\n    background-color: #fcf8e3;\n    border-color: #faebcc;\n    color: #8a6d3b;\n}\n\t\t\t<\/style>\n\t\t\t\n<\/div>\n<\/div>\n<\/div><\/div>\n","protected":false},"excerpt":{"rendered":"<p>Die Bewerbungsvorlage f\u00fcr den Beruf der Servicekraft kannst du auch als Hilfe f\u00fcr deine eigene Bewerbung nutzen, wenn du dich f\u00fcr die Arbeit als&#8230;<\/p>\n","protected":false},"author":103,"featured_media":0,"parent":14008,"menu_order":0,"comment_status":"closed","ping_status":"closed","template":"","meta":{"_uag_custom_page_level_css":"","footnotes":""},"categories":[],"tags":[],"class_list":["post-19633","page","type-page","status-publish","hentry","entry","post-no-thumbnail"],"yoast_head":"<!-- This site is optimized with the Yoast SEO plugin v27.5 - https:\/\/yoast.com\/product\/yoast-seo-wordpress\/ -->\n<title>Bewerbungsvorlage Servicekraft<\/title>\n<meta name=\"description\" content=\"Die Bewerbungsvorlage f\u00fcr den Beruf der Servicekraft kannst du auch als Hilfe f\u00fcr deine eigene Bewerbung nutzen, wenn du dich f\u00fcr die Arbeit als\" \/>\n<meta name=\"robots\" content=\"index, follow, max-snippet:-1, max-image-preview:large, max-video-preview:-1\" \/>\n<link rel=\"canonical\" href=\"https:\/\/www.stellenanzeigen.de\/careeasy\/bewerbung\/servicekraft\/\" \/>\n<meta property=\"og:locale\" content=\"de_DE\" \/>\n<meta property=\"og:type\" content=\"article\" \/>\n<meta property=\"og:title\" content=\"Bewerbungsvorlage Servicekraft\" \/>\n<meta property=\"og:description\" content=\"Die Bewerbungsvorlage f\u00fcr den Beruf der Servicekraft kannst du auch als Hilfe f\u00fcr deine eigene Bewerbung nutzen, wenn du dich f\u00fcr die Arbeit als\" \/>\n<meta property=\"og:url\" content=\"https:\/\/www.stellenanzeigen.de\/careeasy\/bewerbung\/servicekraft\/\" \/>\n<meta property=\"og:site_name\" content=\"careeasy - Dein Karrieremagazin\" \/>\n<meta property=\"article:publisher\" content=\"https:\/\/www.facebook.com\/stellenanzeigen.de\/\" \/>\n<meta property=\"article:modified_time\" content=\"2023-10-06T11:08:46+00:00\" \/>\n<meta property=\"og:image\" content=\"https:\/\/www.stellenanzeigen.de\/careeasy\/wp-content\/uploads\/2020\/05\/bewerbung-servicekraft.jpg\" \/>\n<meta name=\"twitter:label1\" content=\"Gesch\u00e4tzte Lesezeit\" \/>\n\t<meta name=\"twitter:data1\" content=\"5\u00a0Minuten\" \/>\n<script type=\"application\/ld+json\" class=\"yoast-schema-graph\">{\"@context\":\"https:\\\/\\\/schema.org\",\"@graph\":[{\"@type\":\"WebPage\",\"@id\":\"https:\\\/\\\/www.stellenanzeigen.de\\\/careeasy\\\/bewerbung\\\/servicekraft\\\/\",\"url\":\"https:\\\/\\\/www.stellenanzeigen.de\\\/careeasy\\\/bewerbung\\\/servicekraft\\\/\",\"name\":\"Bewerbungsvorlage Servicekraft\",\"isPartOf\":{\"@id\":\"https:\\\/\\\/www.stellenanzeigen.de\\\/careeasy\\\/#website\"},\"primaryImageOfPage\":{\"@id\":\"https:\\\/\\\/www.stellenanzeigen.de\\\/careeasy\\\/bewerbung\\\/servicekraft\\\/#primaryimage\"},\"image\":{\"@id\":\"https:\\\/\\\/www.stellenanzeigen.de\\\/careeasy\\\/bewerbung\\\/servicekraft\\\/#primaryimage\"},\"thumbnailUrl\":\"https:\\\/\\\/www.stellenanzeigen.de\\\/careeasy\\\/wp-content\\\/uploads\\\/2020\\\/05\\\/bewerbung-servicekraft.jpg\",\"datePublished\":\"2020-05-06T08:04:56+00:00\",\"dateModified\":\"2023-10-06T11:08:46+00:00\",\"description\":\"Die Bewerbungsvorlage f\u00fcr den Beruf der Servicekraft kannst du auch als Hilfe f\u00fcr deine eigene Bewerbung nutzen, wenn du dich f\u00fcr die Arbeit als\",\"breadcrumb\":{\"@id\":\"https:\\\/\\\/www.stellenanzeigen.de\\\/careeasy\\\/bewerbung\\\/servicekraft\\\/#breadcrumb\"},\"inLanguage\":\"de\",\"potentialAction\":[{\"@type\":\"ReadAction\",\"target\":[\"https:\\\/\\\/www.stellenanzeigen.de\\\/careeasy\\\/bewerbung\\\/servicekraft\\\/\"]}]},{\"@type\":\"ImageObject\",\"inLanguage\":\"de\",\"@id\":\"https:\\\/\\\/www.stellenanzeigen.de\\\/careeasy\\\/bewerbung\\\/servicekraft\\\/#primaryimage\",\"url\":\"https:\\\/\\\/www.stellenanzeigen.de\\\/careeasy\\\/wp-content\\\/uploads\\\/2020\\\/05\\\/bewerbung-servicekraft.jpg\",\"contentUrl\":\"https:\\\/\\\/www.stellenanzeigen.de\\\/careeasy\\\/wp-content\\\/uploads\\\/2020\\\/05\\\/bewerbung-servicekraft.jpg\",\"width\":724,\"height\":483,\"caption\":\"Bewerbungsvorlage Servicekraft - Copyright: Wavebreakmedia\"},{\"@type\":\"BreadcrumbList\",\"@id\":\"https:\\\/\\\/www.stellenanzeigen.de\\\/careeasy\\\/bewerbung\\\/servicekraft\\\/#breadcrumb\",\"itemListElement\":[{\"@type\":\"ListItem\",\"position\":1,\"name\":\"Careeasy\",\"item\":\"https:\\\/\\\/www.stellenanzeigen.de\\\/careeasy\\\/\"},{\"@type\":\"ListItem\",\"position\":2,\"name\":\"Bewerbungsvorlagen &#038; Bewerbungsmuster\",\"item\":\"https:\\\/\\\/www.stellenanzeigen.de\\\/careeasy\\\/bewerbung\\\/\"},{\"@type\":\"ListItem\",\"position\":3,\"name\":\"Bewerbungsvorlage Servicekraft\"}]},{\"@type\":\"WebSite\",\"@id\":\"https:\\\/\\\/www.stellenanzeigen.de\\\/careeasy\\\/#website\",\"url\":\"https:\\\/\\\/www.stellenanzeigen.de\\\/careeasy\\\/\",\"name\":\"careeasy - Dein Karrieremagazin\",\"description\":\"\",\"publisher\":{\"@id\":\"https:\\\/\\\/www.stellenanzeigen.de\\\/careeasy\\\/#organization\"},\"potentialAction\":[{\"@type\":\"SearchAction\",\"target\":{\"@type\":\"EntryPoint\",\"urlTemplate\":\"https:\\\/\\\/www.stellenanzeigen.de\\\/careeasy\\\/?s={search_term_string}\"},\"query-input\":{\"@type\":\"PropertyValueSpecification\",\"valueRequired\":true,\"valueName\":\"search_term_string\"}}],\"inLanguage\":\"de\"},{\"@type\":\"Organization\",\"@id\":\"https:\\\/\\\/www.stellenanzeigen.de\\\/careeasy\\\/#organization\",\"name\":\"careeasy - Dein Karrieremagazin\",\"url\":\"https:\\\/\\\/www.stellenanzeigen.de\\\/careeasy\\\/\",\"logo\":{\"@type\":\"ImageObject\",\"inLanguage\":\"de\",\"@id\":\"https:\\\/\\\/www.stellenanzeigen.de\\\/careeasy\\\/#\\\/schema\\\/logo\\\/image\\\/\",\"url\":\"https:\\\/\\\/www.stellenanzeigen.de\\\/careeasy\\\/wp-content\\\/uploads\\\/2024\\\/03\\\/careeasy_logo.jpg\",\"contentUrl\":\"https:\\\/\\\/www.stellenanzeigen.de\\\/careeasy\\\/wp-content\\\/uploads\\\/2024\\\/03\\\/careeasy_logo.jpg\",\"width\":701,\"height\":223,\"caption\":\"careeasy - Dein Karrieremagazin\"},\"image\":{\"@id\":\"https:\\\/\\\/www.stellenanzeigen.de\\\/careeasy\\\/#\\\/schema\\\/logo\\\/image\\\/\"},\"sameAs\":[\"https:\\\/\\\/www.facebook.com\\\/stellenanzeigen.de\\\/\"]}]}<\/script>\n<!-- \/ Yoast SEO plugin. -->","yoast_head_json":{"title":"Bewerbungsvorlage Servicekraft","description":"Die Bewerbungsvorlage f\u00fcr den Beruf der Servicekraft kannst du auch als Hilfe f\u00fcr deine eigene Bewerbung nutzen, wenn du dich f\u00fcr die Arbeit als","robots":{"index":"index","follow":"follow","max-snippet":"max-snippet:-1","max-image-preview":"max-image-preview:large","max-video-preview":"max-video-preview:-1"},"canonical":"https:\/\/www.stellenanzeigen.de\/careeasy\/bewerbung\/servicekraft\/","og_locale":"de_DE","og_type":"article","og_title":"Bewerbungsvorlage Servicekraft","og_description":"Die Bewerbungsvorlage f\u00fcr den Beruf der Servicekraft kannst du auch als Hilfe f\u00fcr deine eigene Bewerbung nutzen, wenn du dich f\u00fcr die Arbeit als","og_url":"https:\/\/www.stellenanzeigen.de\/careeasy\/bewerbung\/servicekraft\/","og_site_name":"careeasy - Dein Karrieremagazin","article_publisher":"https:\/\/www.facebook.com\/stellenanzeigen.de\/","article_modified_time":"2023-10-06T11:08:46+00:00","og_image":[{"url":"https:\/\/www.stellenanzeigen.de\/careeasy\/wp-content\/uploads\/2020\/05\/bewerbung-servicekraft.jpg","type":"","width":"","height":""}],"twitter_misc":{"Gesch\u00e4tzte Lesezeit":"5\u00a0Minuten"},"schema":{"@context":"https:\/\/schema.org","@graph":[{"@type":"WebPage","@id":"https:\/\/www.stellenanzeigen.de\/careeasy\/bewerbung\/servicekraft\/","url":"https:\/\/www.stellenanzeigen.de\/careeasy\/bewerbung\/servicekraft\/","name":"Bewerbungsvorlage Servicekraft","isPartOf":{"@id":"https:\/\/www.stellenanzeigen.de\/careeasy\/#website"},"primaryImageOfPage":{"@id":"https:\/\/www.stellenanzeigen.de\/careeasy\/bewerbung\/servicekraft\/#primaryimage"},"image":{"@id":"https:\/\/www.stellenanzeigen.de\/careeasy\/bewerbung\/servicekraft\/#primaryimage"},"thumbnailUrl":"https:\/\/www.stellenanzeigen.de\/careeasy\/wp-content\/uploads\/2020\/05\/bewerbung-servicekraft.jpg","datePublished":"2020-05-06T08:04:56+00:00","dateModified":"2023-10-06T11:08:46+00:00","description":"Die Bewerbungsvorlage f\u00fcr den Beruf der Servicekraft kannst du auch als Hilfe f\u00fcr deine eigene Bewerbung nutzen, wenn du dich f\u00fcr die Arbeit als","breadcrumb":{"@id":"https:\/\/www.stellenanzeigen.de\/careeasy\/bewerbung\/servicekraft\/#breadcrumb"},"inLanguage":"de","potentialAction":[{"@type":"ReadAction","target":["https:\/\/www.stellenanzeigen.de\/careeasy\/bewerbung\/servicekraft\/"]}]},{"@type":"ImageObject","inLanguage":"de","@id":"https:\/\/www.stellenanzeigen.de\/careeasy\/bewerbung\/servicekraft\/#primaryimage","url":"https:\/\/www.stellenanzeigen.de\/careeasy\/wp-content\/uploads\/2020\/05\/bewerbung-servicekraft.jpg","contentUrl":"https:\/\/www.stellenanzeigen.de\/careeasy\/wp-content\/uploads\/2020\/05\/bewerbung-servicekraft.jpg","width":724,"height":483,"caption":"Bewerbungsvorlage Servicekraft - Copyright: Wavebreakmedia"},{"@type":"BreadcrumbList","@id":"https:\/\/www.stellenanzeigen.de\/careeasy\/bewerbung\/servicekraft\/#breadcrumb","itemListElement":[{"@type":"ListItem","position":1,"name":"Careeasy","item":"https:\/\/www.stellenanzeigen.de\/careeasy\/"},{"@type":"ListItem","position":2,"name":"Bewerbungsvorlagen &#038; Bewerbungsmuster","item":"https:\/\/www.stellenanzeigen.de\/careeasy\/bewerbung\/"},{"@type":"ListItem","position":3,"name":"Bewerbungsvorlage Servicekraft"}]},{"@type":"WebSite","@id":"https:\/\/www.stellenanzeigen.de\/careeasy\/#website","url":"https:\/\/www.stellenanzeigen.de\/careeasy\/","name":"careeasy - Dein Karrieremagazin","description":"","publisher":{"@id":"https:\/\/www.stellenanzeigen.de\/careeasy\/#organization"},"potentialAction":[{"@type":"SearchAction","target":{"@type":"EntryPoint","urlTemplate":"https:\/\/www.stellenanzeigen.de\/careeasy\/?s={search_term_string}"},"query-input":{"@type":"PropertyValueSpecification","valueRequired":true,"valueName":"search_term_string"}}],"inLanguage":"de"},{"@type":"Organization","@id":"https:\/\/www.stellenanzeigen.de\/careeasy\/#organization","name":"careeasy - Dein Karrieremagazin","url":"https:\/\/www.stellenanzeigen.de\/careeasy\/","logo":{"@type":"ImageObject","inLanguage":"de","@id":"https:\/\/www.stellenanzeigen.de\/careeasy\/#\/schema\/logo\/image\/","url":"https:\/\/www.stellenanzeigen.de\/careeasy\/wp-content\/uploads\/2024\/03\/careeasy_logo.jpg","contentUrl":"https:\/\/www.stellenanzeigen.de\/careeasy\/wp-content\/uploads\/2024\/03\/careeasy_logo.jpg","width":701,"height":223,"caption":"careeasy - Dein Karrieremagazin"},"image":{"@id":"https:\/\/www.stellenanzeigen.de\/careeasy\/#\/schema\/logo\/image\/"},"sameAs":["https:\/\/www.facebook.com\/stellenanzeigen.de\/"]}]}},"uagb_featured_image_src":{"full":false,"thumbnail":false,"medium":false,"medium_large":false,"large":false,"1536x1536":false,"2048x2048":false,"neomag-medium":false,"neomag-big":false,"neomag-large":false,"neomag-huge":false},"uagb_author_info":{"display_name":"stellenanzeigen.de","author_link":"https:\/\/www.stellenanzeigen.de\/careeasy\/author\/stellenanzeigen-de\/"},"uagb_comment_info":0,"uagb_excerpt":"Die Bewerbungsvorlage f\u00fcr den Beruf der Servicekraft kannst du auch als Hilfe f\u00fcr deine eigene Bewerbung nutzen, wenn du dich f\u00fcr die Arbeit als...","_links":{"self":[{"href":"https:\/\/www.stellenanzeigen.de\/careeasy\/wp-json\/wp\/v2\/pages\/19633","targetHints":{"allow":["GET"]}}],"collection":[{"href":"https:\/\/www.stellenanzeigen.de\/careeasy\/wp-json\/wp\/v2\/pages"}],"about":[{"href":"https:\/\/www.stellenanzeigen.de\/careeasy\/wp-json\/wp\/v2\/types\/page"}],"author":[{"embeddable":true,"href":"https:\/\/www.stellenanzeigen.de\/careeasy\/wp-json\/wp\/v2\/users\/103"}],"replies":[{"embeddable":true,"href":"https:\/\/www.stellenanzeigen.de\/careeasy\/wp-json\/wp\/v2\/comments?post=19633"}],"version-history":[{"count":19,"href":"https:\/\/www.stellenanzeigen.de\/careeasy\/wp-json\/wp\/v2\/pages\/19633\/revisions"}],"predecessor-version":[{"id":113060,"href":"https:\/\/www.stellenanzeigen.de\/careeasy\/wp-json\/wp\/v2\/pages\/19633\/revisions\/113060"}],"up":[{"embeddable":true,"href":"https:\/\/www.stellenanzeigen.de\/careeasy\/wp-json\/wp\/v2\/pages\/14008"}],"wp:attachment":[{"href":"https:\/\/www.stellenanzeigen.de\/careeasy\/wp-json\/wp\/v2\/media?parent=19633"}],"wp:term":[{"taxonomy":"category","embeddable":true,"href":"https:\/\/www.stellenanzeigen.de\/careeasy\/wp-json\/wp\/v2\/categories?post=19633"},{"taxonomy":"post_tag","embeddable":true,"href":"https:\/\/www.stellenanzeigen.de\/careeasy\/wp-json\/wp\/v2\/tags?post=19633"}],"curies":[{"name":"wp","href":"https:\/\/api.w.org\/{rel}","templated":true}]}}