{"id":19528,"date":"2020-04-29T04:47:00","date_gmt":"2020-04-29T04:47:00","guid":{"rendered":"https:\/\/www.stellenanzeigen.de\/careeasy\/?page_id=19528"},"modified":"2023-10-06T10:57:59","modified_gmt":"2023-10-06T08:57:59","slug":"altenpfleger-in","status":"publish","type":"page","link":"https:\/\/www.stellenanzeigen.de\/careeasy\/bewerbung\/altenpfleger-in\/","title":{"rendered":"Bewerbungsvorlage Altenpfleger\/in"},"content":{"rendered":"\n<figure class=\"wp-block-image alignwide size-full wp-image-19532\"><img decoding=\"async\" loading=\"lazy\" width=\"724\" height=\"483\" src=\"https:\/\/www.stellenanzeigen.de\/careeasy\/wp-content\/uploads\/2020\/04\/bewerbung-altenpflegerin.jpg\" alt=\"Bewerbung Altenpfleger\" class=\"wp-image-19532\" srcset=\"https:\/\/www.stellenanzeigen.de\/careeasy\/wp-content\/uploads\/2020\/04\/bewerbung-altenpflegerin.jpg 724w, https:\/\/www.stellenanzeigen.de\/careeasy\/wp-content\/uploads\/2020\/04\/bewerbung-altenpflegerin-272x182.jpg 272w\" sizes=\"(max-width: 724px) 100vw, 724px\" \/><figcaption>Bewerbungsvorlage Altenpfleger\/in &#8211; Copyright: Halfpoint<\/figcaption><\/figure>\n\n\n\n<div class=\"wp-block-columns alignwide pdf-teaser is-layout-flex wp-container-5\">\n<div class=\"wp-block-column pdf-thumbnail is-layout-flow\" style=\"flex-basis:35%\">\n<div class=\"wp-block-image\"><figure class=\"aligncenter size-large\"><img decoding=\"async\" loading=\"lazy\" width=\"300\" height=\"424\" src=\"https:\/\/www.stellenanzeigen.de\/careeasy\/wp-content\/uploads\/2020\/04\/Altenpfleger-pdf-image.jpg\" alt=\"Bewerbungsvorlage Altenpfleger\" class=\"wp-image-85376\"\/><\/figure><\/div>\n\n\n\n<p><\/p>\n<\/div>\n\n\n\n<div class=\"wp-block-column teaser-box is-layout-flow\" style=\"flex-basis:65%\">\n<p>Du m\u00f6chtest Dich um eine offene Stelle als Altenpfleger\/in bewerben? Hierf\u00fcr fehlt Dir jedoch noch ein aussagekr\u00e4ftiges Anschreiben? Gerne laden wir Dich dazu ein, mit unserem Bewerbungsmuster Altenpfleger\/in zu \u00fcberzeugen. Dieses kannst Du bei Stellenanzeigen.de bequem und kostenlos ausdrucken. Anschlie\u00dfend l\u00e4sst es sich einfach an Deinen Bedarf anpassen. So geht erfolgreich bewerben in der Altenpflege heute!<\/p>\n\n\n\n<div class=\"wp-block-buttons is-layout-flex\">\n<div class=\"wp-block-button\"><a class=\"wp-block-button__link has-background no-border-radius\" href=\"https:\/\/www.stellenanzeigen.de\/careeasy\/bewerbung\/altenpfleger-in\/#pdf-download\" style=\"background-color:#2b85b9\">Vorlage Anfordern<\/a><\/div>\n<\/div>\n<\/div>\n<\/div>\n\n\n<div class=\"mceTemp\">&nbsp;<\/div>\n<h3>Bestandteile der Musterbewerbung Altenpfleger\/in<\/h3>\n<p>Deine Bewerbung ist die Eintrittskarte in Deinen Traumberuf. Es gilt also, sie sorgsam zusammenzustellen. Dabei umfasst ein Bewerbungsmuster Altenpfleger\/in mehrere Teile. Zu ihnen z\u00e4hlen<\/p>\n<h3>Ein Deckblatt<\/h3>\n<p>Dieses stellt das erste Blatt vieler Bewerbungen dar. Auf ihm zu sehen ist eine \u00dcberschrift mit Bezug zur ausgeschriebenen Stelle. Auch Deine Kontaktdaten sowie ein aufgedrucktes Foto k\u00f6nnen hier zu finden sein. Dieses Bild sollte in kleinerer Form dem <a class=\"wpil_keyword_link\" href=\"https:\/\/www.stellenanzeigen.de\/careeasy\/lebenslauf-vorlagen-sde106864\/\"   title=\"Lebenslauf\" data-wpil-keyword-link=\"linked\">Lebenslauf<\/a> beigef\u00fcgt werden.<\/p>\n<h3>Das Bewerbungsanschreiben<\/h3>\n<p>Neben der Adresse des Empf\u00e4ngers sowie einem passenden Betreff enth\u00e4lt dieses die Gr\u00fcnde, warum Du Dich f\u00fcr die ausgeschriebene Stelle bewirbst. Kennst Du den potenziellen Arbeitgeber gut, kannst Du das hier angeben.<\/p>\n<h3>Der Lebenslauf<\/h3>\n<p>Der Lebenslauf in meist tabellarischer Form: Er gibt einen kurzen \u00dcberblick zu Deiner Person. In selteneren F\u00e4llen wird er in ausformulierter Form gefordert. Die Inhalte bleiben jedoch gleich. Zu ihnen z\u00e4hlen etwa Dein Name, Geburtsort, berufliche Meilensteine und die Schulbildung.<\/p>\n<h3>Zeugnisse, Zertifikate oder Bescheinigungen \u00fcber Fortbildungen<\/h3>\n<p>Der Anhang rundet Deine Bewerbung ab. Aussagekr\u00e4ftige Arbeitszeugnisse sowie Dokumente, die berufsrelevante Weiterbildungsma\u00dfnahmen belegen, d\u00fcrfen hier nicht fehlen.<\/p>\n<p>Beachte in jedem Fall, dass ein aktuelles Lichtbild nicht zwingend Bestandteil Deiner Bewerbung sein muss. Es hinterl\u00e4sst jedoch einen guten Eindruck, wenn Du es beif\u00fcgst. Idealerweise bringst Du es mit einer hochwertigen Heftklammer in der rechten Ecke im Kopf Deines Lebenslaufs an. Besitzt Du einen Tintenstrahldrucker mit ansprechender Aufl\u00f6sung, l\u00e4sst es sich auch aufdrucken. Der Vorteil hiervon ist, dass es sich nicht vom Lebenslauf l\u00f6sen kann.<\/p>\n<h3>Vorbereitung auf das Vorstellungsgespr\u00e4ch<\/h3>\n<p>Du wurdest zum Vorstellungsgespr\u00e4ch eingeladen? Herzlichen Gl\u00fcckwunsch! Nun gilt es, sich mit K\u00f6pfchen darauf vorzubereiten. Dies gelingt etwa, indem Du die am h\u00e4ufigsten gestellten Fragen bei einem Vorstellungsgespr\u00e4ch in Erfahrung bringst. Diese k\u00f6nnen allgemeiner sein, Angaben aus Deinem Bewerbungsschreiben aufgreifen oder Deine Qualifikation betreffen. In der Regel wirst Du mit Fragen aus allen drei Bereichen konfrontiert.<\/p>\n<p>Aus diesem Grund lohnt es sich, dieses Szenario vorab durchzuspielen. M\u00f6glich ist dies alleine oder mit einem Partner oder einer Partnerin.<\/p>\n<h3>Fragen und Antwortm\u00f6glichkeiten im Vorstellungsgespr\u00e4ch<\/h3>\n<p>Folgende f\u00fcnf Fragen werden in einem Vorstellungsgespr\u00e4ch f\u00fcr Altenpfleger in dieser oder \u00e4hnlicher Form h\u00e4ufig gestellt. Sie lassen erahnen, wie wichtig eine sorgsame Vorbereitung auf das professionelle Kennenlernen ist. Au\u00dferdem verdeutlichen sie, dass personalisierte Angaben im Bewerbungsanschreiben essenziell sind. \u00dcbernimm unser Bewerbungsmuster Altenpfleger\/in also nie vollst\u00e4ndig, sondern passe sie an Deinen Lebenslauf an.<\/p>\n<hr>\n<h2><a href=\"https:\/\/www.stellenanzeigen.de\/jobs\/\" target=\"_blank\" rel=\"noopener noreferrer\">Aktuelle Jobangebote<\/a><\/h2>\n<hr>\n<div id=\"suchwidgetErgebnisliste\">&nbsp;<\/div>\n<div id=\"StellenanzeigenSuchwidget\" tabindex=\"-1\">&nbsp;<\/div>\n<script>\n  var config = {\n    apiKey : 'FBEB08FBC7BB75349E26C51C530F79BF',\n    resultsPerPage : 3,\n    searchRadius : 60,\n    fulltext : 'Altenpfleger',\n    city : null,\n    category : null,\n    subCategories : null\n  };\n<\/script><script type=\"text\/javascript\" src=\"https:\/\/app.stellenanzeigen.de\/widget\/init.js\"><\/script>\n<hr>\n<h3>K\u00f6nnen Sie beschreiben, wie Ihr Alltag bei Ihrem letzten Arbeitgeber aussah?<\/h3>\n<p>Hier beschreibst Du einen typischen Arbeitstag. Wenn Du m\u00f6chtest, kannst Du auch eine besonders heikle Situation unterbringen, die Du mit Deinen Kollegen und Kolleginnen erfolgreich meistern konntest.<\/p>\n<h3>Welches ist Ihre gr\u00f6\u00dfte St\u00e4rke\/Schw\u00e4che im Bereich der Altenpflege?<\/h3>\n<p>Antworte auf diese Frage mit Bedacht. Ungeduld etwa ist bei der Arbeit mit Senioren nicht gefragt, eine klare Kommunikation hingegen schon. \u00dcberlege Dir also, was Deinen Charakter auszeichnet und welche versteckten Vorteile Deine Schw\u00e4chen bieten k\u00f6nnen.<\/p>\n<h3>Bereitet Ihnen die k\u00f6rperliche und seelische Belastung in unserem Berufsfeld Probleme?<\/h3>\n<p>Nicht nur ein Altenpflegeheim ist auf ein k\u00f6rperlich und seelisch fittes Team angewiesen. Daher darfst Du nicht davor zur\u00fcckschrecken, Deinen tats\u00e4chlichen Gesundheitszustand mitzuteilen. Gleichzeitig k\u00f6nntest Du erw\u00e4hnen, wie Dir der geistige und mentale Ausgleich nach getaner Arbeit gelingt.<\/p>\n<h3>Wie gestalten Sie den Kontakt zu Familienangeh\u00f6rigen?<\/h3>\n<p>Bei dieser Frage bietet es sich an, Einf\u00fchlungsverm\u00f6gen zu demonstrieren. Erz\u00e4hle also etwa davon, wie Du eine Neuerkrankung oder das baldige Ableben des geliebten Familienmitglieds mitteilen w\u00fcrdest.<\/p>\n<h3>K\u00f6nnen Sie ein Praxisbeispiel f\u00fcr den Umgang mit einem erkrankten Senioren geben?<\/h3>\n<p>Leider ist immer m\u00f6glich, dass sich ein Bewohner mit einer Krankheit ansteckt oder diese w\u00e4hrend des Heimaufenthalts ausbricht. Reflektiere, wie Du in dieser Situation reagierst \u2013 fachlich und menschlich.<\/p>\n\n\n<div class=\"wp-block-group alignwide\" id=\"pdf-download\"><div class=\"wp-block-group__inner-container is-layout-flow\">\n<div class=\"wp-block-columns pdf-download is-layout-flex wp-container-8\">\n<div class=\"wp-block-column pdf-thumbnail is-layout-flow\" style=\"flex-basis:35%\">\n<figure class=\"wp-block-image size-large\"><img decoding=\"async\" loading=\"lazy\" width=\"300\" height=\"424\" src=\"https:\/\/www.stellenanzeigen.de\/careeasy\/wp-content\/uploads\/2020\/04\/Altenpfleger-pdf-image.jpg\" alt=\"Bewerbungsvorlage Altenpfleger\" class=\"wp-image-85376\"\/><\/figure>\n\n\n\n<p><\/p>\n<\/div>\n\n\n\n<div class=\"wp-block-column subscribe-box is-layout-flow\" style=\"flex-basis:65%\">\n\t\t\t\n\t\t\t<form id=\"sib_signup_form_4\" method=\"post\" class=\"sib_signup_form\">\n\t\t\t\t<div class=\"sib_loader\" style=\"display:none;\"><img\n\t\t\t\t\t\t\tsrc=\"https:\/\/www.stellenanzeigen.de\/careeasy\/wp-includes\/images\/spinner.gif\" alt=\"loader\"><\/div>\n\t\t\t\t<input type=\"hidden\" name=\"sib_form_action\" value=\"subscribe_form_submit\">\n\t\t\t\t<input type=\"hidden\" name=\"sib_form_id\" value=\"4\">\n                <input type=\"hidden\" name=\"sib_form_alert_notice\" value=\"Bitte f\u00fclle das Feld aus\">\n                <input type=\"hidden\" name=\"sib_form_invalid_email_notice\" value=\"Deine E-Mail Adresse ist ung\u00fcltig\">\n                <input type=\"hidden\" name=\"sib_security\" value=\"9139320b2f\">\n\t\t\t\t<div class=\"sib_signup_box_inside_4\">\n\t\t\t\t\t<div style=\"\/*display:none*\/\" class=\"sib_msg_disp\">\n\t\t\t\t\t<\/div>\n                    \t\t\t\t\t<p style=\"font-size:21px;text-align:left;font-family: 'Helvetica',sans-serif;color:#2b85b9;background-color:transparent\"><strong>Jetzt Bewerbungsvorlage als Altenpfleger\/in anfordern und f\u00fcr den Newsletter anmelden<\/strong><\/p>\r\n<p class=\"sib-email-area\">\r\n    <label>E-Mail-Adresse <span style=\"color: red\">*<\/span><\/label>\r\n    <input type=\"email\" class=\"sib-email-area\" name=\"email\" required=\"required\" placeholder=\"E-Mail-Adresse\">\r\n<\/p>\r\n<p class=\"sib-terms\"><input type=\"checkbox\" name=\"terms\" required=\"required\"><label>Ich bin damit einverstanden, dass meine E-Mailadresse f\u00fcr Werbezwecke per Newsletter genutzt wird und akzeptiere die <a href=\"https:\/\/www.stellenanzeigen.de\/arbeitgeber\/datenschutzerklaerung\/\">Datenschutzerkl\u00e4rung <span style=\"color: red\">*<\/span><\/a><\/label><\/p>\r\n<p style=\"font-size:12px;text-align:left;font-family: 'Helvetica',sans-serif;color:#8390A4\">Du kannst den Newsletter jederzeit \u00fcber den Abmeldelink in der Fu\u00dfzeile unserer E-Mails abbestellen.<\/p>\r\n<input type=\"submit\" class=\"sib-default-btn\" value=\"Bewerbungsvorlage anfordern\">\t\t\t\t<\/div>\n\t\t\t<\/form>\n\t\t\t<style>\n\t\t\t\tform#sib_signup_form_4 p.sib-alert-message {\n    padding: 6px 12px;\n    margin-bottom: 20px;\n    border: 1px solid transparent;\n    border-radius: 4px;\n    -webkit-box-sizing: border-box;\n    -moz-box-sizing: border-box;\n    box-sizing: border-box;\n}\nform#sib_signup_form_4 p.sib-alert-message-error {\n    background-color: #f2dede;\n    border-color: #ebccd1;\n    color: #a94442;\n}\nform#sib_signup_form_4 p.sib-alert-message-success {\n    background-color: #dff0d8;\n    border-color: #d6e9c6;\n    color: #3c763d;\n}\nform#sib_signup_form_4 p.sib-alert-message-warning {\n    background-color: #fcf8e3;\n    border-color: #faebcc;\n    color: #8a6d3b;\n}\n\t\t\t<\/style>\n\t\t\t\n<\/div>\n<\/div>\n<\/div><\/div>\n","protected":false},"excerpt":{"rendered":"<p>Du m\u00f6chtest Dich um eine offene Stelle als Altenpfleger\/in bewerben? Hierf\u00fcr fehlt Dir jedoch noch ein aussagekr\u00e4ftiges Anschreiben? Gerne laden wir Dich dazu ein,&#8230;<\/p>\n","protected":false},"author":103,"featured_media":0,"parent":14008,"menu_order":0,"comment_status":"closed","ping_status":"closed","template":"","meta":{"_uag_custom_page_level_css":""},"categories":[],"tags":[],"yoast_head":"<!-- This site is optimized with the Yoast SEO plugin v20.7 - https:\/\/yoast.com\/wordpress\/plugins\/seo\/ -->\n<title>Bewerbungsvorlage Altenpfleger\/in | careeasy - Dein Karrieremagazin<\/title>\n<meta name=\"description\" content=\"Bewerbungsvorlage Altenpfleger\/in - Copyright: Halfpoint Du m\u00f6chtest Dich um eine offene Stelle als Altenpfleger\/in bewerben? Hierf\u00fcr fehlt Dir jedoch\" \/>\n<meta name=\"robots\" content=\"index, follow, max-snippet:-1, max-image-preview:large, max-video-preview:-1\" \/>\n<link rel=\"canonical\" href=\"https:\/\/www.stellenanzeigen.de\/careeasy\/bewerbung\/altenpfleger-in\/\" \/>\n<meta property=\"og:locale\" content=\"de_DE\" \/>\n<meta property=\"og:type\" content=\"article\" \/>\n<meta property=\"og:title\" content=\"Bewerbungsvorlage Altenpfleger\/in | careeasy - Dein Karrieremagazin\" \/>\n<meta property=\"og:description\" content=\"Bewerbungsvorlage Altenpfleger\/in - Copyright: Halfpoint Du m\u00f6chtest Dich um eine offene Stelle als Altenpfleger\/in bewerben? Hierf\u00fcr fehlt Dir jedoch\" \/>\n<meta property=\"og:url\" content=\"https:\/\/www.stellenanzeigen.de\/careeasy\/bewerbung\/altenpfleger-in\/\" \/>\n<meta property=\"og:site_name\" content=\"careeasy - Dein Karrieremagazin\" \/>\n<meta property=\"article:publisher\" content=\"https:\/\/www.facebook.com\/stellenanzeigen.de\/\" \/>\n<meta property=\"article:modified_time\" content=\"2023-10-06T08:57:59+00:00\" \/>\n<meta property=\"og:image\" content=\"https:\/\/www.stellenanzeigen.de\/careeasy\/wp-content\/uploads\/2020\/04\/bewerbung-altenpflegerin.jpg\" \/>\n<meta name=\"twitter:label1\" content=\"Gesch\u00e4tzte Lesezeit\" \/>\n\t<meta name=\"twitter:data1\" content=\"4 Minuten\" \/>\n<script type=\"application\/ld+json\" class=\"yoast-schema-graph\">{\"@context\":\"https:\/\/schema.org\",\"@graph\":[{\"@type\":\"WebPage\",\"@id\":\"https:\/\/www.stellenanzeigen.de\/careeasy\/bewerbung\/altenpfleger-in\/\",\"url\":\"https:\/\/www.stellenanzeigen.de\/careeasy\/bewerbung\/altenpfleger-in\/\",\"name\":\"Bewerbungsvorlage Altenpfleger\/in | careeasy - Dein Karrieremagazin\",\"isPartOf\":{\"@id\":\"https:\/\/10.12.43.199\/careeasy\/#website\"},\"datePublished\":\"2020-04-29T04:47:00+00:00\",\"dateModified\":\"2023-10-06T08:57:59+00:00\",\"description\":\"Bewerbungsvorlage Altenpfleger\/in - Copyright: Halfpoint Du m\u00f6chtest Dich um eine offene Stelle als Altenpfleger\/in bewerben? Hierf\u00fcr fehlt Dir jedoch\",\"breadcrumb\":{\"@id\":\"https:\/\/www.stellenanzeigen.de\/careeasy\/bewerbung\/altenpfleger-in\/#breadcrumb\"},\"inLanguage\":\"de-DE\",\"potentialAction\":[{\"@type\":\"ReadAction\",\"target\":[\"https:\/\/www.stellenanzeigen.de\/careeasy\/bewerbung\/altenpfleger-in\/\"]}]},{\"@type\":\"BreadcrumbList\",\"@id\":\"https:\/\/www.stellenanzeigen.de\/careeasy\/bewerbung\/altenpfleger-in\/#breadcrumb\",\"itemListElement\":[{\"@type\":\"ListItem\",\"position\":1,\"name\":\"Careeasy\",\"item\":\"https:\/\/10.12.43.199\/careeasy\/\"},{\"@type\":\"ListItem\",\"position\":2,\"name\":\"Bewerbungsvorlagen &#038; Bewerbungsmuster\",\"item\":\"https:\/\/www.stellenanzeigen.de\/careeasy\/bewerbung\/\"},{\"@type\":\"ListItem\",\"position\":3,\"name\":\"Bewerbungsvorlage Altenpfleger\/in\"}]},{\"@type\":\"WebSite\",\"@id\":\"https:\/\/10.12.43.199\/careeasy\/#website\",\"url\":\"https:\/\/10.12.43.199\/careeasy\/\",\"name\":\"careeasy - Dein Karrieremagazin\",\"description\":\"\",\"publisher\":{\"@id\":\"https:\/\/10.12.43.199\/careeasy\/#organization\"},\"potentialAction\":[{\"@type\":\"SearchAction\",\"target\":{\"@type\":\"EntryPoint\",\"urlTemplate\":\"https:\/\/10.12.43.199\/careeasy\/?s={search_term_string}\"},\"query-input\":\"required name=search_term_string\"}],\"inLanguage\":\"de-DE\"},{\"@type\":\"Organization\",\"@id\":\"https:\/\/10.12.43.199\/careeasy\/#organization\",\"name\":\"careeasy - Dein Karrieremagazin\",\"url\":\"https:\/\/10.12.43.199\/careeasy\/\",\"logo\":{\"@type\":\"ImageObject\",\"inLanguage\":\"de-DE\",\"@id\":\"https:\/\/10.12.43.199\/careeasy\/#\/schema\/logo\/image\/\",\"url\":\"https:\/\/www.stellenanzeigen.de\/careeasy\/wp-content\/uploads\/2024\/03\/careeasy_logo.jpg\",\"contentUrl\":\"https:\/\/www.stellenanzeigen.de\/careeasy\/wp-content\/uploads\/2024\/03\/careeasy_logo.jpg\",\"width\":701,\"height\":223,\"caption\":\"careeasy - Dein Karrieremagazin\"},\"image\":{\"@id\":\"https:\/\/10.12.43.199\/careeasy\/#\/schema\/logo\/image\/\"},\"sameAs\":[\"https:\/\/www.facebook.com\/stellenanzeigen.de\/\"]}]}<\/script>\n<!-- \/ Yoast SEO plugin. -->","yoast_head_json":{"title":"Bewerbungsvorlage Altenpfleger\/in | careeasy - Dein Karrieremagazin","description":"Bewerbungsvorlage Altenpfleger\/in - Copyright: Halfpoint Du m\u00f6chtest Dich um eine offene Stelle als Altenpfleger\/in bewerben? Hierf\u00fcr fehlt Dir jedoch","robots":{"index":"index","follow":"follow","max-snippet":"max-snippet:-1","max-image-preview":"max-image-preview:large","max-video-preview":"max-video-preview:-1"},"canonical":"https:\/\/www.stellenanzeigen.de\/careeasy\/bewerbung\/altenpfleger-in\/","og_locale":"de_DE","og_type":"article","og_title":"Bewerbungsvorlage Altenpfleger\/in | careeasy - Dein Karrieremagazin","og_description":"Bewerbungsvorlage Altenpfleger\/in - Copyright: Halfpoint Du m\u00f6chtest Dich um eine offene Stelle als Altenpfleger\/in bewerben? Hierf\u00fcr fehlt Dir jedoch","og_url":"https:\/\/www.stellenanzeigen.de\/careeasy\/bewerbung\/altenpfleger-in\/","og_site_name":"careeasy - Dein Karrieremagazin","article_publisher":"https:\/\/www.facebook.com\/stellenanzeigen.de\/","article_modified_time":"2023-10-06T08:57:59+00:00","og_image":[{"url":"https:\/\/www.stellenanzeigen.de\/careeasy\/wp-content\/uploads\/2020\/04\/bewerbung-altenpflegerin.jpg"}],"twitter_misc":{"Gesch\u00e4tzte Lesezeit":"4 Minuten"},"schema":{"@context":"https:\/\/schema.org","@graph":[{"@type":"WebPage","@id":"https:\/\/www.stellenanzeigen.de\/careeasy\/bewerbung\/altenpfleger-in\/","url":"https:\/\/www.stellenanzeigen.de\/careeasy\/bewerbung\/altenpfleger-in\/","name":"Bewerbungsvorlage Altenpfleger\/in | careeasy - Dein Karrieremagazin","isPartOf":{"@id":"https:\/\/10.12.43.199\/careeasy\/#website"},"datePublished":"2020-04-29T04:47:00+00:00","dateModified":"2023-10-06T08:57:59+00:00","description":"Bewerbungsvorlage Altenpfleger\/in - Copyright: Halfpoint Du m\u00f6chtest Dich um eine offene Stelle als Altenpfleger\/in bewerben? Hierf\u00fcr fehlt Dir jedoch","breadcrumb":{"@id":"https:\/\/www.stellenanzeigen.de\/careeasy\/bewerbung\/altenpfleger-in\/#breadcrumb"},"inLanguage":"de-DE","potentialAction":[{"@type":"ReadAction","target":["https:\/\/www.stellenanzeigen.de\/careeasy\/bewerbung\/altenpfleger-in\/"]}]},{"@type":"BreadcrumbList","@id":"https:\/\/www.stellenanzeigen.de\/careeasy\/bewerbung\/altenpfleger-in\/#breadcrumb","itemListElement":[{"@type":"ListItem","position":1,"name":"Careeasy","item":"https:\/\/10.12.43.199\/careeasy\/"},{"@type":"ListItem","position":2,"name":"Bewerbungsvorlagen &#038; Bewerbungsmuster","item":"https:\/\/www.stellenanzeigen.de\/careeasy\/bewerbung\/"},{"@type":"ListItem","position":3,"name":"Bewerbungsvorlage Altenpfleger\/in"}]},{"@type":"WebSite","@id":"https:\/\/10.12.43.199\/careeasy\/#website","url":"https:\/\/10.12.43.199\/careeasy\/","name":"careeasy - Dein Karrieremagazin","description":"","publisher":{"@id":"https:\/\/10.12.43.199\/careeasy\/#organization"},"potentialAction":[{"@type":"SearchAction","target":{"@type":"EntryPoint","urlTemplate":"https:\/\/10.12.43.199\/careeasy\/?s={search_term_string}"},"query-input":"required name=search_term_string"}],"inLanguage":"de-DE"},{"@type":"Organization","@id":"https:\/\/10.12.43.199\/careeasy\/#organization","name":"careeasy - Dein Karrieremagazin","url":"https:\/\/10.12.43.199\/careeasy\/","logo":{"@type":"ImageObject","inLanguage":"de-DE","@id":"https:\/\/10.12.43.199\/careeasy\/#\/schema\/logo\/image\/","url":"https:\/\/www.stellenanzeigen.de\/careeasy\/wp-content\/uploads\/2024\/03\/careeasy_logo.jpg","contentUrl":"https:\/\/www.stellenanzeigen.de\/careeasy\/wp-content\/uploads\/2024\/03\/careeasy_logo.jpg","width":701,"height":223,"caption":"careeasy - Dein Karrieremagazin"},"image":{"@id":"https:\/\/10.12.43.199\/careeasy\/#\/schema\/logo\/image\/"},"sameAs":["https:\/\/www.facebook.com\/stellenanzeigen.de\/"]}]}},"uagb_featured_image_src":{"full":false,"thumbnail":false,"medium":false,"medium_large":false,"large":false,"1536x1536":false,"2048x2048":false,"neomag-medium":false,"neomag-big":false,"neomag-large":false,"neomag-huge":false},"uagb_author_info":{"display_name":"stellenanzeigen.de","author_link":"https:\/\/www.stellenanzeigen.de\/careeasy\/author\/stellenanzeigen-de\/"},"uagb_comment_info":0,"uagb_excerpt":"Du m\u00f6chtest Dich um eine offene Stelle als Altenpfleger\/in bewerben? Hierf\u00fcr fehlt Dir jedoch noch ein aussagekr\u00e4ftiges Anschreiben? Gerne laden wir Dich dazu ein,...","_links":{"self":[{"href":"https:\/\/www.stellenanzeigen.de\/careeasy\/wp-json\/wp\/v2\/pages\/19528"}],"collection":[{"href":"https:\/\/www.stellenanzeigen.de\/careeasy\/wp-json\/wp\/v2\/pages"}],"about":[{"href":"https:\/\/www.stellenanzeigen.de\/careeasy\/wp-json\/wp\/v2\/types\/page"}],"author":[{"embeddable":true,"href":"https:\/\/www.stellenanzeigen.de\/careeasy\/wp-json\/wp\/v2\/users\/103"}],"replies":[{"embeddable":true,"href":"https:\/\/www.stellenanzeigen.de\/careeasy\/wp-json\/wp\/v2\/comments?post=19528"}],"version-history":[{"count":15,"href":"https:\/\/www.stellenanzeigen.de\/careeasy\/wp-json\/wp\/v2\/pages\/19528\/revisions"}],"predecessor-version":[{"id":112921,"href":"https:\/\/www.stellenanzeigen.de\/careeasy\/wp-json\/wp\/v2\/pages\/19528\/revisions\/112921"}],"up":[{"embeddable":true,"href":"https:\/\/www.stellenanzeigen.de\/careeasy\/wp-json\/wp\/v2\/pages\/14008"}],"wp:attachment":[{"href":"https:\/\/www.stellenanzeigen.de\/careeasy\/wp-json\/wp\/v2\/media?parent=19528"}],"wp:term":[{"taxonomy":"category","embeddable":true,"href":"https:\/\/www.stellenanzeigen.de\/careeasy\/wp-json\/wp\/v2\/categories?post=19528"},{"taxonomy":"post_tag","embeddable":true,"href":"https:\/\/www.stellenanzeigen.de\/careeasy\/wp-json\/wp\/v2\/tags?post=19528"}],"curies":[{"name":"wp","href":"https:\/\/api.w.org\/{rel}","templated":true}]}}