{"id":19426,"date":"2020-04-27T09:45:48","date_gmt":"2020-04-27T09:45:48","guid":{"rendered":"https:\/\/www.stellenanzeigen.de\/careeasy\/?page_id=19426"},"modified":"2023-04-24T09:28:10","modified_gmt":"2023-04-24T07:28:10","slug":"aushilfe","status":"publish","type":"page","link":"https:\/\/www.stellenanzeigen.de\/careeasy\/bewerbung\/aushilfe\/","title":{"rendered":"Bewerbungsvorlage Aushilfe"},"content":{"rendered":"\r\n<figure class=\"wp-block-image alignwide size-full wp-image-19427\"><img decoding=\"async\" loading=\"lazy\" width=\"724\" height=\"483\" class=\"wp-image-19427\" src=\"https:\/\/www.stellenanzeigen.de\/careeasy\/wp-content\/uploads\/2020\/04\/bewerbungsvorlage-aushilfe.jpg\" alt=\"Aushilfe Bewerbungsvorlage\" srcset=\"https:\/\/www.stellenanzeigen.de\/careeasy\/wp-content\/uploads\/2020\/04\/bewerbungsvorlage-aushilfe.jpg 724w, https:\/\/www.stellenanzeigen.de\/careeasy\/wp-content\/uploads\/2020\/04\/bewerbungsvorlage-aushilfe-272x182.jpg 272w\" sizes=\"(max-width: 724px) 100vw, 724px\" \/>\r\n<figcaption>Bewerbungsvorlage Aushilfe &#8211; Copyright: nortonrsx<\/figcaption>\r\n<\/figure>\r\n\r\n\r\n\r\n<div class=\"wp-block-columns alignwide pdf-teaser is-layout-flex wp-container-5\">\r\n<div class=\"wp-block-column pdf-thumbnail is-layout-flow\" style=\"flex-basis: 35%;\">\r\n<div class=\"wp-block-image\">\r\n<figure class=\"aligncenter size-large\"><img decoding=\"async\" loading=\"lazy\" width=\"300\" height=\"424\" class=\"wp-image-85391\" src=\"https:\/\/www.stellenanzeigen.de\/careeasy\/wp-content\/uploads\/2020\/04\/Aushilfe-pdf-image.jpg\" alt=\"Bewerbungsvorlage Aushilfe\" \/><\/figure>\r\n<\/div>\r\n\r\n\r\n\r\n<p>&nbsp;<\/p><div id=\"ez-toc-container\" class=\"ez-toc-v2_0_62 counter-hierarchy ez-toc-counter ez-toc-grey ez-toc-container-direction\">\n<div class=\"ez-toc-title-container\">\n<p class=\"ez-toc-title \" >Inhaltsverzeichnis<\/p>\n<span class=\"ez-toc-title-toggle\"><\/span><\/div>\n<nav><ul class='ez-toc-list ez-toc-list-level-1 ' ><li class='ez-toc-page-1 ez-toc-heading-level-2'><a class=\"ez-toc-link ez-toc-heading-1\" href=\"https:\/\/www.stellenanzeigen.de\/careeasy\/bewerbung\/aushilfe\/#Bestandteile_der_Musterbewerbung_Aushilfe\" title=\"Bestandteile der Musterbewerbung Aushilfe\">Bestandteile der Musterbewerbung Aushilfe<\/a><\/li><li class='ez-toc-page-1 ez-toc-heading-level-2'><a class=\"ez-toc-link ez-toc-heading-2\" href=\"https:\/\/www.stellenanzeigen.de\/careeasy\/bewerbung\/aushilfe\/#Aktuelle_Jobangebote\" title=\"Aktuelle Jobangebote\">Aktuelle Jobangebote<\/a><\/li><\/ul><\/nav><\/div>\n\r\n<\/div>\r\n\r\n\r\n\r\n<div class=\"wp-block-column teaser-box is-layout-flow\" style=\"flex-basis: 65%;\">\r\n<p>Auch eine Bewerbung f\u00fcr einen <a href=\"https:\/\/www.stellenanzeigen.de\/jobs\/aushilfe\/\">Aushilfsjob<\/a> sollte nicht auf die leichte Schulter genommen werden. Der potenzielle Arbeitgeber muss umso mehr davon \u00fcberzeugt werden, gerade dich einzustellen und nicht jeden beliebigen Bewerber. Da es bei einer Aushilfe nicht zum Gro\u00dfteil auf Ausbildung und Noten ankommt, musst du mit anderen Qualit\u00e4ten \u00fcberzeugen. Orientiere dich dabei am besten an einer guten Bewerbung als Muster. Bei Stellenanzeigen.de kannst du dir das Bewerbungsmuster kostenlos herunterladen. Dieses musst du dann nur noch anpassen, sodass dein Werdegang und deine pers\u00f6nlichen St\u00e4rken und Referenzen darin betont werden. Und nat\u00fcrlich passt du die Bewerbung f\u00fcr die entsprechende Stelle an, auf die du sich bewerben willst.<\/p>\r\n\r\n\r\n\r\n<div class=\"wp-block-buttons is-layout-flex\">\r\n<div class=\"wp-block-button\"><a class=\"wp-block-button__link has-background no-border-radius\" style=\"background-color: #2b85b9;\" href=\"https:\/\/www.stellenanzeigen.de\/careeasy\/bewerbung\/aushilfe\/#pdf-download\">Vorlage Anfordern<\/a><\/div>\r\n<\/div>\r\n<\/div>\r\n<\/div>\r\n\r\n<div class=\"mceTemp\">\u00a0<\/div>\r\n<h2><span class=\"ez-toc-section\" id=\"Bestandteile_der_Musterbewerbung_Aushilfe\"><\/span>Bestandteile der Musterbewerbung Aushilfe<span class=\"ez-toc-section-end\"><\/span><\/h2>\r\n<p>Eine korrekte <a href=\"https:\/\/www.stellenanzeigen.de\/careeasy\/bewerbung\/\">Bewerbung<\/a> enth\u00e4lt mehr als nur ein gutes <a href=\"https:\/\/www.stellenanzeigen.de\/careeasy\/welche-fehler-man-bei-einem-bewerbungsanschreiben-vermeiden-sollte-sde17893\/\">Anschreiben<\/a>. Der Arbeitgeber muss ein Gesamtbild von dir erhalten, so dass er dich mit \u00dcberzeugung einstellen will. Daf\u00fcr schickst du neben dem Anschreiben noch einen <a href=\"https:\/\/www.stellenanzeigen.de\/careeasy\/lebenslauf-vorlagen-sde106864\/\">Lebenslauf<\/a> und Zeugnisse und falls vorhanden Empfehlungsschreiben mit. Du kannst bei einer schriftlichen Bewerbungvorlagen-beispiele-lebenslauf-2019-sde13632\/ au\u00dferdem noch ein Deckblatt erstellen, welches deine Kontaktdaten enth\u00e4lt. Da diese jedoch zum Lebenslauf geh\u00f6ren, ist ein Deckblatt kein Muss, sondern nur eine gestalterische M\u00f6glichkeit. Die drei wichtigsten Bestandteile m\u00fcssen aber dabei sein, egal ob bei einer Bewerbung in Papierformat oder PDF-Dateien per Mail.<\/p>\r\n<h3>Anschreiben:<\/h3>\r\n<p>Darin beschreibst du, warum du die Stelle haben m\u00f6chtest und warum du daf\u00fcr geeignet bist. Zus\u00e4tzlich kannst du schreiben, warum du gerade diese Aushilfsstelle haben m\u00f6chtest, z.B. was dich von dem Unternehmen begeistert. Falls du deine Stelle wechselst, solltest du erkl\u00e4ren, warum. Deine gr\u00f6\u00dften Erfolge und individuellen St\u00e4rken kannst du auch in dem Schreiben unterbringen.<\/p>\r\n<hr \/>\r\n<h2><span class=\"ez-toc-section\" id=\"Aktuelle_Jobangebote\"><\/span><a href=\"https:\/\/www.stellenanzeigen.de\/jobs\/\" target=\"_blank\" rel=\"noopener noreferrer\">Aktuelle Jobangebote<\/a><span class=\"ez-toc-section-end\"><\/span><\/h2>\r\n<hr \/>\r\n<div id=\"suchwidgetErgebnisliste\">\u00a0<\/div>\r\n<div id=\"StellenanzeigenSuchwidget\" tabindex=\"-1\">\u00a0<\/div>\r\n<p><script>\r\n  var config = {\r\n    apiKey : 'FBEB08FBC7BB75349E26C51C530F79BF',\r\n    resultsPerPage : 3,\r\n    searchRadius : 60,\r\n    fulltext : 'Aushilfe',\r\n    city : null,\r\n    category : null,\r\n    subCategories : null\r\n  };\r\n<\/script><br \/><script type=\"text\/javascript\" src=\"https:\/\/app.stellenanzeigen.de\/widget\/init.js\"><\/script><\/p>\r\n<hr \/>\r\n<h3>Lebenslauf:<\/h3>\r\n<p>Dieses Dokument ist eine chronologische Aufstellung deines Lebens. Du beginnst mit deinen Daten, z\u00e4hlst dann deine Ausbildungsst\u00e4tten und Abschl\u00fcsse auf und nennst zuletzt alle Arbeitsstellen, die du bisher hattest. Dazu geh\u00f6rt jeweils immer das Datum, damit der zeitliche Ablauf klar ist. Ein Foto kann auch mit auf den Lebenslauf, vorgeschrieben ist das allerdings nicht.<\/p>\r\n<h3>Zeugnisse und Referenzen:<\/h3>\r\n<p>Du schickst Kopien von Zeugnissen, Bewertungen oder <a class=\"wpil_keyword_link\" href=\"https:\/\/www.stellenanzeigen.de\/careeasy\/empfehlungsschreiben-die-nuetzliche-referenz-fuer-den-neuen-arbeitgeber-sde13807\/\" target=\"_blank\" rel=\"noopener\" title=\"Empfehlungsschreiben\" data-wpil-keyword-link=\"linked\">Empfehlungsschreiben<\/a> mit. Das dient dazu, dass dein zuk\u00fcnftiger Vorgesetzter sich \u00fcberzeugen kann, dass du gute Arbeit machst und bereits andere Arbeitgeber erfolgreich mit dir zusammengearbeitet haben. Vor allem Nachweise der letzten Stellen sind dabei interessant. Au\u00dferdem nat\u00fcrlich solche, die dich in besonders gutem Licht darstellen.<\/p>\r\n<h3>Vorbereitung auf das Vorstellungsgespr\u00e4ch<\/h3>\r\n<p>Nach erfolgreicher schriftlicher Bewerbung wirst du mit Gl\u00fcck zum Vorstellungsgespr\u00e4ch eingeladen. Darauf solltest du dich auch f\u00fcr einen Aushilfsjob gut vorbereiten. Arbeitgeber erwarten auch von Aushilfen, dass sie die Firma kennen, sich informiert haben und erkl\u00e4ren k\u00f6nnen, warum man gerade sie einstellen sollte. Du solltest dich ordentlich, aber nicht allzu f\u00f6rmlich kleiden. Saubere und schlichte Kleidung ist am besten geeignet, ein Anzug oder Kost\u00fcm w\u00e4re f\u00fcr eine Aushilfsstelle \u00fcbertrieben. Richte dich darauf ein, dass du vielleicht direkt zum Probearbeiten gebeten wirst. Aber am besten orientierst du dich am Dress-Code des Unternehmens.<\/p>\r\n<h3>Fragen und Antwortm\u00f6glichkeiten im Vorstellungsgespr\u00e4ch<\/h3>\r\n<p>Auf m\u00f6gliche Fragen kannst du dich vorbereiten, denn einige kommen beinahe in jedem Vorstellungsgespr\u00e4ch vor. Wenn du dir vorab eine Antwort \u00fcberlegst, musst du nicht unsicher herumstottern.<\/p>\r\n<h3>Was reizt Sie an der Stelle, auf die sie sich beworben haben?<\/h3>\r\n<p>Ich finde, dass die Beschreibung genau auf mich passt, denn ich habe alle n\u00f6tigen Eigenschaften: Ich bin flexibel, kreativ und immer l\u00f6sungsorientiert. Ich w\u00fcrde das gerne in meinen Job einbringen.<\/p>\r\n<h3>Warum m\u00f6chten Sie gerade bei uns arbeiten?<\/h3>\r\n<p>Ich habe eine Bekannte, die bereits bei Ihnen gearbeitet hat und mir viel Gutes \u00fcber das Firmenklima und die Aufgabenbereiche erz\u00e4hlte. Daraufhin habe ich sofort \u00fcberpr\u00fcft, ob Sie gerade Stellen vergeben.&#8220;<\/p>\r\n<h3>Haben Sie bereits Erfahrung in dem Arbeitsfeld gesammelt?<\/h3>\r\n<p>Ich habe bereits mehrmals als Aushilfe gearbeitet, allerdings immer in einer anderen Branche. Daher m\u00f6chte ich mich jetzt gerne weiter entwickeln und freue mich \u00fcber eine Herausforderung.<\/p>\r\n<h3>Was sehen Sie als Ihre gr\u00f6\u00dfte Schw\u00e4che und St\u00e4rke?<\/h3>\r\n<p>Als Schw\u00e4che w\u00fcrde ich meinen Perfektionismus nennen, weil mich der manchmal sehr anstrengt. Meine gr\u00f6\u00dfte St\u00e4rke ist meine anpackende Art, also mein Tatendrang.<\/p>\r\n\r\n<div id=\"pdf-download\" class=\"wp-block-group alignwide\">\r\n<div class=\"wp-block-group__inner-container is-layout-flow\">\r\n<div class=\"wp-block-columns pdf-download is-layout-flex wp-container-8\">\r\n<div class=\"wp-block-column pdf-thumbnail is-layout-flow\" style=\"flex-basis: 35%;\">\r\n<figure class=\"wp-block-image size-large\"><img decoding=\"async\" loading=\"lazy\" width=\"300\" height=\"424\" class=\"wp-image-85391\" src=\"https:\/\/www.stellenanzeigen.de\/careeasy\/wp-content\/uploads\/2020\/04\/Aushilfe-pdf-image.jpg\" alt=\"Bewerbungsvorlage Aushilfe\" \/><\/figure>\r\n\r\n\r\n\r\n<p>&nbsp;<\/p>\r\n<\/div>\r\n\r\n\r\n\r\n<div class=\"wp-block-column subscribe-box is-layout-flow\" style=\"flex-basis: 65%;\">\r\n\t\t\t\n\t\t\t<form id=\"sib_signup_form_8\" method=\"post\" class=\"sib_signup_form\">\n\t\t\t\t<div class=\"sib_loader\" style=\"display:none;\"><img\n\t\t\t\t\t\t\tsrc=\"https:\/\/www.stellenanzeigen.de\/careeasy\/wp-includes\/images\/spinner.gif\" alt=\"loader\"><\/div>\n\t\t\t\t<input type=\"hidden\" name=\"sib_form_action\" value=\"subscribe_form_submit\">\n\t\t\t\t<input type=\"hidden\" name=\"sib_form_id\" value=\"8\">\n                <input type=\"hidden\" name=\"sib_form_alert_notice\" value=\"Bitte f\u00fclle das Feld aus\">\n                <input type=\"hidden\" name=\"sib_form_invalid_email_notice\" value=\"Deine E-Mail Adresse ist ung\u00fcltig\">\n                <input type=\"hidden\" name=\"sib_security\" value=\"9fae02d5ee\">\n\t\t\t\t<div class=\"sib_signup_box_inside_8\">\n\t\t\t\t\t<div style=\"\/*display:none*\/\" class=\"sib_msg_disp\">\n\t\t\t\t\t<\/div>\n                    \t\t\t\t\t<p style=\"font-size:21px;text-align:left;font-family: 'Helvetica',sans-serif;color:#2b85b9;background-color:transparent\"><strong>Jetzt Bewerbungsvorlage als Aushilfe anfordern und f\u00fcr den Newsletter anmelden<\/strong><\/p>\r\n<p class=\"sib-email-area\">\r\n    <label>E-Mail-Adresse <span style=\"color: red\">*<\/span><\/label>\r\n    <input type=\"email\" class=\"sib-email-area\" name=\"email\" required=\"required\" placeholder=\"E-Mail-Adresse\">\r\n<\/p>\r\n<p class=\"sib-terms\"><input type=\"checkbox\" name=\"terms\" required=\"required\"><label>Ich bin damit einverstanden, dass meine E-Mailadresse f\u00fcr Werbezwecke per Newsletter genutzt wird und akzeptiere die <a href=\"https:\/\/www.stellenanzeigen.de\/arbeitgeber\/datenschutzerklaerung\/\">Datenschutzerkl\u00e4rung <span style=\"color: red\">*<\/span><\/a><\/label><\/p>\r\n<p style=\"font-size:12px;text-align:left;font-family: 'Helvetica',sans-serif;color:#8390A4\">Du kannst den Newsletter jederzeit \u00fcber den Abmeldelink in der Fu\u00dfzeile unserer E-Mails abbestellen.<\/p>\r\n<input type=\"submit\" class=\"sib-default-btn\" value=\"Bewerbungsvorlage anfordern\">\t\t\t\t<\/div>\n\t\t\t<\/form>\n\t\t\t<style>\n\t\t\t\tform#sib_signup_form_8 p.sib-alert-message {\n    padding: 6px 12px;\n    margin-bottom: 20px;\n    border: 1px solid transparent;\n    border-radius: 4px;\n    -webkit-box-sizing: border-box;\n    -moz-box-sizing: border-box;\n    box-sizing: border-box;\n}\nform#sib_signup_form_8 p.sib-alert-message-error {\n    background-color: #f2dede;\n    border-color: #ebccd1;\n    color: #a94442;\n}\nform#sib_signup_form_8 p.sib-alert-message-success {\n    background-color: #dff0d8;\n    border-color: #d6e9c6;\n    color: #3c763d;\n}\nform#sib_signup_form_8 p.sib-alert-message-warning {\n    background-color: #fcf8e3;\n    border-color: #faebcc;\n    color: #8a6d3b;\n}\n\t\t\t<\/style>\n\t\t\t\r\n<\/div>\r\n<\/div>\r\n<\/div>\r\n<\/div>\r\n","protected":false},"excerpt":{"rendered":"<p>&nbsp; Auch eine Bewerbung f\u00fcr einen Aushilfsjob sollte nicht auf die leichte Schulter genommen werden. Der potenzielle Arbeitgeber muss umso mehr davon \u00fcberzeugt werden,&#8230;<\/p>\n","protected":false},"author":103,"featured_media":19427,"parent":14008,"menu_order":0,"comment_status":"closed","ping_status":"closed","template":"","meta":{"_uag_custom_page_level_css":""},"categories":[],"tags":[],"yoast_head":"<!-- This site is optimized with the Yoast SEO plugin v20.7 - https:\/\/yoast.com\/wordpress\/plugins\/seo\/ -->\n<title>Bewerbungsvorlage Aushilfe Bewerbungsmuster kostenlos Download<\/title>\n<meta name=\"description\" content=\"Bist Du auf der Suche nach einer Bewerbungsvorlage oder einer Musterbewerbung als Aushilfe? Bei uns kannst Du kostenlos Deine Muster herunterladen.\" \/>\n<meta name=\"robots\" content=\"index, follow, max-snippet:-1, max-image-preview:large, max-video-preview:-1\" \/>\n<link rel=\"canonical\" href=\"https:\/\/www.stellenanzeigen.de\/careeasy\/bewerbung\/aushilfe\/\" \/>\n<meta property=\"og:locale\" content=\"de_DE\" \/>\n<meta property=\"og:type\" content=\"article\" \/>\n<meta property=\"og:title\" content=\"Bewerbungsvorlage Aushilfe Bewerbungsmuster kostenlos Download\" \/>\n<meta property=\"og:description\" content=\"Bist Du auf der Suche nach einer Bewerbungsvorlage oder einer Musterbewerbung als Aushilfe? Bei uns kannst Du kostenlos Deine Muster herunterladen.\" \/>\n<meta property=\"og:url\" content=\"https:\/\/www.stellenanzeigen.de\/careeasy\/bewerbung\/aushilfe\/\" \/>\n<meta property=\"og:site_name\" content=\"careeasy - Dein Karrieremagazin\" \/>\n<meta property=\"article:publisher\" content=\"https:\/\/www.facebook.com\/stellenanzeigen.de\/\" \/>\n<meta property=\"article:modified_time\" content=\"2023-04-24T07:28:10+00:00\" \/>\n<meta property=\"og:image\" content=\"https:\/\/www.stellenanzeigen.de\/careeasy\/wp-content\/uploads\/2020\/04\/bewerbungsvorlage-aushilfe.jpg\" \/>\n\t<meta property=\"og:image:width\" content=\"724\" \/>\n\t<meta property=\"og:image:height\" content=\"483\" \/>\n\t<meta property=\"og:image:type\" content=\"image\/jpeg\" \/>\n<meta name=\"twitter:label1\" content=\"Gesch\u00e4tzte Lesezeit\" \/>\n\t<meta name=\"twitter:data1\" content=\"4 Minuten\" \/>\n<script type=\"application\/ld+json\" class=\"yoast-schema-graph\">{\"@context\":\"https:\/\/schema.org\",\"@graph\":[{\"@type\":\"WebPage\",\"@id\":\"https:\/\/www.stellenanzeigen.de\/careeasy\/bewerbung\/aushilfe\/\",\"url\":\"https:\/\/www.stellenanzeigen.de\/careeasy\/bewerbung\/aushilfe\/\",\"name\":\"Bewerbungsvorlage Aushilfe Bewerbungsmuster kostenlos Download\",\"isPartOf\":{\"@id\":\"https:\/\/10.12.43.199\/careeasy\/#website\"},\"datePublished\":\"2020-04-27T09:45:48+00:00\",\"dateModified\":\"2023-04-24T07:28:10+00:00\",\"description\":\"Bist Du auf der Suche nach einer Bewerbungsvorlage oder einer Musterbewerbung als Aushilfe? Bei uns kannst Du kostenlos Deine Muster herunterladen.\",\"breadcrumb\":{\"@id\":\"https:\/\/www.stellenanzeigen.de\/careeasy\/bewerbung\/aushilfe\/#breadcrumb\"},\"inLanguage\":\"de-DE\",\"potentialAction\":[{\"@type\":\"ReadAction\",\"target\":[\"https:\/\/www.stellenanzeigen.de\/careeasy\/bewerbung\/aushilfe\/\"]}]},{\"@type\":\"BreadcrumbList\",\"@id\":\"https:\/\/www.stellenanzeigen.de\/careeasy\/bewerbung\/aushilfe\/#breadcrumb\",\"itemListElement\":[{\"@type\":\"ListItem\",\"position\":1,\"name\":\"Careeasy\",\"item\":\"https:\/\/10.12.43.199\/careeasy\/\"},{\"@type\":\"ListItem\",\"position\":2,\"name\":\"Bewerbungsvorlagen &#038; Bewerbungsmuster\",\"item\":\"https:\/\/www.stellenanzeigen.de\/careeasy\/bewerbung\/\"},{\"@type\":\"ListItem\",\"position\":3,\"name\":\"Bewerbungsvorlage Aushilfe\"}]},{\"@type\":\"WebSite\",\"@id\":\"https:\/\/10.12.43.199\/careeasy\/#website\",\"url\":\"https:\/\/10.12.43.199\/careeasy\/\",\"name\":\"careeasy - Dein Karrieremagazin\",\"description\":\"\",\"publisher\":{\"@id\":\"https:\/\/10.12.43.199\/careeasy\/#organization\"},\"potentialAction\":[{\"@type\":\"SearchAction\",\"target\":{\"@type\":\"EntryPoint\",\"urlTemplate\":\"https:\/\/10.12.43.199\/careeasy\/?s={search_term_string}\"},\"query-input\":\"required name=search_term_string\"}],\"inLanguage\":\"de-DE\"},{\"@type\":\"Organization\",\"@id\":\"https:\/\/10.12.43.199\/careeasy\/#organization\",\"name\":\"careeasy - Dein Karrieremagazin\",\"url\":\"https:\/\/10.12.43.199\/careeasy\/\",\"logo\":{\"@type\":\"ImageObject\",\"inLanguage\":\"de-DE\",\"@id\":\"https:\/\/10.12.43.199\/careeasy\/#\/schema\/logo\/image\/\",\"url\":\"https:\/\/www.stellenanzeigen.de\/careeasy\/wp-content\/uploads\/2024\/03\/careeasy_logo.jpg\",\"contentUrl\":\"https:\/\/www.stellenanzeigen.de\/careeasy\/wp-content\/uploads\/2024\/03\/careeasy_logo.jpg\",\"width\":701,\"height\":223,\"caption\":\"careeasy - Dein Karrieremagazin\"},\"image\":{\"@id\":\"https:\/\/10.12.43.199\/careeasy\/#\/schema\/logo\/image\/\"},\"sameAs\":[\"https:\/\/www.facebook.com\/stellenanzeigen.de\/\"]}]}<\/script>\n<!-- \/ Yoast SEO plugin. -->","yoast_head_json":{"title":"Bewerbungsvorlage Aushilfe Bewerbungsmuster kostenlos Download","description":"Bist Du auf der Suche nach einer Bewerbungsvorlage oder einer Musterbewerbung als Aushilfe? Bei uns kannst Du kostenlos Deine Muster herunterladen.","robots":{"index":"index","follow":"follow","max-snippet":"max-snippet:-1","max-image-preview":"max-image-preview:large","max-video-preview":"max-video-preview:-1"},"canonical":"https:\/\/www.stellenanzeigen.de\/careeasy\/bewerbung\/aushilfe\/","og_locale":"de_DE","og_type":"article","og_title":"Bewerbungsvorlage Aushilfe Bewerbungsmuster kostenlos Download","og_description":"Bist Du auf der Suche nach einer Bewerbungsvorlage oder einer Musterbewerbung als Aushilfe? Bei uns kannst Du kostenlos Deine Muster herunterladen.","og_url":"https:\/\/www.stellenanzeigen.de\/careeasy\/bewerbung\/aushilfe\/","og_site_name":"careeasy - Dein Karrieremagazin","article_publisher":"https:\/\/www.facebook.com\/stellenanzeigen.de\/","article_modified_time":"2023-04-24T07:28:10+00:00","og_image":[{"width":724,"height":483,"url":"https:\/\/www.stellenanzeigen.de\/careeasy\/wp-content\/uploads\/2020\/04\/bewerbungsvorlage-aushilfe.jpg","type":"image\/jpeg"}],"twitter_misc":{"Gesch\u00e4tzte Lesezeit":"4 Minuten"},"schema":{"@context":"https:\/\/schema.org","@graph":[{"@type":"WebPage","@id":"https:\/\/www.stellenanzeigen.de\/careeasy\/bewerbung\/aushilfe\/","url":"https:\/\/www.stellenanzeigen.de\/careeasy\/bewerbung\/aushilfe\/","name":"Bewerbungsvorlage Aushilfe Bewerbungsmuster kostenlos Download","isPartOf":{"@id":"https:\/\/10.12.43.199\/careeasy\/#website"},"datePublished":"2020-04-27T09:45:48+00:00","dateModified":"2023-04-24T07:28:10+00:00","description":"Bist Du auf der Suche nach einer Bewerbungsvorlage oder einer Musterbewerbung als Aushilfe? Bei uns kannst Du kostenlos Deine Muster herunterladen.","breadcrumb":{"@id":"https:\/\/www.stellenanzeigen.de\/careeasy\/bewerbung\/aushilfe\/#breadcrumb"},"inLanguage":"de-DE","potentialAction":[{"@type":"ReadAction","target":["https:\/\/www.stellenanzeigen.de\/careeasy\/bewerbung\/aushilfe\/"]}]},{"@type":"BreadcrumbList","@id":"https:\/\/www.stellenanzeigen.de\/careeasy\/bewerbung\/aushilfe\/#breadcrumb","itemListElement":[{"@type":"ListItem","position":1,"name":"Careeasy","item":"https:\/\/10.12.43.199\/careeasy\/"},{"@type":"ListItem","position":2,"name":"Bewerbungsvorlagen &#038; Bewerbungsmuster","item":"https:\/\/www.stellenanzeigen.de\/careeasy\/bewerbung\/"},{"@type":"ListItem","position":3,"name":"Bewerbungsvorlage Aushilfe"}]},{"@type":"WebSite","@id":"https:\/\/10.12.43.199\/careeasy\/#website","url":"https:\/\/10.12.43.199\/careeasy\/","name":"careeasy - Dein Karrieremagazin","description":"","publisher":{"@id":"https:\/\/10.12.43.199\/careeasy\/#organization"},"potentialAction":[{"@type":"SearchAction","target":{"@type":"EntryPoint","urlTemplate":"https:\/\/10.12.43.199\/careeasy\/?s={search_term_string}"},"query-input":"required name=search_term_string"}],"inLanguage":"de-DE"},{"@type":"Organization","@id":"https:\/\/10.12.43.199\/careeasy\/#organization","name":"careeasy - Dein Karrieremagazin","url":"https:\/\/10.12.43.199\/careeasy\/","logo":{"@type":"ImageObject","inLanguage":"de-DE","@id":"https:\/\/10.12.43.199\/careeasy\/#\/schema\/logo\/image\/","url":"https:\/\/www.stellenanzeigen.de\/careeasy\/wp-content\/uploads\/2024\/03\/careeasy_logo.jpg","contentUrl":"https:\/\/www.stellenanzeigen.de\/careeasy\/wp-content\/uploads\/2024\/03\/careeasy_logo.jpg","width":701,"height":223,"caption":"careeasy - Dein Karrieremagazin"},"image":{"@id":"https:\/\/10.12.43.199\/careeasy\/#\/schema\/logo\/image\/"},"sameAs":["https:\/\/www.facebook.com\/stellenanzeigen.de\/"]}]}},"uagb_featured_image_src":{"full":["https:\/\/www.stellenanzeigen.de\/careeasy\/wp-content\/uploads\/2020\/04\/bewerbungsvorlage-aushilfe.jpg",724,483,false],"thumbnail":["https:\/\/www.stellenanzeigen.de\/careeasy\/wp-content\/uploads\/2020\/04\/bewerbungsvorlage-aushilfe-150x150.jpg",150,150,true],"medium":["https:\/\/www.stellenanzeigen.de\/careeasy\/wp-content\/uploads\/2020\/04\/bewerbungsvorlage-aushilfe.jpg",724,483,false],"medium_large":["https:\/\/www.stellenanzeigen.de\/careeasy\/wp-content\/uploads\/2020\/04\/bewerbungsvorlage-aushilfe.jpg",724,483,false],"large":["https:\/\/www.stellenanzeigen.de\/careeasy\/wp-content\/uploads\/2020\/04\/bewerbungsvorlage-aushilfe.jpg",724,483,false],"1536x1536":["https:\/\/www.stellenanzeigen.de\/careeasy\/wp-content\/uploads\/2020\/04\/bewerbungsvorlage-aushilfe.jpg",724,483,false],"2048x2048":["https:\/\/www.stellenanzeigen.de\/careeasy\/wp-content\/uploads\/2020\/04\/bewerbungsvorlage-aushilfe.jpg",724,483,false],"neomag-medium":["https:\/\/www.stellenanzeigen.de\/careeasy\/wp-content\/uploads\/2020\/04\/bewerbungsvorlage-aushilfe-428x260.jpg",428,260,true],"neomag-big":["https:\/\/www.stellenanzeigen.de\/careeasy\/wp-content\/uploads\/2020\/04\/bewerbungsvorlage-aushilfe-489x286.jpg",489,286,true],"neomag-large":["https:\/\/www.stellenanzeigen.de\/careeasy\/wp-content\/uploads\/2020\/04\/bewerbungsvorlage-aushilfe-672x414.jpg",672,414,true],"neomag-huge":["https:\/\/www.stellenanzeigen.de\/careeasy\/wp-content\/uploads\/2020\/04\/bewerbungsvorlage-aushilfe.jpg",724,483,false]},"uagb_author_info":{"display_name":"stellenanzeigen.de","author_link":"https:\/\/www.stellenanzeigen.de\/careeasy\/author\/stellenanzeigen-de\/"},"uagb_comment_info":0,"uagb_excerpt":"&nbsp; Auch eine Bewerbung f\u00fcr einen Aushilfsjob sollte nicht auf die leichte Schulter genommen werden. Der potenzielle Arbeitgeber muss umso mehr davon \u00fcberzeugt werden,...","_links":{"self":[{"href":"https:\/\/www.stellenanzeigen.de\/careeasy\/wp-json\/wp\/v2\/pages\/19426"}],"collection":[{"href":"https:\/\/www.stellenanzeigen.de\/careeasy\/wp-json\/wp\/v2\/pages"}],"about":[{"href":"https:\/\/www.stellenanzeigen.de\/careeasy\/wp-json\/wp\/v2\/types\/page"}],"author":[{"embeddable":true,"href":"https:\/\/www.stellenanzeigen.de\/careeasy\/wp-json\/wp\/v2\/users\/103"}],"replies":[{"embeddable":true,"href":"https:\/\/www.stellenanzeigen.de\/careeasy\/wp-json\/wp\/v2\/comments?post=19426"}],"version-history":[{"count":19,"href":"https:\/\/www.stellenanzeigen.de\/careeasy\/wp-json\/wp\/v2\/pages\/19426\/revisions"}],"predecessor-version":[{"id":107271,"href":"https:\/\/www.stellenanzeigen.de\/careeasy\/wp-json\/wp\/v2\/pages\/19426\/revisions\/107271"}],"up":[{"embeddable":true,"href":"https:\/\/www.stellenanzeigen.de\/careeasy\/wp-json\/wp\/v2\/pages\/14008"}],"wp:featuredmedia":[{"embeddable":true,"href":"https:\/\/www.stellenanzeigen.de\/careeasy\/wp-json\/wp\/v2\/media\/19427"}],"wp:attachment":[{"href":"https:\/\/www.stellenanzeigen.de\/careeasy\/wp-json\/wp\/v2\/media?parent=19426"}],"wp:term":[{"taxonomy":"category","embeddable":true,"href":"https:\/\/www.stellenanzeigen.de\/careeasy\/wp-json\/wp\/v2\/categories?post=19426"},{"taxonomy":"post_tag","embeddable":true,"href":"https:\/\/www.stellenanzeigen.de\/careeasy\/wp-json\/wp\/v2\/tags?post=19426"}],"curies":[{"name":"wp","href":"https:\/\/api.w.org\/{rel}","templated":true}]}}